{"id":991,"date":"2019-01-11T09:50:22","date_gmt":"2019-01-11T09:50:22","guid":{"rendered":"https:\/\/campus.hesge.ch\/blog-master-is\/?page_id=991"},"modified":"2024-09-18T16:48:57","modified_gmt":"2024-09-18T16:48:57","slug":"master-is","status":"publish","type":"page","link":"https:\/\/campus.hesge.ch\/blog-master-is\/master-is\/","title":{"rendered":"Master IS"},"content":{"rendered":"<p><img decoding=\"async\" class=\"alignleft\" src=\"https:\/\/www.hesge.ch\/heg\/sites\/all\/themes\/heg\/images\/logo.png\" alt=\"Image result for logo heg\" width=\"112\" height=\"42\"><\/p>\n<p>Le Master IS est une fili\u00e8re de la <a href=\"https:\/\/www.hesge.ch\/heg\/\">Haute \u00e9cole de gestion de Gen\u00e8ve (HEG-Gen\u00e8ve)<\/a>.<\/p>\n<p>Vous pouvez vous rendre sur le site, pour plus d&#8217;information sur la formation <a href=\"https:\/\/www.hesge.ch\/heg\/master-is\">Master en Sciences de l\u2019information<\/a>.<\/p>\n<p><img fetchpriority=\"high\" decoding=\"async\" class=\"alignleft size-full wp-image-4854\" src=\"https:\/\/campus.hesge.ch\/blog-master-is\/wp-content\/uploads\/2023\/11\/Campus-battelle-DSC6439-1.jpg\" alt=\"\" width=\"2000\" height=\"1148\" srcset=\"https:\/\/campus.hesge.ch\/blog-master-is\/wp-content\/uploads\/2023\/11\/Campus-battelle-DSC6439-1.jpg 2000w, https:\/\/campus.hesge.ch\/blog-master-is\/wp-content\/uploads\/2023\/11\/Campus-battelle-DSC6439-1-300x172.jpg 300w, https:\/\/campus.hesge.ch\/blog-master-is\/wp-content\/uploads\/2023\/11\/Campus-battelle-DSC6439-1-1024x588.jpg 1024w, https:\/\/campus.hesge.ch\/blog-master-is\/wp-content\/uploads\/2023\/11\/Campus-battelle-DSC6439-1-768x441.jpg 768w, https:\/\/campus.hesge.ch\/blog-master-is\/wp-content\/uploads\/2023\/11\/Campus-battelle-DSC6439-1-1536x882.jpg 1536w\" sizes=\"(max-width: 2000px) 100vw, 2000px\" \/><\/p>\n<p>Les candidat-e-s int\u00e9ress\u00e9s \u00e0 suivre le Master IS peuvent prendre contact avec l&#8217;\u00e9cole pour <a href=\"https:\/\/www.hesge.ch\/heg\/formation-base\/masters-science\/sciences-linformation\/contact\">plus d&#8217;informations.<\/a><\/p>\n<p>Vous pouvez \u00e9galement venir \u00e0 une s\u00e9ance d&#8217;information les dates sont disponibles <a href=\"https:\/\/www.hesge.ch\/heg\/formations\/seances-information\">ici<\/a>.<\/p>\n<p>N&#8217;h\u00e9sitez pas \u00e0 prendre contact avec nous en nous envoyant un <a href=\"mailto:masteris.heg@hesge.ch\">email<\/a>&nbsp;ou avec le formulaire de contact suivant :<\/p>\n<div class=\"wpforms-container wpforms-container-full\" id=\"wpforms-1044\"><form id=\"wpforms-form-1044\" class=\"wpforms-validate wpforms-form\" data-formid=\"1044\" method=\"post\" enctype=\"multipart\/form-data\" action=\"\/blog-master-is\/wp-json\/wp\/v2\/pages\/991\" data-token=\"952554a3550d9dd8ee7aa5eea30b6cab\" data-token-time=\"1775834756\"><noscript class=\"wpforms-error-noscript\">Veuillez activer JavaScript dans votre navigateur pour remplir ce formulaire.<\/noscript><div class=\"wpforms-field-container\"><div id=\"wpforms-1044-field_0-container\" class=\"wpforms-field wpforms-field-name\" data-field-id=\"0\"><label class=\"wpforms-field-label\" for=\"wpforms-1044-field_0\">Nom <span class=\"wpforms-required-label\">*<\/span><\/label><div class=\"wpforms-field-row wpforms-field-medium\"><div class=\"wpforms-field-row-block wpforms-first wpforms-one-half\"><input type=\"text\" id=\"wpforms-1044-field_0\" class=\"wpforms-field-name-first wpforms-field-required\" name=\"wpforms[fields][0][first]\" required><label for=\"wpforms-1044-field_0\" class=\"wpforms-field-sublabel after\">Pr\u00e9nom<\/label><\/div><div class=\"wpforms-field-row-block wpforms-one-half\"><input type=\"text\" id=\"wpforms-1044-field_0-last\" class=\"wpforms-field-name-last wpforms-field-required\" name=\"wpforms[fields][0][last]\" required><label for=\"wpforms-1044-field_0-last\" class=\"wpforms-field-sublabel after\">Nom<\/label><\/div><\/div><\/div><div id=\"wpforms-1044-field_1-container\" class=\"wpforms-field wpforms-field-email\" data-field-id=\"1\"><label class=\"wpforms-field-label\" for=\"wpforms-1044-field_1\">Adresse de contact <span class=\"wpforms-required-label\">*<\/span><\/label><input type=\"email\" id=\"wpforms-1044-field_1\" class=\"wpforms-field-medium wpforms-field-required\" name=\"wpforms[fields][1]\" spellcheck=\"false\" required><\/div><div id=\"wpforms-1044-field_2-container\" class=\"wpforms-field wpforms-field-textarea\" data-field-id=\"2\"><label class=\"wpforms-field-label\" for=\"wpforms-1044-field_2\">Comment or Message <span class=\"wpforms-required-label\">*<\/span><\/label><textarea id=\"wpforms-1044-field_2\" class=\"wpforms-field-medium wpforms-field-required\" name=\"wpforms[fields][2]\" required><\/textarea><\/div><\/div><!-- .wpforms-field-container --><div class=\"wpforms-field wpforms-field-hp\"><label for=\"wpforms-1044-field-hp\" class=\"wpforms-field-label\">Comment<\/label><input type=\"text\" name=\"wpforms[hp]\" id=\"wpforms-1044-field-hp\" class=\"wpforms-field-medium\"><\/div><div class=\"wpforms-submit-container\" ><input type=\"hidden\" name=\"wpforms[id]\" value=\"1044\"><input type=\"hidden\" name=\"page_title\" value=\"\"><input type=\"hidden\" name=\"page_url\" value=\"https:\/\/campus.hesge.ch\/blog-master-is\/wp-json\/wp\/v2\/pages\/991\"><button type=\"submit\" name=\"wpforms[submit]\" id=\"wpforms-submit-1044\" class=\"wpforms-submit\" data-alt-text=\"Sending...\" data-submit-text=\"Envoyer\" aria-live=\"assertive\" value=\"wpforms-submit\">Envoyer<\/button><\/div><\/form><\/div>  <!-- .wpforms-container -->\n","protected":false},"excerpt":{"rendered":"<p>Le Master IS est une fili\u00e8re de la Haute \u00e9cole de gestion de Gen\u00e8ve (HEG-Gen\u00e8ve). Vous pouvez vous rendre sur le site, pour plus d&#8217;information sur la formation Master en Sciences de l\u2019information. Les candidat-e-s int\u00e9ress\u00e9s \u00e0 suivre le Master &hellip; <a href=\"https:\/\/campus.hesge.ch\/blog-master-is\/master-is\/\">Lire la suite\u00ad\u00ad<\/a><\/p>\n","protected":false},"author":2,"featured_media":0,"parent":0,"menu_order":0,"comment_status":"closed","ping_status":"closed","template":"","meta":{"footnotes":""},"class_list":["post-991","page","type-page","status-publish","hentry"],"yoast_head":"<!-- This site is optimized with the Yoast SEO plugin v23.5 - https:\/\/yoast.com\/wordpress\/plugins\/seo\/ -->\n<title>Master IS - Recherche d&#039;Id\u00e9eS<\/title>\n<meta name=\"robots\" content=\"index, follow, max-snippet:-1, max-image-preview:large, max-video-preview:-1\" \/>\n<link rel=\"canonical\" href=\"https:\/\/campus.hesge.ch\/blog-master-is\/master-is\/\" \/>\n<meta property=\"og:locale\" content=\"fr_FR\" \/>\n<meta property=\"og:type\" content=\"article\" \/>\n<meta property=\"og:title\" content=\"Master IS - Recherche d&#039;Id\u00e9eS\" \/>\n<meta property=\"og:description\" content=\"Le Master IS est une fili\u00e8re de la Haute \u00e9cole de gestion de Gen\u00e8ve (HEG-Gen\u00e8ve). Vous pouvez vous rendre sur le site, pour plus d&#8217;information sur la formation Master en Sciences de l\u2019information. Les candidat-e-s int\u00e9ress\u00e9s \u00e0 suivre le Master &hellip; Lire la suite\u00ad\u00ad\" \/>\n<meta property=\"og:url\" content=\"https:\/\/campus.hesge.ch\/blog-master-is\/master-is\/\" \/>\n<meta property=\"og:site_name\" content=\"Recherche d&#039;Id\u00e9eS\" \/>\n<meta property=\"article:modified_time\" content=\"2024-09-18T16:48:57+00:00\" \/>\n<meta property=\"og:image\" content=\"https:\/\/www.hesge.ch\/heg\/sites\/all\/themes\/heg\/images\/logo.png\" \/>\n<meta name=\"twitter:card\" content=\"summary_large_image\" \/>\n<script type=\"application\/ld+json\" class=\"yoast-schema-graph\">{\"@context\":\"https:\/\/schema.org\",\"@graph\":[{\"@type\":\"WebPage\",\"@id\":\"https:\/\/campus.hesge.ch\/blog-master-is\/master-is\/\",\"url\":\"https:\/\/campus.hesge.ch\/blog-master-is\/master-is\/\",\"name\":\"Master IS - Recherche d&#039;Id\u00e9eS\",\"isPartOf\":{\"@id\":\"https:\/\/campus.hesge.ch\/blog-master-is\/#website\"},\"primaryImageOfPage\":{\"@id\":\"https:\/\/campus.hesge.ch\/blog-master-is\/master-is\/#primaryimage\"},\"image\":{\"@id\":\"https:\/\/campus.hesge.ch\/blog-master-is\/master-is\/#primaryimage\"},\"thumbnailUrl\":\"https:\/\/www.hesge.ch\/heg\/sites\/all\/themes\/heg\/images\/logo.png\",\"datePublished\":\"2019-01-11T09:50:22+00:00\",\"dateModified\":\"2024-09-18T16:48:57+00:00\",\"breadcrumb\":{\"@id\":\"https:\/\/campus.hesge.ch\/blog-master-is\/master-is\/#breadcrumb\"},\"inLanguage\":\"fr-FR\",\"potentialAction\":[{\"@type\":\"ReadAction\",\"target\":[\"https:\/\/campus.hesge.ch\/blog-master-is\/master-is\/\"]}]},{\"@type\":\"ImageObject\",\"inLanguage\":\"fr-FR\",\"@id\":\"https:\/\/campus.hesge.ch\/blog-master-is\/master-is\/#primaryimage\",\"url\":\"https:\/\/www.hesge.ch\/heg\/sites\/all\/themes\/heg\/images\/logo.png\",\"contentUrl\":\"https:\/\/www.hesge.ch\/heg\/sites\/all\/themes\/heg\/images\/logo.png\"},{\"@type\":\"BreadcrumbList\",\"@id\":\"https:\/\/campus.hesge.ch\/blog-master-is\/master-is\/#breadcrumb\",\"itemListElement\":[{\"@type\":\"ListItem\",\"position\":1,\"name\":\"Accueil\",\"item\":\"https:\/\/campus.hesge.ch\/blog-master-is\/\"},{\"@type\":\"ListItem\",\"position\":2,\"name\":\"Master IS\"}]},{\"@type\":\"WebSite\",\"@id\":\"https:\/\/campus.hesge.ch\/blog-master-is\/#website\",\"url\":\"https:\/\/campus.hesge.ch\/blog-master-is\/\",\"name\":\"Recherche d&#039;Id\u00e9eS\",\"description\":\"Carnet de recherche des \u00e9tudiants du Master en sciences de l&#039;information et des donn\u00e9es (Information Science - IS) de la Haute \u00e9cole de gestion de Gen\u00e8ve\",\"potentialAction\":[{\"@type\":\"SearchAction\",\"target\":{\"@type\":\"EntryPoint\",\"urlTemplate\":\"https:\/\/campus.hesge.ch\/blog-master-is\/?s={search_term_string}\"},\"query-input\":{\"@type\":\"PropertyValueSpecification\",\"valueRequired\":true,\"valueName\":\"search_term_string\"}}],\"inLanguage\":\"fr-FR\"}]}<\/script>\n<!-- \/ Yoast SEO plugin. -->","yoast_head_json":{"title":"Master IS - Recherche d&#039;Id\u00e9eS","robots":{"index":"index","follow":"follow","max-snippet":"max-snippet:-1","max-image-preview":"max-image-preview:large","max-video-preview":"max-video-preview:-1"},"canonical":"https:\/\/campus.hesge.ch\/blog-master-is\/master-is\/","og_locale":"fr_FR","og_type":"article","og_title":"Master IS - Recherche d&#039;Id\u00e9eS","og_description":"Le Master IS est une fili\u00e8re de la Haute \u00e9cole de gestion de Gen\u00e8ve (HEG-Gen\u00e8ve). Vous pouvez vous rendre sur le site, pour plus d&#8217;information sur la formation Master en Sciences de l\u2019information. Les candidat-e-s int\u00e9ress\u00e9s \u00e0 suivre le Master &hellip; Lire la suite\u00ad\u00ad","og_url":"https:\/\/campus.hesge.ch\/blog-master-is\/master-is\/","og_site_name":"Recherche d&#039;Id\u00e9eS","article_modified_time":"2024-09-18T16:48:57+00:00","og_image":[{"url":"https:\/\/www.hesge.ch\/heg\/sites\/all\/themes\/heg\/images\/logo.png"}],"twitter_card":"summary_large_image","schema":{"@context":"https:\/\/schema.org","@graph":[{"@type":"WebPage","@id":"https:\/\/campus.hesge.ch\/blog-master-is\/master-is\/","url":"https:\/\/campus.hesge.ch\/blog-master-is\/master-is\/","name":"Master IS - Recherche d&#039;Id\u00e9eS","isPartOf":{"@id":"https:\/\/campus.hesge.ch\/blog-master-is\/#website"},"primaryImageOfPage":{"@id":"https:\/\/campus.hesge.ch\/blog-master-is\/master-is\/#primaryimage"},"image":{"@id":"https:\/\/campus.hesge.ch\/blog-master-is\/master-is\/#primaryimage"},"thumbnailUrl":"https:\/\/www.hesge.ch\/heg\/sites\/all\/themes\/heg\/images\/logo.png","datePublished":"2019-01-11T09:50:22+00:00","dateModified":"2024-09-18T16:48:57+00:00","breadcrumb":{"@id":"https:\/\/campus.hesge.ch\/blog-master-is\/master-is\/#breadcrumb"},"inLanguage":"fr-FR","potentialAction":[{"@type":"ReadAction","target":["https:\/\/campus.hesge.ch\/blog-master-is\/master-is\/"]}]},{"@type":"ImageObject","inLanguage":"fr-FR","@id":"https:\/\/campus.hesge.ch\/blog-master-is\/master-is\/#primaryimage","url":"https:\/\/www.hesge.ch\/heg\/sites\/all\/themes\/heg\/images\/logo.png","contentUrl":"https:\/\/www.hesge.ch\/heg\/sites\/all\/themes\/heg\/images\/logo.png"},{"@type":"BreadcrumbList","@id":"https:\/\/campus.hesge.ch\/blog-master-is\/master-is\/#breadcrumb","itemListElement":[{"@type":"ListItem","position":1,"name":"Accueil","item":"https:\/\/campus.hesge.ch\/blog-master-is\/"},{"@type":"ListItem","position":2,"name":"Master IS"}]},{"@type":"WebSite","@id":"https:\/\/campus.hesge.ch\/blog-master-is\/#website","url":"https:\/\/campus.hesge.ch\/blog-master-is\/","name":"Recherche d&#039;Id\u00e9eS","description":"Carnet de recherche des \u00e9tudiants du Master en sciences de l&#039;information et des donn\u00e9es (Information Science - IS) de la Haute \u00e9cole de gestion de Gen\u00e8ve","potentialAction":[{"@type":"SearchAction","target":{"@type":"EntryPoint","urlTemplate":"https:\/\/campus.hesge.ch\/blog-master-is\/?s={search_term_string}"},"query-input":{"@type":"PropertyValueSpecification","valueRequired":true,"valueName":"search_term_string"}}],"inLanguage":"fr-FR"}]}},"_links":{"self":[{"href":"https:\/\/campus.hesge.ch\/blog-master-is\/wp-json\/wp\/v2\/pages\/991","targetHints":{"allow":["GET"]}}],"collection":[{"href":"https:\/\/campus.hesge.ch\/blog-master-is\/wp-json\/wp\/v2\/pages"}],"about":[{"href":"https:\/\/campus.hesge.ch\/blog-master-is\/wp-json\/wp\/v2\/types\/page"}],"author":[{"embeddable":true,"href":"https:\/\/campus.hesge.ch\/blog-master-is\/wp-json\/wp\/v2\/users\/2"}],"replies":[{"embeddable":true,"href":"https:\/\/campus.hesge.ch\/blog-master-is\/wp-json\/wp\/v2\/comments?post=991"}],"version-history":[{"count":21,"href":"https:\/\/campus.hesge.ch\/blog-master-is\/wp-json\/wp\/v2\/pages\/991\/revisions"}],"predecessor-version":[{"id":4950,"href":"https:\/\/campus.hesge.ch\/blog-master-is\/wp-json\/wp\/v2\/pages\/991\/revisions\/4950"}],"wp:attachment":[{"href":"https:\/\/campus.hesge.ch\/blog-master-is\/wp-json\/wp\/v2\/media?parent=991"}],"curies":[{"name":"wp","href":"https:\/\/api.w.org\/{rel}","templated":true}]}}