{"id":1228,"date":"2025-09-02T16:22:49","date_gmt":"2025-09-02T15:22:49","guid":{"rendered":"https:\/\/campus.hesge.ch\/naoufelcheikhrouhou\/?page_id=1228"},"modified":"2025-10-28T14:51:06","modified_gmt":"2025-10-28T13:51:06","slug":"international-conferences-with-reviewing-committees","status":"publish","type":"page","link":"https:\/\/campus.hesge.ch\/cles\/?page_id=1228","title":{"rendered":"International conferences with reviewing committees"},"content":{"rendered":"\n<h4 class=\"wp-block-heading\">2025<\/h4>\n\n\n\n<p class=\"has-theme-palette-3-color has-text-color has-link-color wp-elements-7d75d78b02b855fdd0fb96af40b58dd1\">Badulescu, Y., Vanegas, D., Cheikhrouhou, N., 2025. <a href=\"https:\/\/campus.hesge.ch\/naoufelcheikhrouhou\/wp-content\/uploads\/2025\/10\/A-Fuzzy-Multi-Criteria-Decision-Making-Framework-f.pdf\"><strong>A Fuzzy Multi-Criteria Decision-Making Framework for Sustainable Truck Selection<\/strong><\/a>. 11th International Conference on Control, Decision and Information Technologies (CODIT).<\/p>\n\n\n\n<p class=\"has-theme-palette-3-color has-text-color has-link-color wp-elements-04a84f4b4ff40f0961a7d8f76e99d6cf\">Jelti, F., &amp; Cheikhrouhou, N. (2025). <a href=\"https:\/\/campus.hesge.ch\/naoufelcheikhrouhou\/wp-content\/uploads\/2025\/06\/engproc-97-00017.pdf\"><strong>Social Assessment of Alternative Urban Buses<\/strong><\/a>. 1st International Conference on Smart Management in Industrial and Logistics Engineering SMILE.  <em>Engineering Proceedings<\/em>, <em>97<\/em>(1), 17. https:\/\/doi.org\/<a href=\"http:\/\/dx.doi.org\/10.3390\/engproc2025097017\" target=\"_blank\" rel=\"noreferrer noopener\">10.3390\/engproc2025097017<\/a>.<\/p>\n\n\n\n<h4 class=\"wp-block-heading\">2024<\/h4>\n\n\n\n<p class=\"has-theme-palette-3-color has-text-color has-link-color wp-elements-cf095b6b34a596677815d69c7934d645\">Badulescu Y., Soulikhan F., Cheikhrouhou, N., 2024.&nbsp;<a href=\"https:\/\/campus.hesge.ch\/naoufelcheikhrouhou\/wp-content\/uploads\/2024\/11\/CODIT2024-IATRiskforNVP.zip\"><strong>Implicit Attitudes Towards Risk: Influences on Newsvendor Inventory Decisions<\/strong><\/a>. 10th International Conference on Control, Decision and Information Technology (CODIT). Vallette, Malta, pp. 330-335, doi: 10.1109\/CoDIT62066.2024.10708132.<\/p>\n\n\n\n<p>Kassoul, K., Belhaouari, S.B., Cheikhrouhou, N., 2024. <strong>Particle Swarm Optimization-Based Variables Decomposition Method for Global Optimization<\/strong>, in: Burqan, A., Saadeh, R., Qazza, A., Ababneh, O.Y., Cort\u00e9s, J.C., Diethelm, K., Zeidan, D. (Eds.), Mathematical Analysis and Numerical Methods. Springer Nature, Singapore, pp. 279\u2013293. https:\/\/doi.org\/10.1007\/978-981-97-4876-1_19 <\/p>\n\n\n\n<h4 class=\"wp-block-heading\">2023<\/h4>\n\n\n\n<p class=\"has-theme-palette-3-color has-text-color has-link-color wp-elements-b610722ed3ffbb3e4a0c850fff9aa029\">Badulescu, Y., Kassoul, K., Cheikhrouhou, N., 2023.&nbsp;<a href=\"https:\/\/campus.hesge.ch\/naoufelcheikhrouhou\/wp-content\/uploads\/2023\/07\/CODIT-conference-paper.zip\">Associations between social media attributes for demand forecasting of new products.<\/a>&nbsp;9th International Conference on Control, Decision and Information Technologies CoDIT At: Rome, Italy.<\/p>\n\n\n\n<p class=\"has-theme-palette-3-color has-text-color has-link-color wp-elements-aa0b24610c58d4d553f582c3f429b05a\">Kassoul, K., Rakesh D.R., Brahim Belhaouari, S., and Cheikhrouhou, N. (2023).&nbsp;<a href=\"https:\/\/campus.hesge.ch\/naoufelcheikhrouhou\/wp-content\/uploads\/2023\/07\/Buffer-Allocation-in-Unreliable-Production-.zip\">Buffer Allocation in Unreliable Production Lines using Infinitesimal Perturbation Analysis and Genetic Algorithm.&nbsp;<\/a>2nd International Conference on Intelligent Systems and Applications, 10-12 May, Pune, MH, India. (ICISA 2023).<\/p>\n\n\n\n<p class=\"has-theme-palette-3-color has-text-color has-link-color wp-elements-c21dcd125ee7bc44c71809703dc02fae\">Kassoul, K., Brahim Belhaouari, S., and Cheikhrouhou, N. (2023).&nbsp;<a href=\"https:\/\/campus.hesge.ch\/naoufelcheikhrouhou\/wp-content\/uploads\/2023\/07\/Particle-Swarm-Optimization-Based-Variables-.zip\">Particle Swarm Optimization-Based Variables Decomposition Method for Global Optimization.<\/a>&nbsp;The 8th&nbsp;International Arab Conference on Mathematics and Computations, 10-12 May, Zarqa, Jordan.<\/p>\n\n\n\n<h4 class=\"wp-block-heading\">2022<\/h4>\n\n\n\n<div class=\"wp-block-group is-nowrap is-layout-flex wp-container-core-group-is-layout-ad2f72ca wp-block-group-is-layout-flex\">\n<p class=\"has-theme-palette-3-color has-text-color has-link-color wp-elements-566d763a8ddfd956047d55f621c44b1c\">Badulescu Y., Tiwari K., Cheikhrouhou N., 2022.&nbsp;<a href=\"https:\/\/campus.hesge.ch\/naoufelcheikhrouhou\/wp-content\/uploads\/2022\/08\/MCDM-approach-to-select-IoT-devices-for.zip\">MCDM approach to select IoT devices for the reverse logistics process in the Clinical Trials supply chain<\/a>. Conference: 10th IFAC Conference on Manufacturing Modelling, Management and Contro lAt: Nantes, France (<a href=\"https:\/\/campus.hesge.ch\/naoufelcheikhrouhou\/wp-content\/uploads\/2022\/08\/Commend-paper-Award.zip\">Commended paper Award Winner<\/a>)<\/p>\n\n\n\n<figure class=\"wp-block-image is-resized\"><a href=\"https:\/\/campus.hesge.ch\/naoufelcheikhrouhou\/wp-content\/uploads\/2022\/08\/Commend-paper-Award.zip\"><img loading=\"lazy\" decoding=\"async\" width=\"459\" height=\"612\" src=\"https:\/\/campus.hesge.ch\/naoufelcheikhrouhou\/wp-content\/uploads\/2022\/11\/GoldRib.jpg\" alt=\"Award\" class=\"wp-image-631\" style=\"width:37px;height:auto\" srcset=\"https:\/\/campus.hesge.ch\/cles\/wp-content\/uploads\/2022\/11\/GoldRib.jpg 459w, https:\/\/campus.hesge.ch\/cles\/wp-content\/uploads\/2022\/11\/GoldRib-225x300.jpg 225w\" sizes=\"auto, (max-width: 459px) 100vw, 459px\" \/><\/a><\/figure>\n<\/div>\n\n\n\n<h4 class=\"wp-block-heading\">2019<\/h4>\n\n\n\n<p>Daultani Yash, Naoufel Cheikhrouhou, Saurabh Pratap and Dhirendra Prajapati. DESIGNINIG FORWARD AND REVERSE SUPPLY CHAIN NETWORK FOR REFURBISHED PRODUCTS. 9<sup>th<\/sup>&nbsp;International Conference on Operations and Supply Chain Management, Ho Chi Minh, 15 \u2013 18 December 2019.<\/p>\n\n\n\n<p>Dhirendra Prajapati, Fuli Zhou, Naoufel Cheikhrouhou, Saurabh Pratap. 2019. Minimizes the Time Window for Delivery of Orders in B2B E-commerce. 5<sup>th<\/sup>&nbsp;International Conference on Industrial Engineering (ICIE 2019), Surat, December 12-14, 2019.<\/p>\n\n\n\n<p>Mediouni Abderrahmen, Naoufel Cheikhrouhou. 2019. Expert Selection for Humanitarian Projects Development: A Group Decision Making Approach with Incomplete Information Relations. 9th IFAC Conference on Manufacturing Modelling, Management and Control. Berlin. August 28-30, 2019.<\/p>\n\n\n\n<h4 class=\"wp-block-heading\">2018<\/h4>\n\n\n\n<p>Badulescu Yvonne and Naoufel Cheikhrouhou. 2018. Evaluation of forecasting approaches using hybrid multicriteria decision-making models. Proceedings of International Conference on Time Series and Forecasting (ITISE 2018). Granada, Spain, 19-21 September 2018.<\/p>\n\n\n\n<p>Mohamed Amine Masmoudi and Naoufel Cheikhrouhou. 2018 Heterogeneous Vehicle Routing Problems with Synchronization: Application to Homecare Scheduling Routing Problem. GISEH 2018, 27-29 August 2018, Geneva.<\/p>\n\n\n\n<p>Compondu Christophe, Naoufel Cheikhrouhou and Isabelle Decosterd. 2018. D\u00e9veloppement d\u2019une d\u00e9marche Lean de r\u00e9organisation et planification des activit\u00e9s au sein d\u2019un centre m\u00e9dical ambulatoire. GISEH 2018, 27-29 August 2018, Geneva.<\/p>\n\n\n\n<p>Chahinaze Fikri Benbrahim, Jaber Elbouhdidi, Hajira Bakkali, Naoufel Cheikhrouhou, Naoufal Sefiani and Kamal Reklaoui. Ontological model of competence management, 11th International Colloquium of Logistics and Supply Chain Management LOGISTIQUA, April 26-27, 2018, Tangier<\/p>\n\n\n\n<h4 class=\"wp-block-heading\">2017<\/h4>\n\n\n\n<p class=\"has-theme-palette-3-color has-text-color has-link-color wp-elements-24a814c9e3f1844c2f0602569c931d39\">Cheikhrouhou N. 2017.&nbsp;<a href=\"http:\/\/arodes.hes-so.ch\/record\/2007?ln=fr\">Collaborative demand forecasting with integration of event-based judgements<\/a>.<br>The Conference on innovation decision support using structured expert judgement, 25-27 April 2017, Espoo, Finland.<\/p>\n\n\n\n<h4 class=\"wp-block-heading\">2016<\/h4>\n\n\n\n<p>Cheikhrouhou N., Paul de Vrieze, Emanuele Giovannetti, Shaofeng Liu, Ying Xie, Lai Xu and Hongnian Yu. 2016. Big Data Empowered Logistics Services Platform. European regional conference of the International Telecommunications Society, 7-9 September 2016, Cambridge.<\/p>\n\n\n\n<p>Canetta L., Cheikhrouhou N., Glardon R. 2016. Estimate Supply Chain robustness using asymmetric loss functions. ICE conference. June 13-15 2016, Trondheim.<\/p>\n\n\n\n<h4 class=\"wp-block-heading\">2015<\/h4>\n\n\n\n<p class=\"has-theme-palette-3-color has-text-color has-link-color wp-elements-a65eb562112a22f8b840e986b27ca338\">Pratap S., Kumar M., Cheikhrouhou N., Pratap P., Tiwari&nbsp;<a href=\"https:\/\/www.researchgate.net\/researcher\/70286790_Manoj_Kumar_Tiwari\">M.K.<\/a>&nbsp;2015. The Robust Quay Crane Allocation for a Discrete Bulk Material Handling Port. 2015 IEEE International Conference on Industrial Engineering and Engineering Management, 6-9 December, 2015, Singapore.<\/p>\n\n\n\n<p>Cheikhrouhou N., Hirth S., Wagner R., Wieser P. The Influence of Forecast Information Sharing on Behavioral Inventory Management in Supply Chains. International work-conference on Time Series, July, 1-3, 2015, Granada.<\/p>\n\n\n\n<p class=\"has-theme-palette-3-color has-text-color has-link-color wp-elements-ac4e8807d501c31ca1f94eb8e36672b7\">Pratap&nbsp;<a href=\"https:\/\/www.researchgate.net\/researcher\/2074709900_Saurabh_Pratap\">S.<\/a>,&nbsp;Nayak&nbsp;<a href=\"https:\/\/www.researchgate.net\/researcher\/2043342895_Ashutosh_Nayak\">A.<\/a>, Cheikhrouhou N.,&nbsp;Tiwari&nbsp;<a href=\"https:\/\/www.researchgate.net\/researcher\/70286790_Manoj_Kumar_Tiwari\">M.K.<\/a>&nbsp;<a href=\"https:\/\/www.researchgate.net\/publication\/277424052_Decision_Support_System_for_Discrete_Robust_Berth_Allocation?ev=prf_pub\">Decision Support System for Discrete Robust Berth Allocation<\/a>, Proc. Of the 15th IFAC Symposium on Information Control Problems in Manufacturing;&nbsp;<a href=\"http:\/\/www.sciencedirect.com\/science\/journal\/24058963\/48\/3\">Volume 48, Issue 3<\/a>, 875\u2013880, May 5-8, 2015, Ottawa.<\/p>\n\n\n\n<p class=\"has-theme-palette-3-color has-text-color has-link-color wp-elements-a5a8e4e3f4bf8368e768ed5eda0f7acc\">Weideli D., E. Blanco, T. Craig, N. Cheikhrouhou. The Carbon Footprint of E-commerce: A Consumer Shopping Behavior Perspective, 26th POMS conference, May 8-11, 2015, Washington D.C.<\/p>\n\n\n\n<h4 class=\"wp-block-heading\">2014<\/h4>\n\n\n\n<p>Darvish M., Kaboli A., Cheikhrouhou N., Glardon R. On the role of trust types and levels on inventory replenishment decision, Information Systems, Logistics and Supply Chain, ILS 2014, August 24-27, 2014 Breda.<\/p>\n\n\n\n<p class=\"has-theme-palette-3-color has-text-color has-link-color wp-elements-d075fdd19e2469b783f72b8da37c8c29\">Ayadi&nbsp;<a href=\"http:\/\/link.springer.com\/search?facet-author=%22Omar+Ayadi%22\">O.<\/a>, Madinabeitia G.,&nbsp;<a href=\"http:\/\/link.springer.com\/search?facet-author=%22Naoufel+Cheikhrouhou%22\">Cheikhrouhou<\/a>&nbsp;N.,&nbsp;<a href=\"http:\/\/link.springer.com\/search?facet-author=%22Faouzi+Masmoudi%22\">Masmoudi<\/a>&nbsp;F. Influence of trust evolution on cost structure within horizontal collaborative networks, 2nd Workshop on Mechatronic Systems, Volume: Mechatronic systems: Theory and Applications, Series Title: Lecture Notes in Mechanical Engineering, ISBN 978-3-319-07170-1, March 17-19, 2014, Mehdia.<\/p>\n\n\n\n<p>Marmier F., Cheikhrouhou N. and Gourc D., Improvement of the planning reliability by the integration of human skills in project risk management, IEEE International Conference on Logistics and Operations Management, June 5-7, 2014, Rabat.<\/p>\n\n\n\n<h4 class=\"wp-block-heading\">2013<\/h4>\n\n\n\n<p>Cheikhrouhou N. Barhoumi A., A collaborative supply chain scaled demand forecasting with personality-based judgmental adjustments, the 8<sup>th<\/sup>&nbsp;International Conference on Logistics and Supply chain Management systems ICLS, August 5-7, 2013, Tokyo.<\/p>\n\n\n\n<p>Ben Abdallah H., Cheikhrouhou N., Bahroun Z., Mansour R. A bi-objective model for collaborative planning in dyadic supply chain, IEEE CSCWD conference, Whistler, Canada, June 27-29, 2013.<\/p>\n\n\n\n<h4 class=\"wp-block-heading\">2012<\/h4>\n\n\n\n<p>Kaboli A., Cheikhrouhou N., Glardon R. \u201cThe Relationship between Trust and Inventory Replenishment in Supplier-Customer Dyad: An Experimental Study\u201d, International Conference on Information Systems, Logistics and Supply Chain (ILS 2012), Quebec, Canada, Aug 26-29, 2012.<\/p>\n\n\n\n<p>Kaboli A., Cheikhrouhou N., Glardon R. \u201cMeasuring Trust in Supply Chain\u201d, 7th Annual Behavioral Operations Conference (BoM), Washington, DC, USA, June 9-11, 2012.<\/p>\n\n\n\n<p>Kaboli A., Cheikhrouhou N., Dervish M., Glardon R., \u2018An experimental study of the relationship between trust and inventory replenishment in triadic supply chain\u2019, Proc. of the 4th World Conference POMS, July 1-4, 2012, Amsterdam.<\/p>\n\n\n\n<p>Cheikhrouhou N. 2012. \u201cA multi-criteria decision making approach for the comparison of hybrid production planning and control strategies for supply chain management\u201d, The 7th International Congress on Logistics and SCM Systems, June 7-9, 2012, Seoul.<\/p>\n\n\n\n<p>Zufferey N., Cheikhrouhou N., \u201cTabu search using variable amplitude for dimensioning an assembly\/disassembly production system\u201d Production Management and Scheduling conference, April 1-4, 2012, Leuven.<\/p>\n\n\n\n<p>Pezeshki Y., A. Baboli, N. Cheikhrouhou, M. R. Akbari Jokar, J.P. Campagne \u201cTrust-based coordination mechanism in a divergent supply chain\u201d, Proceedings of the 2012 Industrial and Systems Engineering Research Conference, May 19-23, 2012, Orlando-USA.<\/p>\n\n\n\n<p>Ayadi O., Cheikhrouhou N., Masmoudi F., Assessment of customer trust level in supply chains based on information sharing dimensions, MOSIM\u201910, May 10-12, Hammamet, Tunisia.<\/p>\n\n\n\n<h4 class=\"wp-block-heading\">2009<\/h4>\n\n\n\n<p>Marmier F., Gonzales-Blanch M., Cheikhrouhou N., A new structured adjustment approach for demand forecasting, IEEE Int. Conf. on Computers and Industrial Engineering, ISBN. 978-1-4244-4136-5, 773 \u2013 778, July 6-8, 2009, Troyes.<\/p>\n\n\n\n<p>Ayadi O., Cheikhrouhou N., Mellouli A., Masmoudi F., A Hybrid Heuristic to Solve The Two Dimensional Cutting Stock Problem with Consideration of Forecasts, IEEE Int. Conf. on Computers and Industrial Engineering, ISBN. 978-1-4244-4136-5, 221 \u2013 226, July 6-8, 2009, Troyes.<\/p>\n\n\n\n<p>Canetta L., Cheikhrouhou N., Glardon R. A scenario planning approach for modelling hybrid demand (e-commerce +traditional) evolution, IESM conference, May 13-15, 2009, Montreal. Canetta L., Cheikhrouhou N. and Glardon R. E-sales diffusion in Europe: quantitative analysis and modelling of first adoption and assimilation processes. 3rd International<\/p>\n\n\n\n<h4 class=\"wp-block-heading\">2008<\/h4>\n\n\n\n<p>Conference on Software Engineering Advances (ICSEA 2008), ENTISY 2008: International Workshop on Enterprise Information Systems, pp.500-509, October 26-31, 2008, Sliema, Malta.<\/p>\n\n\n\n<p>Cheikhrouhou N., Holmstr\u00f6m J., Farine G., Fr\u00e4mling K., Human and organisational factors in after-sales supply network planning and control: the case of a product centric system, paper number 43, 1st HOPS conference, Sept. 8-9, 2008, Lausanne.<\/p>\n\n\n\n<p>Marmier F., Gonzalez-Blanch, M., Cheikhrouhou N., Integration of human factors in demand forecasting, paper number 11, 1st conference on Human and Organisational Factors in Planning and Scheduling, Sept. 8-9, 2008, Lausanne.<\/p>\n\n\n\n<h4 class=\"wp-block-heading\">2007<\/h4>\n\n\n\n<p>Canetta L., Cheikhrouhou N. and Glardon R., Design and development of a rule-based DSS for the qualitative prediction of e-sales evolution, paper number 119, CD-ROM of the conference \u00ab&nbsp;e-Commerce &amp; Internet Governance\u00bb, October 19-20, 2007, Sousse, Tunisia.<\/p>\n\n\n\n<p>Piot G., M. Pouly, N. Cheikhrouhou and R. Glardon, An estimation model for business benefits in horizontal collaborative network, Proc. of Pro-VE conference pp. 345-352, 10-12 September, 2007, Guimaraes.<\/p>\n\n\n\n<p>F\u00fcrbringer J-M., Glardon R. and Cheikhrouhou N., A methodology for managing competences within organizations- A bottom-up approach, Proc. ICPR19, July 29 to August 2, 2007, Valparaiso, Chile.<\/p>\n\n\n\n<p>Canetta L., Cheikhrouhou N. and Glardon R., A rule-based DSS for the qualitative prediction of the evolution of e-sales, WEBIST 2007, Proc. of the 3rd International Conference on Web Information Systems and Technologies: Society, e-Business and e-Government\/e-Learning, pp. 97-106. Barcelona, March 3-6, 2007.<\/p>\n\n\n\n<h4 class=\"wp-block-heading\">2006<\/h4>\n\n\n\n<p>Cheikhrouhou N., Canetta L., Glardon R., El mimouni A. and Fischbach R., Linking e-commerce to logistics simulation: Vision\u00e8s, the missing chain, Middle Eastern Multi-conference on Simulation, pp. 56-61, Alexandria, august 28-30, 2006.<\/p>\n\n\n\n<h4 class=\"wp-block-heading\">2005<\/h4>\n\n\n\n<p>P\u00e9piot G., Cheikhrouhou N., Furbringer J-M. and Glardon R., A fuzzy approach for the valorisation of the competences, CD-ROM. of IESM, Marrakech, ISBN 2-9600532-0-6, May 16-19, 2005.<\/p>\n\n\n\n<h4 class=\"wp-block-heading\">2004<\/h4>\n\n\n\n<p>Canetta L., Cheikhrouhou N., Glardon R., Iliev N., Supporting electronic sales channels deployment through the analysis of customer preferences, CD-ROM. of IEEE SMC, The Hague, ISBN 0-7803-8567-5, October 10-13, 2004.<\/p>\n\n\n\n<p>Iliev N., Alard R., Canetta L. and Cheikhrouhou N., Evaluating electronic enabled Transaction Costs\u00b4 efficiency, Proc. of the International Conference on Global Production Management, pp. 21-31, Bandung (Indonesia), September 6-8, 2004.<\/p>\n\n\n\n<p>P\u00e9piot G., Cheikhrouhou N. and Glardon R., Mod\u00e8le de comp\u00e9tences: vers un formalisme, Proc. of the 5th Conference MOSIM, pp. 503-510, Nantes, September 1-3, 2004.<\/p>\n\n\n\n<p>Hongler M.-O., Cheikhrouhou N. and Glardon R., An elementary model for customer fidelisation, Proc. of the 5th Conference MOSIM, pp. 899-906, Nantes, September 1-3, 2004.<\/p>\n\n\n\n<h4 class=\"wp-block-heading\">2003<\/h4>\n\n\n\n<p>Hachen C., Cheikhrouhou N. and Glardon R., Markovian analysis of the hybrid manufacturing planning &amp; control method DSSPL, Proc. of the 5th International Industrial Engineering Conference, CD-ROM, Quebec, October 26-29, 2003.<\/p>\n\n\n\n<p>Meunier Martins S., Cheikhrouhou N. and Glardon R., Strategic analysis of products for integrating judgement into demand forecasts, Proc. of the IFIP International Working Conference on human aspects in Production Management, Karlsrhue (Best paper), pp. 196-203, October 5-9, 2003.<\/p>\n\n\n\n<p>Canetta L., Cheikhrouhou N. and Glardon R., Combining Self-Organizing Map and clustering algorithms in industrial data analysis, Proc. of IPEM, pp. 384-394, vol. III, Porto, May 26-28, 2003.<\/p>\n\n\n\n<p>Cheikhrouhou N. and Glardon R., Optimisation de lignes de production via simulation: Une approche bas\u00e9e sur l\u2019analyse de Perturbation, Proc. of the 4th Conference MOSIM, pp. 491-496, Toulouse, April 23-25, 2003.<\/p>\n\n\n\n<h4 class=\"wp-block-heading\">2001<\/h4>\n\n\n\n<p>Cheikhrouhou N., Paris J.L. and Pierreval H., Une m\u00e9thode de dimensionnement de lignes de transfert via l\u2019Analyse de Perturbation Finie, Proc. of the 3rd Conference MOSIM, pp. 333-338, Troyes, April 25-27, 2001.<\/p>\n\n\n\n<h4 class=\"wp-block-heading\">2000<\/h4>\n\n\n\n<p>Cheikhrouhou N. and Descotes-Genon B., Buffer design in stochastic Assembly\/Disassembly systems, Management and Control in Production and Logistics 2000, CD-Rom p 137, Grenoble, July 5-8, 2000.<\/p>\n\n\n\n<h4 class=\"wp-block-heading\">1999<\/h4>\n\n\n\n<p>Cheikhrouhou N. and Descotes-Genon B., Real time sequencing and jobs allocating in flexible disassembly workshops, invited paper, Proc. of the 15th international conference on CAD\/CAM, Robotics and Factories of the Future CARS &amp; FOF, Aguas de Lindoia, Brazil, August 18-20, 1999.<\/p>\n\n\n\n<p>Cheikhrouhou N. and Descotes-Genon B., Performance Sensitivity analysis of unbalanced Assembly\/ Disassembly system: A zero order Perturbation Analysis algorithm, Proc. of the 3rd international industrial engineering conference, pp. 949-958, Montreal, May 26-29, 1999.<\/p>\n","protected":false},"excerpt":{"rendered":"<p>2025 Badulescu, Y., Vanegas, D., Cheikhrouhou, N., 2025. A Fuzzy Multi-Criteria Decision-Making Framework for Sustainable Truck Selection. 11th International Conference on Control, Decision and Information Technologies (CODIT). Jelti, F., &amp; Cheikhrouhou, N. (2025). Social Assessment of Alternative Urban Buses. 1st International Conference on Smart Management in Industrial and Logistics Engineering SMILE. Engineering Proceedings, 97(1), 17&#8230;.<\/p>\n","protected":false},"author":4,"featured_media":0,"parent":0,"menu_order":0,"comment_status":"closed","ping_status":"closed","template":"","meta":{"_uag_custom_page_level_css":"","_kadence_starter_templates_imported_post":false,"_kad_post_transparent":"","_kad_post_title":"","_kad_post_layout":"","_kad_post_sidebar_id":"","_kad_post_content_style":"","_kad_post_vertical_padding":"","_kad_post_feature":"","_kad_post_feature_position":"","_kad_post_header":false,"_kad_post_footer":false,"_kad_post_classname":"","footnotes":""},"class_list":["post-1228","page","type-page","status-publish","hentry"],"uagb_featured_image_src":{"full":false,"thumbnail":false,"medium":false,"medium_large":false,"large":false,"1536x1536":false,"2048x2048":false},"uagb_author_info":{"display_name":"Diego Vanegas","author_link":"https:\/\/campus.hesge.ch\/cles\/?author=4"},"uagb_comment_info":0,"uagb_excerpt":"2025 Badulescu, Y., Vanegas, D., Cheikhrouhou, N., 2025. A Fuzzy Multi-Criteria Decision-Making Framework for Sustainable Truck Selection. 11th International Conference on Control, Decision and Information Technologies (CODIT). Jelti, F., &amp; Cheikhrouhou, N. (2025). Social Assessment of Alternative Urban Buses. 1st International Conference on Smart Management in Industrial and Logistics Engineering SMILE. Engineering Proceedings, 97(1), 17....","_links":{"self":[{"href":"https:\/\/campus.hesge.ch\/cles\/index.php?rest_route=\/wp\/v2\/pages\/1228","targetHints":{"allow":["GET"]}}],"collection":[{"href":"https:\/\/campus.hesge.ch\/cles\/index.php?rest_route=\/wp\/v2\/pages"}],"about":[{"href":"https:\/\/campus.hesge.ch\/cles\/index.php?rest_route=\/wp\/v2\/types\/page"}],"author":[{"embeddable":true,"href":"https:\/\/campus.hesge.ch\/cles\/index.php?rest_route=\/wp\/v2\/users\/4"}],"replies":[{"embeddable":true,"href":"https:\/\/campus.hesge.ch\/cles\/index.php?rest_route=%2Fwp%2Fv2%2Fcomments&post=1228"}],"version-history":[{"count":12,"href":"https:\/\/campus.hesge.ch\/cles\/index.php?rest_route=\/wp\/v2\/pages\/1228\/revisions"}],"predecessor-version":[{"id":1671,"href":"https:\/\/campus.hesge.ch\/cles\/index.php?rest_route=\/wp\/v2\/pages\/1228\/revisions\/1671"}],"wp:attachment":[{"href":"https:\/\/campus.hesge.ch\/cles\/index.php?rest_route=%2Fwp%2Fv2%2Fmedia&parent=1228"}],"curies":[{"name":"wp","href":"https:\/\/api.w.org\/{rel}","templated":true}]}}