{"id":1431,"date":"2025-10-13T14:42:20","date_gmt":"2025-10-13T13:42:20","guid":{"rendered":"https:\/\/campus.hesge.ch\/naoufelcheikhrouhou\/?page_id=1431"},"modified":"2025-10-16T11:39:39","modified_gmt":"2025-10-16T10:39:39","slug":"upcoming-events","status":"publish","type":"page","link":"https:\/\/campus.hesge.ch\/cles\/?page_id=1431","title":{"rendered":"Events"},"content":{"rendered":"\n<p class=\"has-medium-font-size\">Next Events<\/p>\n\n\n\n<figure class=\"wp-block-image size-large\"><img loading=\"lazy\" decoding=\"async\" width=\"1024\" height=\"371\" src=\"https:\/\/campus.hesge.ch\/cles\/wp-content\/uploads\/2025\/09\/685b9fa18c01a-1024x371.jpg\" alt=\"\" class=\"wp-image-1241\" srcset=\"https:\/\/campus.hesge.ch\/cles\/wp-content\/uploads\/2025\/09\/685b9fa18c01a-1024x371.jpg 1024w, https:\/\/campus.hesge.ch\/cles\/wp-content\/uploads\/2025\/09\/685b9fa18c01a-300x109.jpg 300w, https:\/\/campus.hesge.ch\/cles\/wp-content\/uploads\/2025\/09\/685b9fa18c01a-768x278.jpg 768w, https:\/\/campus.hesge.ch\/cles\/wp-content\/uploads\/2025\/09\/685b9fa18c01a-1536x557.jpg 1536w, https:\/\/campus.hesge.ch\/cles\/wp-content\/uploads\/2025\/09\/685b9fa18c01a-2048x742.jpg 2048w\" sizes=\"auto, (max-width: 1024px) 100vw, 1024px\" \/><\/figure>\n\n\n\n<h3 class=\"wp-block-heading has-text-align-left\"><mark style=\"background-color:rgba(0, 0, 0, 0);color:#1d537e\" class=\"has-inline-color\"><strong>Jeudi 30 Octobre 2025: 17h45-19h00<\/strong><br>Aula HEG-Gen\u00e8ve<\/mark><\/h3>\n\n\n\n<hr class=\"wp-block-separator has-alpha-channel-opacity is-style-wide\"\/>\n\n\n\n<h1 class=\"wp-block-heading has-text-align-left\"><mark style=\"background-color:rgba(0, 0, 0, 0);color:#1d537e\" class=\"has-inline-color\">La ville sous tension: d\u00e9fis logistiques et chantiers futurs<\/mark><\/h1>\n\n\n\n<p class=\"has-text-align-left\"><strong>Cet \u00e9v\u00e9nement est organis\u00e9 conjointement par la Haute Ecole de gestion de Gen\u00e8ve et VNL \u2013 Association Suisse des R\u00e9seaux Logistiques.<\/strong><br><br>Les villes et leurs habitants doivent-ils subir des nuisances en raison de la croissance \u00e9conomique et de l\u2019\u00e9volution d\u00e9mographique ?<\/p>\n\n\n\n<p>Les chantiers de construction et de r\u00e9novation envahissent notre quotidien, mais la logistique est-elle vraiment appropri\u00e9e ?<\/p>\n\n\n\n<p>Repenser la logistique dans tous ses aspects peut pr\u00e9senter une solution face aux d\u00e9fis \u00e9conomiques, environnementaux et soci\u00e9taux auxquels font face les villes et les environnements urbains.<\/p>\n\n\n\n<p class=\"has-text-align-left\">Nos invit\u00e9-es, experts dans la mati\u00e8re, \u00e9changeront avec le public pr\u00e9sent et partageront leurs exp\u00e9riences et leurs solutions dans le but de relever ce d\u00e9fi et red\u00e9finir un milieu urbain et p\u00e9ri-urbain plus sain et plus s\u00fbr.<\/p>\n\n\n\n<p>Tarif: CHF 35.-&nbsp;<\/p>\n\n\n\n<div class=\"wp-block-buttons is-content-justification-center is-layout-flex wp-container-core-buttons-is-layout-16018d1d wp-block-buttons-is-layout-flex\">\n<div class=\"wp-block-button is-style-fill\"><a class=\"wp-block-button__link has-text-align-center wp-element-button\" href=\"https:\/\/www.hesge.ch\/heg\/ecole\/evenements\/2025\/la-ville-sous-tension-defis-logistiques-chantiers-futurs#programme\" target=\"_blank\" rel=\"noreferrer noopener\"><mark style=\"background-color:rgba(0, 0, 0, 0)\" class=\"has-inline-color has-white-color\"><strong>Programme and Registration<\/strong><\/mark><\/a><\/div>\n<\/div>\n\n\n\n<figure class=\"wp-block-image size-full\"><img loading=\"lazy\" decoding=\"async\" width=\"785\" height=\"163\" src=\"https:\/\/campus.hesge.ch\/cles\/wp-content\/uploads\/2025\/09\/68c7c239591e9.png\" alt=\"\" class=\"wp-image-1244\" srcset=\"https:\/\/campus.hesge.ch\/cles\/wp-content\/uploads\/2025\/09\/68c7c239591e9.png 785w, https:\/\/campus.hesge.ch\/cles\/wp-content\/uploads\/2025\/09\/68c7c239591e9-300x62.png 300w, https:\/\/campus.hesge.ch\/cles\/wp-content\/uploads\/2025\/09\/68c7c239591e9-768x159.png 768w\" sizes=\"auto, (max-width: 785px) 100vw, 785px\" \/><\/figure>\n","protected":false},"excerpt":{"rendered":"<p>Next Events Jeudi 30 Octobre 2025: 17h45-19h00Aula HEG-Gen\u00e8ve La ville sous tension: d\u00e9fis logistiques et chantiers futurs Cet \u00e9v\u00e9nement est organis\u00e9 conjointement par la Haute Ecole de gestion de Gen\u00e8ve et VNL \u2013 Association Suisse des R\u00e9seaux Logistiques. Les villes et leurs habitants doivent-ils subir des nuisances en raison de la croissance \u00e9conomique et de&#8230;<\/p>\n","protected":false},"author":4,"featured_media":0,"parent":0,"menu_order":0,"comment_status":"closed","ping_status":"closed","template":"","meta":{"_uag_custom_page_level_css":"","_kadence_starter_templates_imported_post":false,"_kad_post_transparent":"","_kad_post_title":"","_kad_post_layout":"","_kad_post_sidebar_id":"","_kad_post_content_style":"","_kad_post_vertical_padding":"","_kad_post_feature":"","_kad_post_feature_position":"","_kad_post_header":false,"_kad_post_footer":false,"_kad_post_classname":"","footnotes":""},"class_list":["post-1431","page","type-page","status-publish","hentry"],"uagb_featured_image_src":{"full":false,"thumbnail":false,"medium":false,"medium_large":false,"large":false,"1536x1536":false,"2048x2048":false},"uagb_author_info":{"display_name":"Diego Vanegas","author_link":"https:\/\/campus.hesge.ch\/cles\/?author=4"},"uagb_comment_info":0,"uagb_excerpt":"Next Events Jeudi 30 Octobre 2025: 17h45-19h00Aula HEG-Gen\u00e8ve La ville sous tension: d\u00e9fis logistiques et chantiers futurs Cet \u00e9v\u00e9nement est organis\u00e9 conjointement par la Haute Ecole de gestion de Gen\u00e8ve et VNL \u2013 Association Suisse des R\u00e9seaux Logistiques. Les villes et leurs habitants doivent-ils subir des nuisances en raison de la croissance \u00e9conomique et de...","_links":{"self":[{"href":"https:\/\/campus.hesge.ch\/cles\/index.php?rest_route=\/wp\/v2\/pages\/1431","targetHints":{"allow":["GET"]}}],"collection":[{"href":"https:\/\/campus.hesge.ch\/cles\/index.php?rest_route=\/wp\/v2\/pages"}],"about":[{"href":"https:\/\/campus.hesge.ch\/cles\/index.php?rest_route=\/wp\/v2\/types\/page"}],"author":[{"embeddable":true,"href":"https:\/\/campus.hesge.ch\/cles\/index.php?rest_route=\/wp\/v2\/users\/4"}],"replies":[{"embeddable":true,"href":"https:\/\/campus.hesge.ch\/cles\/index.php?rest_route=%2Fwp%2Fv2%2Fcomments&post=1431"}],"version-history":[{"count":8,"href":"https:\/\/campus.hesge.ch\/cles\/index.php?rest_route=\/wp\/v2\/pages\/1431\/revisions"}],"predecessor-version":[{"id":1569,"href":"https:\/\/campus.hesge.ch\/cles\/index.php?rest_route=\/wp\/v2\/pages\/1431\/revisions\/1569"}],"wp:attachment":[{"href":"https:\/\/campus.hesge.ch\/cles\/index.php?rest_route=%2Fwp%2Fv2%2Fmedia&parent=1431"}],"curies":[{"name":"wp","href":"https:\/\/api.w.org\/{rel}","templated":true}]}}

<p class="has-medium-font-size">Next Events</p>



<figure class="wp-block-image size-large"><img loading="lazy" decoding="async" width="1024" height="371" src="https://campus.hesge.ch/cles/wp-content/uploads/2025/09/685b9fa18c01a-1024x371.jpg" alt="" class="wp-image-1241" srcset="https://campus.hesge.ch/cles/wp-content/uploads/2025/09/685b9fa18c01a-1024x371.jpg 1024w, https://campus.hesge.ch/cles/wp-content/uploads/2025/09/685b9fa18c01a-300x109.jpg 300w, https://campus.hesge.ch/cles/wp-content/uploads/2025/09/685b9fa18c01a-768x278.jpg 768w, https://campus.hesge.ch/cles/wp-content/uploads/2025/09/685b9fa18c01a-1536x557.jpg 1536w, https://campus.hesge.ch/cles/wp-content/uploads/2025/09/685b9fa18c01a-2048x742.jpg 2048w" sizes="auto, (max-width: 1024px) 100vw, 1024px" /></figure>



<h3 class="wp-block-heading has-text-align-left"><mark style="background-color:rgba(0, 0, 0, 0);color:#1d537e" class="has-inline-color"><strong>Jeudi 30 Octobre 2025: 17h45-19h00</strong><br>Aula HEG-Genève</mark></h3>



<hr class="wp-block-separator has-alpha-channel-opacity is-style-wide"/>



<h1 class="wp-block-heading has-text-align-left"><mark style="background-color:rgba(0, 0, 0, 0);color:#1d537e" class="has-inline-color">La ville sous tension: défis logistiques et chantiers futurs</mark></h1>



<p class="has-text-align-left"><strong>Cet événement est organisé conjointement par la Haute Ecole de gestion de Genève et VNL – Association Suisse des Réseaux Logistiques.</strong><br><br>Les villes et leurs habitants doivent-ils subir des nuisances en raison de la croissance économique et de l’évolution démographique ?</p>



<p>Les chantiers de construction et de rénovation envahissent notre quotidien, mais la logistique est-elle vraiment appropriée ?</p>



<p>Repenser la logistique dans tous ses aspects peut présenter une solution face aux défis économiques, environnementaux et sociétaux auxquels font face les villes et les environnements urbains.</p>



<p class="has-text-align-left">Nos invité-es, experts dans la matière, échangeront avec le public présent et partageront leurs expériences et leurs solutions dans le but de relever ce défi et redéfinir un milieu urbain et péri-urbain plus sain et plus sûr.</p>



<p>Tarif: CHF 35.-&nbsp;</p>



<div class="wp-block-buttons is-content-justification-center is-layout-flex wp-container-core-buttons-is-layout-16018d1d wp-block-buttons-is-layout-flex">
<div class="wp-block-button is-style-fill"><a class="wp-block-button__link has-text-align-center wp-element-button" href="https://www.hesge.ch/heg/ecole/evenements/2025/la-ville-sous-tension-defis-logistiques-chantiers-futurs#programme" target="_blank" rel="noreferrer noopener"><mark style="background-color:rgba(0, 0, 0, 0)" class="has-inline-color has-white-color"><strong>Programme and Registration</strong></mark></a></div>
</div>



<figure class="wp-block-image size-full"><img loading="lazy" decoding="async" width="785" height="163" src="https://campus.hesge.ch/cles/wp-content/uploads/2025/09/68c7c239591e9.png" alt="" class="wp-image-1244" srcset="https://campus.hesge.ch/cles/wp-content/uploads/2025/09/68c7c239591e9.png 785w, https://campus.hesge.ch/cles/wp-content/uploads/2025/09/68c7c239591e9-300x62.png 300w, https://campus.hesge.ch/cles/wp-content/uploads/2025/09/68c7c239591e9-768x159.png 768w" sizes="auto, (max-width: 785px) 100vw, 785px" /></figure>

<p>Next Events Jeudi 30 Octobre 2025: 17h45-19h00Aula HEG-Genève La ville sous tension: défis logistiques et chantiers futurs Cet événement est organisé conjointement par la Haute Ecole de gestion de Genève et VNL – Association Suisse des Réseaux Logistiques. Les villes et leurs habitants doivent-ils subir des nuisances en raison de la croissance économique et de&#8230;</p>

Next Events Jeudi 30 Octobre 2025: 17h45-19h00Aula HEG-Genève La ville sous tension: défis logistiques et chantiers futurs Cet événement est organisé conjointement par la Haute Ecole de gestion de Genève et VNL – Association Suisse des Réseaux Logistiques. Les villes et leurs habitants doivent-ils subir des nuisances en raison de la croissance économique et de...
