{"id":1409,"date":"2019-07-05T11:08:11","date_gmt":"2019-07-05T11:08:11","guid":{"rendered":"https:\/\/head.hesge.ch\/atelier-animation\/?page_id=1409"},"modified":"2026-02-18T19:42:19","modified_gmt":"2026-02-18T19:42:19","slug":"dip19-hen","status":"publish","type":"page","link":"https:\/\/campus.hesge.ch\/head-animation\/dip19-hen\/","title":{"rendered":"Tente 113, Idom\u00e8ni"},"content":{"rendered":"\n<p class=\"has-normal-font-size\"><a href=\"https:\/\/campus.hesge.ch\/head-animation\/dip#d13\">&lt; Retour<\/a><\/p>\n\n\n\n<p class=\"has-medium-font-size\">Henri Marbacher<\/p>\n\n\n\n<p>18\u2019, 16:9, Fran\u00e7ais \/ Kurde, sous-titr\u00e9 en fran\u00e7ais<\/p>\n\n\n\n<p>Ag\u00ecr, un jeune homme de 19 ans, souriant et discret, raconte son parcours de migration. C\u2019est l\u2019histoire d\u2019un voyage de la Syrie \u00e0 la Suisse qui s\u2019\u00e9chelonne sur plusieurs ann\u00e9es, se pr\u00e9cipite de bateaux en bus, s\u2019attarde de cabanes en mosqu\u00e9es, traverse camps et fronti\u00e8res. De cette construction chaotique, \u00e9merge un r\u00e9cit morcel\u00e9, in\u00e9gal. Construit de courtes capsules, c\u2019est ce trajet que le dessin anim\u00e9 met en action par la voix-off de Ag\u00ecr.<\/p>\n\n\n\n<h3 class=\"wp-block-heading\">Trailer<\/h3>\n\n\n\n<figure class=\"wp-block-embed aligncenter is-type-video is-provider-vimeo wp-block-embed-vimeo wp-embed-aspect-16-9 wp-has-aspect-ratio\"><div class=\"wp-block-embed__wrapper\">\n<iframe loading=\"lazy\" title=\"Tente 113, Idom&egrave;ni by Henri Marbacher - trailer\" src=\"https:\/\/player.vimeo.com\/video\/345411830?dnt=1&#038;app_id=122963\" width=\"739\" height=\"416\" frameborder=\"0\" allow=\"autoplay; fullscreen\" allowfullscreen><\/iframe>\n<\/div><\/figure>\n","protected":false},"excerpt":{"rendered":"<p>&lt; Retour Henri Marbacher 18\u2019, 16:9, Fran\u00e7ais \/ Kurde, sous-titr\u00e9 en fran\u00e7ais Ag\u00ecr, un jeune homme de 19 ans, souriant et discret, raconte son parcours de migration. C\u2019est l\u2019histoire d\u2019un voyage de la Syrie \u00e0 la Suisse qui s\u2019\u00e9chelonne sur plusieurs ann\u00e9es, se pr\u00e9cipite de bateaux en bus, s\u2019attarde de cabanes en mosqu\u00e9es, traverse camps&hellip; <a class=\"more-link\" href=\"https:\/\/campus.hesge.ch\/head-animation\/dip19-hen\/\">Continue reading <span class=\"screen-reader-text\">Tente 113, Idom\u00e8ni<\/span> <span class=\"meta-nav\" aria-hidden=\"true\">&rarr;<\/span><\/a><\/p>\n","protected":false},"author":1,"featured_media":0,"parent":0,"menu_order":0,"comment_status":"closed","ping_status":"closed","template":"fullwidth-page.php","meta":{"footnotes":""},"class_list":["post-1409","page","type-page","status-publish","hentry"],"_links":{"self":[{"href":"https:\/\/campus.hesge.ch\/head-animation\/wp-json\/wp\/v2\/pages\/1409","targetHints":{"allow":["GET"]}}],"collection":[{"href":"https:\/\/campus.hesge.ch\/head-animation\/wp-json\/wp\/v2\/pages"}],"about":[{"href":"https:\/\/campus.hesge.ch\/head-animation\/wp-json\/wp\/v2\/types\/page"}],"author":[{"embeddable":true,"href":"https:\/\/campus.hesge.ch\/head-animation\/wp-json\/wp\/v2\/users\/1"}],"replies":[{"embeddable":true,"href":"https:\/\/campus.hesge.ch\/head-animation\/wp-json\/wp\/v2\/comments?post=1409"}],"version-history":[{"count":10,"href":"https:\/\/campus.hesge.ch\/head-animation\/wp-json\/wp\/v2\/pages\/1409\/revisions"}],"predecessor-version":[{"id":8430,"href":"https:\/\/campus.hesge.ch\/head-animation\/wp-json\/wp\/v2\/pages\/1409\/revisions\/8430"}],"wp:attachment":[{"href":"https:\/\/campus.hesge.ch\/head-animation\/wp-json\/wp\/v2\/media?parent=1409"}],"curies":[{"name":"wp","href":"https:\/\/api.w.org\/{rel}","templated":true}]}}

Tente 113, Idomèni

<p class="has-normal-font-size"><a href="https://campus.hesge.ch/head-animation/dip#d13">&lt; Retour</a></p>



<p class="has-medium-font-size">Henri Marbacher</p>



<p>18’, 16:9, Français / Kurde, sous-titré en français</p>



<p>Agìr, un jeune homme de 19 ans, souriant et discret, raconte son parcours de migration. C’est l’histoire d’un voyage de la Syrie à la Suisse qui s’échelonne sur plusieurs années, se précipite de bateaux en bus, s’attarde de cabanes en mosquées, traverse camps et frontières. De cette construction chaotique, émerge un récit morcelé, inégal. Construit de courtes capsules, c’est ce trajet que le dessin animé met en action par la voix-off de Agìr.</p>



<h3 class="wp-block-heading">Trailer</h3>



<figure class="wp-block-embed aligncenter is-type-video is-provider-vimeo wp-block-embed-vimeo wp-embed-aspect-16-9 wp-has-aspect-ratio"><div class="wp-block-embed__wrapper">
<iframe loading="lazy" title="Tente 113, Idom&egrave;ni by Henri Marbacher - trailer" src="https://player.vimeo.com/video/345411830?dnt=1&#038;app_id=122963" width="739" height="416" frameborder="0" allow="autoplay; fullscreen" allowfullscreen></iframe>
</div></figure>

<p>&lt; Retour Henri Marbacher 18’, 16:9, Français / Kurde, sous-titré en français Agìr, un jeune homme de 19 ans, souriant et discret, raconte son parcours de migration. C’est l’histoire d’un voyage de la Syrie à la Suisse qui s’échelonne sur plusieurs années, se précipite de bateaux en bus, s’attarde de cabanes en mosquées, traverse camps&hellip; <a class="more-link" href="https://campus.hesge.ch/head-animation/dip19-hen/">Continue reading <span class="screen-reader-text">Tente 113, Idomèni</span> <span class="meta-nav" aria-hidden="true">&rarr;</span></a></p>
