{"id":1484,"date":"2019-07-06T08:46:21","date_gmt":"2019-07-06T08:46:21","guid":{"rendered":"https:\/\/head.hesge.ch\/atelier-animation\/?page_id=1484"},"modified":"2026-02-18T17:26:58","modified_gmt":"2026-02-18T17:26:58","slug":"wme19-bib","status":"publish","type":"page","link":"https:\/\/campus.hesge.ch\/head-animation\/wme19-bib\/","title":{"rendered":"Biblioth\u00e8que HEAD\u2013Gen\u00e8ve"},"content":{"rendered":"\n<p class=\"has-normal-font-size\"><a href=\"https:\/\/campus.hesge.ch\/head-animation\/wme\/\">&lt; Retour<\/a><\/p>\n\n\n\n<p>Des \u00e9tudiant-e-s de Communication visuelle ont r\u00e9alis\u00e9 des animations GIF pour le blog de la biblioth\u00e8que de la HEAD \u2013 Gen\u00e8ve. Lors d&rsquo;une rencontre avec les biblioth\u00e9caires, elles leur ont expliqu\u00e9 son organisation et leur ont transmis une liste de mots comme inspiration pour la cr\u00e9ation des animations. Les \u00e9tudiant-e-s avaient carte blanche pour le style graphique.<\/p>\n\n\n\n<p>Ce mandat est \u00e0 l&rsquo;origine de la galerie <a rel=\"noreferrer noopener\" href=\"https:\/\/campus.hesge.ch\/head-animation\/gifo\/\" target=\"_blank\">Gifoth\u00e8que<\/a>. Elle met gratuitement \u00e0 disposition des animations GIF pour enrichir des sites. <br>Voir <a rel=\"noreferrer noopener\" href=\"https:\/\/campus.hesge.ch\/head-animation\/gifo19\/\" target=\"_blank\">Gifoth\u00e8que 2018 &#8211; 2019<\/a><\/p>\n\n\n\n<p>Biblioth\u00e8que HEAD \u2013 Gen\u00e8ve :<br>Biblioth\u00e9caire responsable : Claire Medri-Vignola<br>Biblioth\u00e9caire : Katrin Morisod<br>Biblioth\u00e9caire : Laura Fischer<br>Assistante Archiviste : Sibylle Monney<br>head.hesge.ch\/biblio<\/p>\n\n\n\n<p>D\u00e9partement Communication visuelle :<br>Responsable : Pierre-Alain Giesser<br>Enseignant : Olivier Riechsteiner<\/p>\n\n\n\n<div style=\"height:20px\" aria-hidden=\"true\" class=\"wp-block-spacer\"><\/div>\n\n\n\n<h2 class=\"wp-block-heading\">Animations<\/h2>\n\n\n\n<p>Garance Vallier, Jeff D\u00e9lez, Marilou Poir\u00e9, P\u00e9n\u00e9lope Schachner et William Thibault<\/p>\n\n\n\n<div style=\"padding:56.25% 0 0 0;position:relative;\"><iframe src=\"https:\/\/player.vimeo.com\/video\/346893330?h=4014b49494&amp;badge=0&amp;autopause=0&amp;player_id=0&amp;app_id=58479\" frameborder=\"0\" allow=\"autoplay; fullscreen; picture-in-picture\" allowfullscreen=\"\" style=\"position:absolute;top:0;left:0;width:100%;height:100%;\" title=\"MANDAT BIBLIOTHEQUE 18-19\"><\/iframe><\/div><script src=\"https:\/\/player.vimeo.com\/api\/player.js\"><\/script>\n","protected":false},"excerpt":{"rendered":"<p>&lt; Retour Des \u00e9tudiant-e-s de Communication visuelle ont r\u00e9alis\u00e9 des animations GIF pour le blog de la biblioth\u00e8que de la HEAD \u2013 Gen\u00e8ve. Lors d&rsquo;une rencontre avec les biblioth\u00e9caires, elles leur ont expliqu\u00e9 son organisation et leur ont transmis une liste de mots comme inspiration pour la cr\u00e9ation des animations. Les \u00e9tudiant-e-s avaient carte blanche&hellip; <a class=\"more-link\" href=\"https:\/\/campus.hesge.ch\/head-animation\/wme19-bib\/\">Continue reading <span class=\"screen-reader-text\">Biblioth\u00e8que HEAD\u2013Gen\u00e8ve<\/span> <span class=\"meta-nav\" aria-hidden=\"true\">&rarr;<\/span><\/a><\/p>\n","protected":false},"author":1,"featured_media":0,"parent":0,"menu_order":0,"comment_status":"closed","ping_status":"closed","template":"fullwidth-page.php","meta":{"footnotes":""},"class_list":["post-1484","page","type-page","status-publish","hentry"],"_links":{"self":[{"href":"https:\/\/campus.hesge.ch\/head-animation\/wp-json\/wp\/v2\/pages\/1484","targetHints":{"allow":["GET"]}}],"collection":[{"href":"https:\/\/campus.hesge.ch\/head-animation\/wp-json\/wp\/v2\/pages"}],"about":[{"href":"https:\/\/campus.hesge.ch\/head-animation\/wp-json\/wp\/v2\/types\/page"}],"author":[{"embeddable":true,"href":"https:\/\/campus.hesge.ch\/head-animation\/wp-json\/wp\/v2\/users\/1"}],"replies":[{"embeddable":true,"href":"https:\/\/campus.hesge.ch\/head-animation\/wp-json\/wp\/v2\/comments?post=1484"}],"version-history":[{"count":22,"href":"https:\/\/campus.hesge.ch\/head-animation\/wp-json\/wp\/v2\/pages\/1484\/revisions"}],"predecessor-version":[{"id":8381,"href":"https:\/\/campus.hesge.ch\/head-animation\/wp-json\/wp\/v2\/pages\/1484\/revisions\/8381"}],"wp:attachment":[{"href":"https:\/\/campus.hesge.ch\/head-animation\/wp-json\/wp\/v2\/media?parent=1484"}],"curies":[{"name":"wp","href":"https:\/\/api.w.org\/{rel}","templated":true}]}}

Bibliothèque HEAD–Genève

<p class="has-normal-font-size"><a href="https://campus.hesge.ch/head-animation/wme/">&lt; Retour</a></p>



<p>Des étudiant-e-s de Communication visuelle ont réalisé des animations GIF pour le blog de la bibliothèque de la HEAD – Genève. Lors d&rsquo;une rencontre avec les bibliothécaires, elles leur ont expliqué son organisation et leur ont transmis une liste de mots comme inspiration pour la création des animations. Les étudiant-e-s avaient carte blanche pour le style graphique.</p>



<p>Ce mandat est à l&rsquo;origine de la galerie <a rel="noreferrer noopener" href="https://campus.hesge.ch/head-animation/gifo/" target="_blank">Gifothèque</a>. Elle met gratuitement à disposition des animations GIF pour enrichir des sites. <br>Voir <a rel="noreferrer noopener" href="https://campus.hesge.ch/head-animation/gifo19/" target="_blank">Gifothèque 2018 &#8211; 2019</a></p>



<p>Bibliothèque HEAD – Genève :<br>Bibliothécaire responsable : Claire Medri-Vignola<br>Bibliothécaire : Katrin Morisod<br>Bibliothécaire : Laura Fischer<br>Assistante Archiviste : Sibylle Monney<br>head.hesge.ch/biblio</p>



<p>Département Communication visuelle :<br>Responsable : Pierre-Alain Giesser<br>Enseignant : Olivier Riechsteiner</p>



<div style="height:20px" aria-hidden="true" class="wp-block-spacer"></div>



<h2 class="wp-block-heading">Animations</h2>



<p>Garance Vallier, Jeff Délez, Marilou Poiré, Pénélope Schachner et William Thibault</p>



<div style="padding:56.25% 0 0 0;position:relative;"><iframe src="https://player.vimeo.com/video/346893330?h=4014b49494&amp;badge=0&amp;autopause=0&amp;player_id=0&amp;app_id=58479" frameborder="0" allow="autoplay; fullscreen; picture-in-picture" allowfullscreen="" style="position:absolute;top:0;left:0;width:100%;height:100%;" title="MANDAT BIBLIOTHEQUE 18-19"></iframe></div><script src="https://player.vimeo.com/api/player.js"></script>

<p>&lt; Retour Des étudiant-e-s de Communication visuelle ont réalisé des animations GIF pour le blog de la bibliothèque de la HEAD – Genève. Lors d&rsquo;une rencontre avec les bibliothécaires, elles leur ont expliqué son organisation et leur ont transmis une liste de mots comme inspiration pour la création des animations. Les étudiant-e-s avaient carte blanche&hellip; <a class="more-link" href="https://campus.hesge.ch/head-animation/wme19-bib/">Continue reading <span class="screen-reader-text">Bibliothèque HEAD–Genève</span> <span class="meta-nav" aria-hidden="true">&rarr;</span></a></p>
