{"id":171,"date":"2019-05-19T20:15:49","date_gmt":"2019-05-19T20:15:49","guid":{"rendered":"https:\/\/head.hesge.ch\/atelier-animation\/?page_id=171"},"modified":"2026-02-18T20:53:39","modified_gmt":"2026-02-18T20:53:39","slug":"dip","status":"publish","type":"page","link":"https:\/\/campus.hesge.ch\/head-animation\/dip\/","title":{"rendered":"Dipl\u00f4mes Bachelor"},"content":{"rendered":"\n<p><a href=\"https:\/\/campus.hesge.ch\/head-animation\/index.php\">&lt; Retour<\/a><\/p>\n\n\n<div class=\"wp-block-image is-resized\">\n<figure class=\"alignleft size-full\" id=\"d22\"><a href=\"https:\/\/campus.hesge.ch\/head-animation\/dip21\/\"><img loading=\"lazy\" decoding=\"async\" width=\"250\" height=\"141\" src=\"https:\/\/campus.hesge.ch\/head-animation\/wp-content\/uploads\/2022\/04\/dip21.png\" alt=\"\" class=\"wp-image-6084\"\/><\/a><figcaption class=\"wp-element-caption\">PETITE<br>Nina M\u00e9groz<br>Communication visuelle \u2013 2021<\/figcaption><\/figure>\n<\/div>\n\n<div class=\"wp-block-image font-size: 13px text-align: center margin: 0.8075em 0\">\n<figure class=\"alignleft size-full 0\"><a href=\"https:\/\/campus.hesge.ch\/head-animation\/dip20-2\"><img loading=\"lazy\" decoding=\"async\" width=\"250\" height=\"141\" src=\"https:\/\/campus.hesge.ch\/head-animation\/wp-content\/uploads\/2021\/03\/dip20.png\" alt=\"\" class=\"wp-image-4358\"\/><\/a><figcaption class=\"wp-element-caption\">LA COMMUNICATION DES ARBRES<br>Sachie Rodriguez<br>Communication visuelle \u2013 2020<\/figcaption><\/figure>\n<\/div>\n\n<div class=\"wp-block-image\">\n<figure class=\"alignleft size-large\"><a href=\"https:\/\/campus.hesge.ch\/head-animation\/dip19-pen\"><img loading=\"lazy\" decoding=\"async\" width=\"250\" height=\"141\" src=\"https:\/\/campus.hesge.ch\/head-animation\/wp-content\/uploads\/2019\/07\/19dipl.jpg\" alt=\"\" class=\"wp-image-933\"\/><\/a><figcaption class=\"wp-element-caption\">LINGERS<br>P\u00e9n\u00e9lope Schachner<br>Communication visuelle \u2013 2019<br><\/figcaption><\/figure>\n<\/div>\n\n<div class=\"wp-block-image\">\n<figure class=\"alignleft size-large\" id=\"d13\"><a href=\"https:\/\/campus.hesge.ch\/head-animation\/dip19-hen\"><img loading=\"lazy\" decoding=\"async\" width=\"250\" height=\"141\" src=\"https:\/\/campus.hesge.ch\/head-animation\/wp-content\/uploads\/2019\/07\/19dipl_hen.jpg\" alt=\"\" class=\"wp-image-1414\"\/><\/a><figcaption class=\"wp-element-caption\">TENTE 113, IDOM\u00c8NI<br>Henri Marbacher<br>D\u00e9partement Cin\u00e9ma \u2013 2019<\/figcaption><\/figure>\n<\/div>\n\n<div class=\"wp-block-image\">\n<figure class=\"alignleft size-large\" id=\"d12\"><a href=\"https:\/\/campus.hesge.ch\/head-animation\/dip18-lea\"><img loading=\"lazy\" decoding=\"async\" width=\"250\" height=\"141\" src=\"https:\/\/campus.hesge.ch\/head-animation\/wp-content\/uploads\/2019\/05\/18dipl_lea.jpg\" alt=\"\" class=\"wp-image-21\"\/><\/a><figcaption class=\"wp-element-caption\">GOOD HAIR<br>L\u00e9a Lansiaux<br>Communication visuelle \u2013 2018<\/figcaption><\/figure>\n<\/div>\n\n<div class=\"wp-block-image\">\n<figure class=\"alignleft size-large\" id=\"d11\"><a href=\"https:\/\/campus.hesge.ch\/head-animation\/dip18-mar\"><img loading=\"lazy\" decoding=\"async\" width=\"250\" height=\"141\" src=\"https:\/\/campus.hesge.ch\/head-animation\/wp-content\/uploads\/2019\/05\/18dipl_mar.jpg\" alt=\"\" class=\"wp-image-13\"\/><\/a><figcaption class=\"wp-element-caption\">MIRRORS + THE MESSAGE<br>Marie Lavis<br>Communication visuelle \u2013 2018<\/figcaption><\/figure>\n<\/div>\n\n<div class=\"wp-block-image\">\n<figure class=\"alignleft size-large\" id=\"d10\"><a href=\"https:\/\/campus.hesge.ch\/head-animation\/dip17-les\"><img loading=\"lazy\" decoding=\"async\" width=\"250\" height=\"141\" src=\"https:\/\/campus.hesge.ch\/head-animation\/wp-content\/uploads\/2019\/05\/17dipl.jpg\" alt=\"\" class=\"wp-image-180\"\/><\/a><figcaption class=\"wp-element-caption\">UN NOUVEAU REGARD<br>Leslie Lemoine<br>Communication visuelle \u2013 2017<\/figcaption><\/figure>\n<\/div>\n\n<div class=\"wp-block-image\">\n<figure class=\"alignleft size-large\" id=\"d9\"><a href=\"https:\/\/campus.hesge.ch\/head-animation\/dip16-cha\"><img loading=\"lazy\" decoding=\"async\" width=\"250\" height=\"141\" src=\"https:\/\/campus.hesge.ch\/head-animation\/wp-content\/uploads\/2019\/05\/16dipl.jpg\" alt=\"\" class=\"wp-image-181\"\/><\/a><figcaption class=\"wp-element-caption\">LES METAMORPHES<br>Charlotte Mermoud<br>Communication visuelle \u2013 2016<\/figcaption><\/figure>\n<\/div>\n\n<div class=\"wp-block-image\">\n<figure class=\"alignleft size-large\" id=\"d8\"><a href=\"https:\/\/campus.hesge.ch\/head-animation\/dip15-mel\"><img loading=\"lazy\" decoding=\"async\" width=\"250\" height=\"141\" src=\"https:\/\/campus.hesge.ch\/head-animation\/wp-content\/uploads\/2019\/07\/15dipl_mel.jpg\" alt=\"\" class=\"wp-image-871\"\/><\/a><figcaption class=\"wp-element-caption\">CHEVALIER DES TEMPS MODERNERS<br>M\u00e9lissa Monnier<br>Communication visuelle \u2013 2015<\/figcaption><\/figure>\n<\/div>\n\n<div class=\"wp-block-image\">\n<figure class=\"alignleft size-large\" id=\"d7\"><a href=\"https:\/\/campus.hesge.ch\/head-animation\/dip15-san\"><img loading=\"lazy\" decoding=\"async\" width=\"250\" height=\"141\" src=\"https:\/\/campus.hesge.ch\/head-animation\/wp-content\/uploads\/2019\/05\/15dipl.jpg\" alt=\"\" class=\"wp-image-182\"\/><\/a><figcaption class=\"wp-element-caption\">L\u2019ESSOUFFLEMENT<br>Sandy Pitetti<br>Communication visuelle \u2013 2015<\/figcaption><\/figure>\n<\/div>\n\n<div class=\"wp-block-image\">\n<figure class=\"alignleft size-large\" id=\"d6\"><a href=\"https:\/\/campus.hesge.ch\/head-animation\/dip13-chr\"><img loading=\"lazy\" decoding=\"async\" width=\"250\" height=\"141\" src=\"https:\/\/campus.hesge.ch\/head-animation\/wp-content\/uploads\/2019\/05\/13dipl_chr.jpg\" alt=\"\" class=\"wp-image-185\"\/><\/a><figcaption class=\"wp-element-caption\">C.R.A.P.E<br>Christoffer Ellgaard<br>Communication visuelle \u2013 2013<\/figcaption><\/figure>\n<\/div>\n\n<div class=\"wp-block-image\">\n<figure class=\"alignleft size-large\" id=\"d5\"><a href=\"https:\/\/campus.hesge.ch\/head-animation\/dip13-min\"><img loading=\"lazy\" decoding=\"async\" width=\"250\" height=\"141\" src=\"https:\/\/campus.hesge.ch\/head-animation\/wp-content\/uploads\/2019\/05\/13dipl_min.jpg\" alt=\"\" class=\"wp-image-184\"\/><\/a><figcaption class=\"wp-element-caption\">LA GRENOUILLE<br>Min-Su Kim<br>Communication visuelle \u2013 2013<\/figcaption><\/figure>\n<\/div>\n\n<div class=\"wp-block-image\">\n<figure class=\"alignleft size-large\" id=\"d4\"><a href=\"https:\/\/campus.hesge.ch\/head-animation\/dip13-yic\"><img loading=\"lazy\" decoding=\"async\" width=\"250\" height=\"141\" src=\"https:\/\/campus.hesge.ch\/head-animation\/wp-content\/uploads\/2019\/05\/13dipl_yu.jpg\" alt=\"\" class=\"wp-image-183\"\/><\/a><figcaption class=\"wp-element-caption\">DERNIERES PAROLES POUR TOI AVANT QUE JE ME TAISE \/ Yi-Chun Kuo<br>Arts visuels \u2013 2013<\/figcaption><\/figure>\n<\/div>\n\n<div class=\"wp-block-image\">\n<figure class=\"alignleft size-large\" id=\"d3\"><a href=\"https:\/\/campus.hesge.ch\/head-animation\/dip12-mar\"><img loading=\"lazy\" decoding=\"async\" width=\"250\" height=\"141\" src=\"https:\/\/campus.hesge.ch\/head-animation\/wp-content\/uploads\/2019\/05\/12dipl_mar.jpg\" alt=\"\" class=\"wp-image-186\"\/><\/a><figcaption class=\"wp-element-caption\">DOGON<br>Marie Rossi<br>Communication visuelle \u2013 2012<br><\/figcaption><\/figure>\n<\/div>\n\n<div class=\"wp-block-image\">\n<figure class=\"alignleft size-large\" id=\"d2\"><a href=\"https:\/\/campus.hesge.ch\/head-animation\/dip12-jim\"><img loading=\"lazy\" decoding=\"async\" width=\"250\" height=\"141\" src=\"https:\/\/campus.hesge.ch\/head-animation\/wp-content\/uploads\/2019\/05\/12dipl_jim.jpg\" alt=\"\" class=\"wp-image-187\"\/><\/a><figcaption class=\"wp-element-caption\">MERE IVOIRE<br>Jimmy Roura<br>Communication visuelle \u2013 2012<br><\/figcaption><\/figure>\n<\/div>\n\n<div class=\"wp-block-image\">\n<figure class=\"alignleft size-large\" id=\"d1\"><a href=\"https:\/\/campus.hesge.ch\/head-animation\/dip11-jul\"><img loading=\"lazy\" decoding=\"async\" width=\"250\" height=\"141\" src=\"https:\/\/campus.hesge.ch\/head-animation\/wp-content\/uploads\/2019\/05\/11dipl.jpg\" alt=\"\" class=\"wp-image-188\"\/><\/a><figcaption class=\"wp-element-caption\">ALZHEIMER<br> Julien Mouron et Johan Rosti<br>Communication visuelle \u2013 2011<\/figcaption><\/figure>\n<\/div>","protected":false},"excerpt":{"rendered":"<p>&lt; Retour<\/p>\n","protected":false},"author":1,"featured_media":0,"parent":0,"menu_order":1,"comment_status":"closed","ping_status":"closed","template":"fullwidth-page.php","meta":{"footnotes":""},"class_list":["post-171","page","type-page","status-publish","hentry"],"_links":{"self":[{"href":"https:\/\/campus.hesge.ch\/head-animation\/wp-json\/wp\/v2\/pages\/171","targetHints":{"allow":["GET"]}}],"collection":[{"href":"https:\/\/campus.hesge.ch\/head-animation\/wp-json\/wp\/v2\/pages"}],"about":[{"href":"https:\/\/campus.hesge.ch\/head-animation\/wp-json\/wp\/v2\/types\/page"}],"author":[{"embeddable":true,"href":"https:\/\/campus.hesge.ch\/head-animation\/wp-json\/wp\/v2\/users\/1"}],"replies":[{"embeddable":true,"href":"https:\/\/campus.hesge.ch\/head-animation\/wp-json\/wp\/v2\/comments?post=171"}],"version-history":[{"count":103,"href":"https:\/\/campus.hesge.ch\/head-animation\/wp-json\/wp\/v2\/pages\/171\/revisions"}],"predecessor-version":[{"id":8431,"href":"https:\/\/campus.hesge.ch\/head-animation\/wp-json\/wp\/v2\/pages\/171\/revisions\/8431"}],"wp:attachment":[{"href":"https:\/\/campus.hesge.ch\/head-animation\/wp-json\/wp\/v2\/media?parent=171"}],"curies":[{"name":"wp","href":"https:\/\/api.w.org\/{rel}","templated":true}]}}