{"id":4265,"date":"2021-03-08T14:56:10","date_gmt":"2021-03-08T14:56:10","guid":{"rendered":"https:\/\/campus.hesge.ch\/head-animation\/?page_id=4265"},"modified":"2026-08-12T13:31:58","modified_gmt":"2026-08-12T13:31:58","slug":"wme20-law","status":"publish","type":"page","link":"https:\/\/campus.hesge.ch\/head-animation\/wme20-law\/","title":{"rendered":"Law Clinic"},"content":{"rendered":"\n<p class=\"wp-block-paragraph\"><a href=\"https:\/\/campus.hesge.ch\/head-animation\/wme\/\">&lt; Retour<\/a><\/p>\n\n\n\n<p class=\"wp-block-paragraph\">Mandat r\u00e9alis\u00e9 en collaboration avec la Law Clinic du d\u00e9partement de droit de l&rsquo;Universit\u00e9 de Gen\u00e8ve et l&rsquo;atelier de cin\u00e9ma d&rsquo;animation. Il s&rsquo;est d\u00e9roul\u00e9 dans le cadre du cours d\u2019animation CV 3\u00e8me ann\u00e9e du semestre de printemps 2019 &#8211; 2020.<br><br>L&rsquo;objectif \u00e9tait de cr\u00e9er de petites animations de vulgarisation d\u2019informations juridiques concernant les droits face \u00e0 la police, notamment pour les personnes ne comprenant pas notre langue.<\/p>\n\n\n\n<p class=\"wp-block-paragraph\">La Law Clinic a propos\u00e9 plusieurs th\u00e8mes \u00e0 choix. Les animations ont \u00e9t\u00e9 r\u00e9alis\u00e9es sous la supervision des intervenantes afin de garantir la conformit\u00e9 de leur contenu avec la loi. Le sc\u00e9nario et le graphisme \u00e9taient libres.<\/p>\n\n\n\n<p class=\"wp-block-paragraph\">Law Cinic<br>Intervenantes : Vista Vida Eskandari et Nesa Zimmermann<br>R\u00e9alis\u00e9 sur la base des recherches de Clara Buchs, Fanny Toutou-Mpondo et Martot Voisin, avec l&rsquo;assistance de Sofia Vegas.<br><a href=\"https:\/\/www.unige.ch\/droit\/lawclinic\/fr\/\" target=\"_blank\" rel=\"noreferrer noopener\">Law Clinic<\/a><br><br>Atelier de cin\u00e9ma d\u2019animation<br>Encadrement : Olivier Riechsteiner<\/p>\n\n\n\n<h2 class=\"wp-block-heading\"><br>Filmer et diffuser<\/h2>\n\n\n\n<p class=\"wp-block-paragraph\">Animation : Annie a Marca et Quentin Coet<br>Illustration sonore : Olivier Riechsteiner<\/p>\n\n\n\n<div style=\"padding:56.25% 0 0 0;position:relative;\"><iframe src=\"https:\/\/player.vimeo.com\/video\/520876266?h=473ef33a0a&amp;badge=0&amp;autopause=0&amp;player_id=0&amp;app_id=58479\" frameborder=\"0\" allow=\"autoplay; fullscreen; picture-in-picture; clipboard-write\" style=\"position:absolute;top:0;left:0;width:100%;height:100%;\" title=\"22-23 SA SEM HC GIF1\"><\/iframe><\/div><script src=\"https:\/\/player.vimeo.com\/api\/player.js\"><\/script>\n\n\n\n<h2 class=\"wp-block-heading\"><br><br>Interposer<\/h2>\n\n\n\n<p class=\"wp-block-paragraph\">Animation : Rafael Haro Gonzalez<br>Illustration sonore : Olivier Riechsteiner<\/p>\n\n\n\n<div style=\"padding:56.25% 0 0 0;position:relative;\"><iframe src=\"https:\/\/player.vimeo.com\/video\/520876292?h=473ef33a0a&amp;badge=0&amp;autopause=0&amp;player_id=0&amp;app_id=58479\" frameborder=\"0\" allow=\"autoplay; fullscreen; picture-in-picture; clipboard-write\" style=\"position:absolute;top:0;left:0;width:100%;height:100%;\" title=\"22-23 SA SEM HC GIF1\"><\/iframe><\/div><script src=\"https:\/\/player.vimeo.com\/api\/player.js\"><\/script>\n\n\n\n<h2 class=\"wp-block-heading\"><br><br>Profilage racial<\/h2>\n\n\n\n<p class=\"wp-block-paragraph\">Animation : Dorodea Leone<br>Illustration sonore : Olivier Riechsteiner<\/p>\n\n\n\n<div style=\"padding:56.25% 0 0 0;position:relative;\"><iframe src=\"https:\/\/player.vimeo.com\/video\/520876317?h=473ef33a0a&amp;badge=0&amp;autopause=0&amp;player_id=0&amp;app_id=58479\" frameborder=\"0\" allow=\"autoplay; fullscreen; picture-in-picture; clipboard-write\" style=\"position:absolute;top:0;left:0;width:100%;height:100%;\" title=\"22-23 SA SEM HC GIF1\"><\/iframe><\/div><script src=\"https:\/\/player.vimeo.com\/api\/player.js\"><\/script>\n\n\n\n<h2 class=\"wp-block-heading\"><br><br>Violences polici\u00e8res 1<\/h2>\n\n\n\n<p class=\"wp-block-paragraph\">Animation : Nina Megroz et Loris Sch\u00e4ren<br>Illustration sonore : Olivier Riechsteiner<\/p>\n\n\n\n<div style=\"padding:56.25% 0 0 0;position:relative;\"><iframe src=\"https:\/\/player.vimeo.com\/video\/520876335?h=473ef33a0a&amp;badge=0&amp;autopause=0&amp;player_id=0&amp;app_id=58479\" frameborder=\"0\" allow=\"autoplay; fullscreen; picture-in-picture; clipboard-write\" style=\"position:absolute;top:0;left:0;width:100%;height:100%;\" title=\"22-23 SA SEM HC GIF1\"><\/iframe><\/div><script src=\"https:\/\/player.vimeo.com\/api\/player.js\"><\/script>\n\n\n\n<h2 class=\"wp-block-heading\"><br><br>Violences polici\u00e8res 2<\/h2>\n\n\n\n<p class=\"wp-block-paragraph\">Animation : Flore Dely<br>Voix : Flore Dely et J\u00e9r\u00e9mie Monnet<br>Musique : Sappheiros &#8211; Passion<\/p>\n\n\n\n<div style=\"padding:56.25% 0 0 0;position:relative;\"><iframe src=\"https:\/\/player.vimeo.com\/video\/520876353?h=473ef33a0a&amp;badge=0&amp;autopause=0&amp;player_id=0&amp;app_id=58479\" frameborder=\"0\" allow=\"autoplay; fullscreen; picture-in-picture; clipboard-write\" style=\"position:absolute;top:0;left:0;width:100%;height:100%;\" title=\"22-23 SA SEM HC GIF1\"><\/iframe><\/div><script src=\"https:\/\/player.vimeo.com\/api\/player.js\"><\/script>\n\n\n\n<h2 class=\"wp-block-heading\"><br><br>Violences polici\u00e8res 3<\/h2>\n\n\n\n<p class=\"wp-block-paragraph\">Animation : Yoon Jin Kim<br>Illustration sonore : Olivier Riechsteiner<\/p>\n\n\n\n<div style=\"padding:56.25% 0 0 0;position:relative;\"><iframe src=\"https:\/\/player.vimeo.com\/video\/520876413?h=473ef33a0a&amp;badge=0&amp;autopause=0&amp;player_id=0&amp;app_id=58479\" frameborder=\"0\" allow=\"autoplay; fullscreen; picture-in-picture; clipboard-write\" style=\"position:absolute;top:0;left:0;width:100%;height:100%;\" title=\"22-23 SA SEM HC GIF1\"><\/iframe><\/div><script src=\"https:\/\/player.vimeo.com\/api\/player.js\"><\/script>\n","protected":false},"excerpt":{"rendered":"<p>&lt; Retour Mandat r\u00e9alis\u00e9 en collaboration avec la Law Clinic du d\u00e9partement de droit de l&rsquo;Universit\u00e9 de Gen\u00e8ve et l&rsquo;atelier de cin\u00e9ma d&rsquo;animation. Il s&rsquo;est d\u00e9roul\u00e9 dans le cadre du cours d\u2019animation CV 3\u00e8me ann\u00e9e du semestre de printemps 2019 &#8211; 2020. L&rsquo;objectif \u00e9tait de cr\u00e9er de petites animations de vulgarisation d\u2019informations juridiques concernant les&hellip; <a class=\"more-link\" href=\"https:\/\/campus.hesge.ch\/head-animation\/wme20-law\/\">Continue reading <span class=\"screen-reader-text\">Law Clinic<\/span> <span class=\"meta-nav\" aria-hidden=\"true\">&rarr;<\/span><\/a><\/p>\n","protected":false},"author":1,"featured_media":0,"parent":0,"menu_order":0,"comment_status":"closed","ping_status":"closed","template":"","meta":{"footnotes":""},"class_list":["post-4265","page","type-page","status-publish","hentry"],"_links":{"self":[{"href":"https:\/\/campus.hesge.ch\/head-animation\/wp-json\/wp\/v2\/pages\/4265","targetHints":{"allow":["GET"]}}],"collection":[{"href":"https:\/\/campus.hesge.ch\/head-animation\/wp-json\/wp\/v2\/pages"}],"about":[{"href":"https:\/\/campus.hesge.ch\/head-animation\/wp-json\/wp\/v2\/types\/page"}],"author":[{"embeddable":true,"href":"https:\/\/campus.hesge.ch\/head-animation\/wp-json\/wp\/v2\/users\/1"}],"replies":[{"embeddable":true,"href":"https:\/\/campus.hesge.ch\/head-animation\/wp-json\/wp\/v2\/comments?post=4265"}],"version-history":[{"count":39,"href":"https:\/\/campus.hesge.ch\/head-animation\/wp-json\/wp\/v2\/pages\/4265\/revisions"}],"predecessor-version":[{"id":9106,"href":"https:\/\/campus.hesge.ch\/head-animation\/wp-json\/wp\/v2\/pages\/4265\/revisions\/9106"}],"wp:attachment":[{"href":"https:\/\/campus.hesge.ch\/head-animation\/wp-json\/wp\/v2\/media?parent=4265"}],"curies":[{"name":"wp","href":"https:\/\/api.w.org\/{rel}","templated":true}]}}

<p class="wp-block-paragraph"><a href="https://campus.hesge.ch/head-animation/wme/">&lt; Retour</a></p>



<p class="wp-block-paragraph">Mandat réalisé en collaboration avec la Law Clinic du département de droit de l&rsquo;Université de Genève et l&rsquo;atelier de cinéma d&rsquo;animation. Il s&rsquo;est déroulé dans le cadre du cours d’animation CV 3ème année du semestre de printemps 2019 &#8211; 2020.<br><br>L&rsquo;objectif était de créer de petites animations de vulgarisation d’informations juridiques concernant les droits face à la police, notamment pour les personnes ne comprenant pas notre langue.</p>



<p class="wp-block-paragraph">La Law Clinic a proposé plusieurs thèmes à choix. Les animations ont été réalisées sous la supervision des intervenantes afin de garantir la conformité de leur contenu avec la loi. Le scénario et le graphisme étaient libres.</p>



<p class="wp-block-paragraph">Law Cinic<br>Intervenantes : Vista Vida Eskandari et Nesa Zimmermann<br>Réalisé sur la base des recherches de Clara Buchs, Fanny Toutou-Mpondo et Martot Voisin, avec l&rsquo;assistance de Sofia Vegas.<br><a href="https://www.unige.ch/droit/lawclinic/fr/" target="_blank" rel="noreferrer noopener">Law Clinic</a><br><br>Atelier de cinéma d’animation<br>Encadrement : Olivier Riechsteiner</p>



<h2 class="wp-block-heading"><br>Filmer et diffuser</h2>



<p class="wp-block-paragraph">Animation : Annie a Marca et Quentin Coet<br>Illustration sonore : Olivier Riechsteiner</p>



<div style="padding:56.25% 0 0 0;position:relative;"><iframe src="https://player.vimeo.com/video/520876266?h=473ef33a0a&amp;badge=0&amp;autopause=0&amp;player_id=0&amp;app_id=58479" frameborder="0" allow="autoplay; fullscreen; picture-in-picture; clipboard-write" style="position:absolute;top:0;left:0;width:100%;height:100%;" title="22-23 SA SEM HC GIF1"></iframe></div><script src="https://player.vimeo.com/api/player.js"></script>



<h2 class="wp-block-heading"><br><br>Interposer</h2>



<p class="wp-block-paragraph">Animation : Rafael Haro Gonzalez<br>Illustration sonore : Olivier Riechsteiner</p>



<div style="padding:56.25% 0 0 0;position:relative;"><iframe src="https://player.vimeo.com/video/520876292?h=473ef33a0a&amp;badge=0&amp;autopause=0&amp;player_id=0&amp;app_id=58479" frameborder="0" allow="autoplay; fullscreen; picture-in-picture; clipboard-write" style="position:absolute;top:0;left:0;width:100%;height:100%;" title="22-23 SA SEM HC GIF1"></iframe></div><script src="https://player.vimeo.com/api/player.js"></script>



<h2 class="wp-block-heading"><br><br>Profilage racial</h2>



<p class="wp-block-paragraph">Animation : Dorodea Leone<br>Illustration sonore : Olivier Riechsteiner</p>



<div style="padding:56.25% 0 0 0;position:relative;"><iframe src="https://player.vimeo.com/video/520876317?h=473ef33a0a&amp;badge=0&amp;autopause=0&amp;player_id=0&amp;app_id=58479" frameborder="0" allow="autoplay; fullscreen; picture-in-picture; clipboard-write" style="position:absolute;top:0;left:0;width:100%;height:100%;" title="22-23 SA SEM HC GIF1"></iframe></div><script src="https://player.vimeo.com/api/player.js"></script>



<h2 class="wp-block-heading"><br><br>Violences policières 1</h2>



<p class="wp-block-paragraph">Animation : Nina Megroz et Loris Schären<br>Illustration sonore : Olivier Riechsteiner</p>



<div style="padding:56.25% 0 0 0;position:relative;"><iframe src="https://player.vimeo.com/video/520876335?h=473ef33a0a&amp;badge=0&amp;autopause=0&amp;player_id=0&amp;app_id=58479" frameborder="0" allow="autoplay; fullscreen; picture-in-picture; clipboard-write" style="position:absolute;top:0;left:0;width:100%;height:100%;" title="22-23 SA SEM HC GIF1"></iframe></div><script src="https://player.vimeo.com/api/player.js"></script>



<h2 class="wp-block-heading"><br><br>Violences policières 2</h2>



<p class="wp-block-paragraph">Animation : Flore Dely<br>Voix : Flore Dely et Jérémie Monnet<br>Musique : Sappheiros &#8211; Passion</p>



<div style="padding:56.25% 0 0 0;position:relative;"><iframe src="https://player.vimeo.com/video/520876353?h=473ef33a0a&amp;badge=0&amp;autopause=0&amp;player_id=0&amp;app_id=58479" frameborder="0" allow="autoplay; fullscreen; picture-in-picture; clipboard-write" style="position:absolute;top:0;left:0;width:100%;height:100%;" title="22-23 SA SEM HC GIF1"></iframe></div><script src="https://player.vimeo.com/api/player.js"></script>



<h2 class="wp-block-heading"><br><br>Violences policières 3</h2>



<p class="wp-block-paragraph">Animation : Yoon Jin Kim<br>Illustration sonore : Olivier Riechsteiner</p>



<div style="padding:56.25% 0 0 0;position:relative;"><iframe src="https://player.vimeo.com/video/520876413?h=473ef33a0a&amp;badge=0&amp;autopause=0&amp;player_id=0&amp;app_id=58479" frameborder="0" allow="autoplay; fullscreen; picture-in-picture; clipboard-write" style="position:absolute;top:0;left:0;width:100%;height:100%;" title="22-23 SA SEM HC GIF1"></iframe></div><script src="https://player.vimeo.com/api/player.js"></script>

<p>&lt; Retour Mandat réalisé en collaboration avec la Law Clinic du département de droit de l&rsquo;Université de Genève et l&rsquo;atelier de cinéma d&rsquo;animation. Il s&rsquo;est déroulé dans le cadre du cours d’animation CV 3ème année du semestre de printemps 2019 &#8211; 2020. L&rsquo;objectif était de créer de petites animations de vulgarisation d’informations juridiques concernant les&hellip; <a class="more-link" href="https://campus.hesge.ch/head-animation/wme20-law/">Continue reading <span class="screen-reader-text">Law Clinic</span> <span class="meta-nav" aria-hidden="true">&rarr;</span></a></p>
