{"id":4344,"date":"2021-03-09T09:11:15","date_gmt":"2021-03-09T09:11:15","guid":{"rendered":"https:\/\/campus.hesge.ch\/head-animation\/?page_id=4344"},"modified":"2026-02-18T16:21:48","modified_gmt":"2026-02-18T16:21:48","slug":"dip20-2","status":"publish","type":"page","link":"https:\/\/campus.hesge.ch\/head-animation\/dip20-2\/","title":{"rendered":"La communication des arbres"},"content":{"rendered":"\n<p><a href=\"https:\/\/campus.hesge.ch\/head-animation\/dip\/\">&lt; Retour<\/a><\/p>\n\n\n\n<p class=\"has-medium-font-size\">Sachie Rodriguez<br>Bachelor en Communication Visuelle sp\u00e9cialisation Image R\u00e9cit<\/p>\n\n\n\n<p>Face aux enjeux climatique actuels, les arbres restent nos premiers alli\u00e9s. \u00c0 travers une animation didactique sur la communication des arbres, on peut d\u00e9couvrir d\u2019avantage sur la magie des r\u00e9seaux souterrains des for\u00eats. Ainsi, en m\u00eame temps que l\u2019on apprend sur ce m\u00e9canisme, on peut aussi comprendre l\u2019importance de la pr\u00e9servation des for\u00eats, riches en biodiversit\u00e9, pour la stabilisation du climat dans le monde. La d\u00e9marche artistique est de redonner de l\u2019espoir en offrant une perspective optimiste sur cette th\u00e9matique.<br><br><\/p>\n\n\n\n<figure class=\"wp-block-embed aligncenter is-type-video is-provider-vimeo wp-block-embed-vimeo wp-embed-aspect-16-9 wp-has-aspect-ratio\"><div class=\"wp-block-embed__wrapper\">\n<iframe loading=\"lazy\" title=\"La communication des arbres - Sachie Rodriguez .mp4\" src=\"https:\/\/player.vimeo.com\/video\/521294543?h=a751c47970&amp;dnt=1&amp;app_id=122963\" width=\"739\" height=\"416\" frameborder=\"0\" allow=\"autoplay; fullscreen; picture-in-picture\" allowfullscreen><\/iframe>\n<\/div><\/figure>\n","protected":false},"excerpt":{"rendered":"<p>&lt; Retour Sachie RodriguezBachelor en Communication Visuelle sp\u00e9cialisation Image R\u00e9cit Face aux enjeux climatique actuels, les arbres restent nos premiers alli\u00e9s. \u00c0 travers une animation didactique sur la communication des arbres, on peut d\u00e9couvrir d\u2019avantage sur la magie des r\u00e9seaux souterrains des for\u00eats. Ainsi, en m\u00eame temps que l\u2019on apprend sur ce m\u00e9canisme, on peut&hellip; <a class=\"more-link\" href=\"https:\/\/campus.hesge.ch\/head-animation\/dip20-2\/\">Continue reading <span class=\"screen-reader-text\">La communication des arbres<\/span> <span class=\"meta-nav\" aria-hidden=\"true\">&rarr;<\/span><\/a><\/p>\n","protected":false},"author":1,"featured_media":0,"parent":0,"menu_order":0,"comment_status":"closed","ping_status":"closed","template":"fullwidth-page.php","meta":{"footnotes":""},"class_list":["post-4344","page","type-page","status-publish","hentry"],"_links":{"self":[{"href":"https:\/\/campus.hesge.ch\/head-animation\/wp-json\/wp\/v2\/pages\/4344","targetHints":{"allow":["GET"]}}],"collection":[{"href":"https:\/\/campus.hesge.ch\/head-animation\/wp-json\/wp\/v2\/pages"}],"about":[{"href":"https:\/\/campus.hesge.ch\/head-animation\/wp-json\/wp\/v2\/types\/page"}],"author":[{"embeddable":true,"href":"https:\/\/campus.hesge.ch\/head-animation\/wp-json\/wp\/v2\/users\/1"}],"replies":[{"embeddable":true,"href":"https:\/\/campus.hesge.ch\/head-animation\/wp-json\/wp\/v2\/comments?post=4344"}],"version-history":[{"count":14,"href":"https:\/\/campus.hesge.ch\/head-animation\/wp-json\/wp\/v2\/pages\/4344\/revisions"}],"predecessor-version":[{"id":8344,"href":"https:\/\/campus.hesge.ch\/head-animation\/wp-json\/wp\/v2\/pages\/4344\/revisions\/8344"}],"wp:attachment":[{"href":"https:\/\/campus.hesge.ch\/head-animation\/wp-json\/wp\/v2\/media?parent=4344"}],"curies":[{"name":"wp","href":"https:\/\/api.w.org\/{rel}","templated":true}]}}