{"id":459,"date":"2019-05-22T08:43:41","date_gmt":"2019-05-22T08:43:41","guid":{"rendered":"https:\/\/head.hesge.ch\/atelier-animation\/?page_id=459"},"modified":"2026-02-18T16:50:47","modified_gmt":"2026-02-18T16:50:47","slug":"dip16-cha","status":"publish","type":"page","link":"https:\/\/campus.hesge.ch\/head-animation\/dip16-cha\/","title":{"rendered":"Les M\u00e9tamorphes"},"content":{"rendered":"\n<p class=\"has-normal-font-size\"><a href=\"https:\/\/campus.hesge.ch\/head-animation\/dip\/\">&lt; Retour<\/a><\/p>\n\n\n\n<p class=\"has-medium-font-size\">Charlotte Mermoud<\/p>\n\n\n\n<p>Film d\u2019animation en dessin anim\u00e9<br>03:54<\/p>\n\n\n\n<p>Une forme se met \u00e0 respirer. Une autre forme se met \u00e0 battre. D\u2019autres formes s\u2019\u00e9lectrisent, l\u2019une formant une main, d\u2019autres formant des pieds. Un trou forme une bouche. D\u2019autres trous forment des yeux. Ensemble, les M\u00e9tamorphes prennent forme humaine&#8230; Mais dans le fond, ce ne sont que des formes.<\/p>\n\n\n\n<p>Au plus pr\u00e8s des limites minimales de l\u2019anthropomorphisme, ce film est une exp\u00e9rimentation autour de ce r\u00e9flexe inn\u00e9 qui influence notre imagination et nous incite \u00e0 attribur des caract\u00e9ristiques humaines, physiques ou comportementales aux choses.<\/p>\n\n\n\n<p><a href=\"http:\/\/ache-ache.net\">http:\/\/ache-ache.net<\/a><\/p>\n\n\n\n<figure class=\"wp-block-embed aligncenter is-type-video is-provider-vimeo wp-block-embed-vimeo wp-embed-aspect-16-9 wp-has-aspect-ratio\"><div class=\"wp-block-embed__wrapper\">\n<iframe loading=\"lazy\" title=\"LES METAMORPHES 15-16\" src=\"https:\/\/player.vimeo.com\/video\/216986968?dnt=1&#038;app_id=122963\" width=\"739\" height=\"416\" frameborder=\"0\" allow=\"autoplay; fullscreen\" allowfullscreen><\/iframe>\n<\/div><\/figure>\n","protected":false},"excerpt":{"rendered":"<p>&lt; Retour Charlotte Mermoud Film d\u2019animation en dessin anim\u00e903:54 Une forme se met \u00e0 respirer. Une autre forme se met \u00e0 battre. D\u2019autres formes s\u2019\u00e9lectrisent, l\u2019une formant une main, d\u2019autres formant des pieds. Un trou forme une bouche. D\u2019autres trous forment des yeux. Ensemble, les M\u00e9tamorphes prennent forme humaine&#8230; Mais dans le fond, ce ne&hellip; <a class=\"more-link\" href=\"https:\/\/campus.hesge.ch\/head-animation\/dip16-cha\/\">Continue reading <span class=\"screen-reader-text\">Les M\u00e9tamorphes<\/span> <span class=\"meta-nav\" aria-hidden=\"true\">&rarr;<\/span><\/a><\/p>\n","protected":false},"author":1,"featured_media":0,"parent":0,"menu_order":0,"comment_status":"closed","ping_status":"closed","template":"templates\/login-page.php","meta":{"footnotes":""},"class_list":["post-459","page","type-page","status-publish","hentry"],"_links":{"self":[{"href":"https:\/\/campus.hesge.ch\/head-animation\/wp-json\/wp\/v2\/pages\/459","targetHints":{"allow":["GET"]}}],"collection":[{"href":"https:\/\/campus.hesge.ch\/head-animation\/wp-json\/wp\/v2\/pages"}],"about":[{"href":"https:\/\/campus.hesge.ch\/head-animation\/wp-json\/wp\/v2\/types\/page"}],"author":[{"embeddable":true,"href":"https:\/\/campus.hesge.ch\/head-animation\/wp-json\/wp\/v2\/users\/1"}],"replies":[{"embeddable":true,"href":"https:\/\/campus.hesge.ch\/head-animation\/wp-json\/wp\/v2\/comments?post=459"}],"version-history":[{"count":4,"href":"https:\/\/campus.hesge.ch\/head-animation\/wp-json\/wp\/v2\/pages\/459\/revisions"}],"predecessor-version":[{"id":8355,"href":"https:\/\/campus.hesge.ch\/head-animation\/wp-json\/wp\/v2\/pages\/459\/revisions\/8355"}],"wp:attachment":[{"href":"https:\/\/campus.hesge.ch\/head-animation\/wp-json\/wp\/v2\/media?parent=459"}],"curies":[{"name":"wp","href":"https:\/\/api.w.org\/{rel}","templated":true}]}}