{"id":4803,"date":"2021-07-09T08:44:57","date_gmt":"2021-07-09T08:44:57","guid":{"rendered":"https:\/\/campus.hesge.ch\/head-animation\/?page_id=4803"},"modified":"2026-02-18T17:23:59","modified_gmt":"2026-02-18T17:23:59","slug":"wme21","status":"publish","type":"page","link":"https:\/\/campus.hesge.ch\/head-animation\/wme21\/","title":{"rendered":"Story-board anim\u00e9"},"content":{"rendered":"\n<p><a href=\"https:\/\/campus.hesge.ch\/head-animation\/wme\/\">&lt; Retour<\/a><\/p>\n\n\n\n<p>R\u00e9alis\u00e9 dans le cadre de la semaine hors-cadre du semestre d&rsquo;automne.<\/p>\n\n\n\n<p>Ce workshop avait pour but d&rsquo;aborder la narration dans l&rsquo;image anim\u00e9e par la r\u00e9alisation d&rsquo;un story-board anim\u00e9 (animatique) et sur la base d&rsquo;une bande-son pr\u00e9existante. Des approches classiques et atypiques ont \u00e9t\u00e9 pr\u00e9sent\u00e9es incitant les \u00e9tudiant\u00b7e\u00b7x\u00b7s \u00e0 exp\u00e9rimenter des formes de narration originales.<\/p>\n\n\n\n<p>Invit\u00e9e : <a href=\"https:\/\/www.isabellefavez.com\/\">Isabelle Favez<\/a><br>Encadrement : Olivier Riechsteiner<\/p>\n\n\n\n<div style=\"padding:56.25% 0 0 0;position:relative;\"><iframe src=\"https:\/\/player.vimeo.com\/video\/572416674?title=0&amp;byline=0&amp;portrait=0\" style=\"position:absolute;top:0;left:0;width:100%;height:100%;\" frameborder=\"0\" allow=\"autoplay; fullscreen; picture-in-picture\" allowfullscreen=\"\"><\/iframe><\/div><script src=\"https:\/\/player.vimeo.com\/api\/player.js\"><\/script>\n","protected":false},"excerpt":{"rendered":"<p>&lt; Retour R\u00e9alis\u00e9 dans le cadre de la semaine hors-cadre du semestre d&rsquo;automne. Ce workshop avait pour but d&rsquo;aborder la narration dans l&rsquo;image anim\u00e9e par la r\u00e9alisation d&rsquo;un story-board anim\u00e9 (animatique) et sur la base d&rsquo;une bande-son pr\u00e9existante. Des approches classiques et atypiques ont \u00e9t\u00e9 pr\u00e9sent\u00e9es incitant les \u00e9tudiant\u00b7e\u00b7x\u00b7s \u00e0 exp\u00e9rimenter des formes de narration&hellip; <a class=\"more-link\" href=\"https:\/\/campus.hesge.ch\/head-animation\/wme21\/\">Continue reading <span class=\"screen-reader-text\">Story-board anim\u00e9<\/span> <span class=\"meta-nav\" aria-hidden=\"true\">&rarr;<\/span><\/a><\/p>\n","protected":false},"author":1,"featured_media":0,"parent":0,"menu_order":0,"comment_status":"closed","ping_status":"closed","template":"fullwidth-page.php","meta":{"footnotes":""},"class_list":["post-4803","page","type-page","status-publish","hentry"],"_links":{"self":[{"href":"https:\/\/campus.hesge.ch\/head-animation\/wp-json\/wp\/v2\/pages\/4803","targetHints":{"allow":["GET"]}}],"collection":[{"href":"https:\/\/campus.hesge.ch\/head-animation\/wp-json\/wp\/v2\/pages"}],"about":[{"href":"https:\/\/campus.hesge.ch\/head-animation\/wp-json\/wp\/v2\/types\/page"}],"author":[{"embeddable":true,"href":"https:\/\/campus.hesge.ch\/head-animation\/wp-json\/wp\/v2\/users\/1"}],"replies":[{"embeddable":true,"href":"https:\/\/campus.hesge.ch\/head-animation\/wp-json\/wp\/v2\/comments?post=4803"}],"version-history":[{"count":10,"href":"https:\/\/campus.hesge.ch\/head-animation\/wp-json\/wp\/v2\/pages\/4803\/revisions"}],"predecessor-version":[{"id":8377,"href":"https:\/\/campus.hesge.ch\/head-animation\/wp-json\/wp\/v2\/pages\/4803\/revisions\/8377"}],"wp:attachment":[{"href":"https:\/\/campus.hesge.ch\/head-animation\/wp-json\/wp\/v2\/media?parent=4803"}],"curies":[{"name":"wp","href":"https:\/\/api.w.org\/{rel}","templated":true}]}}

Story-board animé

<p><a href="https://campus.hesge.ch/head-animation/wme/">&lt; Retour</a></p>



<p>Réalisé dans le cadre de la semaine hors-cadre du semestre d&rsquo;automne.</p>



<p>Ce workshop avait pour but d&rsquo;aborder la narration dans l&rsquo;image animée par la réalisation d&rsquo;un story-board animé (animatique) et sur la base d&rsquo;une bande-son préexistante. Des approches classiques et atypiques ont été présentées incitant les étudiant·e·x·s à expérimenter des formes de narration originales.</p>



<p>Invitée : <a href="https://www.isabellefavez.com/">Isabelle Favez</a><br>Encadrement : Olivier Riechsteiner</p>



<div style="padding:56.25% 0 0 0;position:relative;"><iframe src="https://player.vimeo.com/video/572416674?title=0&amp;byline=0&amp;portrait=0" style="position:absolute;top:0;left:0;width:100%;height:100%;" frameborder="0" allow="autoplay; fullscreen; picture-in-picture" allowfullscreen=""></iframe></div><script src="https://player.vimeo.com/api/player.js"></script>

<p>&lt; Retour Réalisé dans le cadre de la semaine hors-cadre du semestre d&rsquo;automne. Ce workshop avait pour but d&rsquo;aborder la narration dans l&rsquo;image animée par la réalisation d&rsquo;un story-board animé (animatique) et sur la base d&rsquo;une bande-son préexistante. Des approches classiques et atypiques ont été présentées incitant les étudiant·e·x·s à expérimenter des formes de narration&hellip; <a class="more-link" href="https://campus.hesge.ch/head-animation/wme21/">Continue reading <span class="screen-reader-text">Story-board animé</span> <span class="meta-nav" aria-hidden="true">&rarr;</span></a></p>
