{"id":6137,"date":"2022-04-30T21:22:23","date_gmt":"2022-04-30T21:22:23","guid":{"rendered":"https:\/\/campus.hesge.ch\/head-animation\/?page_id=6137"},"modified":"2026-02-18T17:11:59","modified_gmt":"2026-02-18T17:11:59","slug":"wme20-ing","status":"publish","type":"page","link":"https:\/\/campus.hesge.ch\/head-animation\/wme20-ing\/","title":{"rendered":"Semaine inaugurale animation"},"content":{"rendered":"\n<p><a href=\"https:\/\/campus.hesge.ch\/head-animation\/wme\/\">&lt; Retour<\/a><\/p>\n\n\n\n<p>Les ann\u00e9es acad\u00e9miques de la HEAD \u2013  Gen\u00e8ve d\u00e9butent avec une semaine inaugurale. Lors de celle-ci, l&rsquo;\u00e9cole propose aux nouveaux\u00b7x\u00b7elles \u00e9tudiant\u00b7e\u00b7x\u00b7s de participer \u00e0 un workshop afin de faire connaissance avec leurs camarades et avec l&rsquo;institution. En 2020 &#8211; 2021, le Bachelor Communication visuelle a choisi l&rsquo;animation d&rsquo;objets comme sujet. <br>Nous avons invit\u00e9 Elie Chapuis, r\u00e9alisateur de films d&rsquo;animation et animateur de poup\u00e9es, pour conduire ce workshop.<br>Le premier jour \u00e9tait d\u00e9di\u00e9 \u00e0 une pr\u00e9sentation de films d&rsquo;animation et \u00e0 une pr\u00e9sentation du travail personnel de l&rsquo;invit\u00e9. Le deuxi\u00e8me jour s&rsquo;est tenu un exercice nomm\u00e9 \u00ab\u00a0cadavre exquis\u00a0\u00bb, o\u00f9 chaque \u00e9tudiant\u00b7e\u00b7x\u00b7s cr\u00e9e une courte animation sans savoir ce qui la pr\u00e9c\u00e8de ou la suit. Elie Chapuis a ensuite propos\u00e9 de diviser les \u00e9tudiant en plusieurs groupes et de cr\u00e9er, pour une moiti\u00e9, des animations \u00e0 l&rsquo;ext\u00e9rieur avec des appareils mobiles et pour l&rsquo;autre moiti\u00e9, des animations \u00e0 l&rsquo;int\u00e9rieur avec des sets d&rsquo;animation d&rsquo;objets. Les sujets choisis favorisaient une exp\u00e9rimentation graduelle des possibilit\u00e9s de l&rsquo;animation d&rsquo;objet. Le dernier jour, les \u00e9tudiant\u00b7e\u00b7x\u00b7s avaient la possibilit\u00e9 d&rsquo;ajouter la dimension sonore en cr\u00e9ant une animation avec des sons choisis dans une banque de son.<\/p>\n\n\n\n<p>Invit\u00e9 : <a rel=\"noreferrer noopener\" href=\"https:\/\/www.cineforom.ch\/elie-chapuis\" target=\"_blank\">Elie Chapuis<\/a><br>Equipe enseignante : Olivier Riechsteiner, Claudy Iannone et Helge Reumann<\/p>\n\n\n\n<div style=\"height:40px\" aria-hidden=\"true\" class=\"wp-block-spacer\"><\/div>\n\n\n\n<h2 class=\"wp-block-heading\">Jour 2<\/h2>\n\n\n\n<p>Exercice \u00ab\u00a0Cadavre exquis\u00a0\u00bb &#8211; sans son<\/p>\n\n\n\n<div style=\"padding:56.25% 0 0 0;position:relative;\"><iframe src=\"https:\/\/player.vimeo.com\/video\/572419693?h=d001dbf42a&amp;badge=0&amp;autopause=0&amp;player_id=0&amp;app_id=58479\" frameborder=\"0\" allow=\"autoplay; fullscreen; picture-in-picture\" allowfullscreen=\"\" style=\"position:absolute;top:0;left:0;width:100%;height:100%;\" title=\"20-21 SA SEM INAUG CV J2 (temp)\"><\/iframe><\/div><script src=\"https:\/\/player.vimeo.com\/api\/player.js\"><\/script>\n\n\n\n<div style=\"height:80px\" aria-hidden=\"true\" class=\"wp-block-spacer\"><\/div>\n\n\n\n<h2 class=\"wp-block-heading\">Jour 3<\/h2>\n\n\n\n<p>Exercices int\u00e9rieur \/ ext\u00e9rieur &#8211; sans son<\/p>\n\n\n\n<div style=\"padding:56.25% 0 0 0;position:relative;\"><iframe src=\"https:\/\/player.vimeo.com\/video\/572419925?h=e1c864912c&amp;badge=0&amp;autopause=0&amp;player_id=0&amp;app_id=58479\" frameborder=\"0\" allow=\"autoplay; fullscreen; picture-in-picture\" allowfullscreen=\"\" style=\"position:absolute;top:0;left:0;width:100%;height:100%;\" title=\"20-21 SA SEM INAUG CV J3\"><\/iframe><\/div><script src=\"https:\/\/player.vimeo.com\/api\/player.js\"><\/script>\n\n\n\n<div style=\"height:80px\" aria-hidden=\"true\" class=\"wp-block-spacer\"><\/div>\n\n\n\n<h2 class=\"wp-block-heading\">Jour 4<\/h2>\n\n\n\n<p>Exercices int\u00e9rieur \/ ext\u00e9rieur &#8211; sans son<\/p>\n\n\n\n<div style=\"padding:56.25% 0 0 0;position:relative;\"><iframe src=\"https:\/\/player.vimeo.com\/video\/572420317?h=624c442571&amp;badge=0&amp;autopause=0&amp;player_id=0&amp;app_id=58479\" frameborder=\"0\" allow=\"autoplay; fullscreen; picture-in-picture\" allowfullscreen=\"\" style=\"position:absolute;top:0;left:0;width:100%;height:100%;\" title=\"20-21 SA SEM INAUG CV J4\"><\/iframe><\/div><script src=\"https:\/\/player.vimeo.com\/api\/player.js\"><\/script>\n\n\n\n<div style=\"height:80px\" aria-hidden=\"true\" class=\"wp-block-spacer\"><\/div>\n\n\n\n<h2 class=\"wp-block-heading\">Jour 5<\/h2>\n\n\n\n<p>Exercices avec du son<\/p>\n\n\n\n<div style=\"padding:56.25% 0 0 0;position:relative;\"><iframe src=\"https:\/\/player.vimeo.com\/video\/572420589?h=14fe2aa405&amp;badge=0&amp;autopause=0&amp;player_id=0&amp;app_id=58479\" frameborder=\"0\" allow=\"autoplay; fullscreen; picture-in-picture\" allowfullscreen=\"\" style=\"position:absolute;top:0;left:0;width:100%;height:100%;\" title=\"20-21 SA SEM INAUG CV J5\"><\/iframe><\/div><script src=\"https:\/\/player.vimeo.com\/api\/player.js\"><\/script>\n\n\n\n<br>\n<a href=\"#top\">^ Haut<\/a>\n","protected":false},"excerpt":{"rendered":"<p>&lt; Retour Les ann\u00e9es acad\u00e9miques de la HEAD \u2013 Gen\u00e8ve d\u00e9butent avec une semaine inaugurale. Lors de celle-ci, l&rsquo;\u00e9cole propose aux nouveaux\u00b7x\u00b7elles \u00e9tudiant\u00b7e\u00b7x\u00b7s de participer \u00e0 un workshop afin de faire connaissance avec leurs camarades et avec l&rsquo;institution. En 2020 &#8211; 2021, le Bachelor Communication visuelle a choisi l&rsquo;animation d&rsquo;objets comme sujet. Nous avons invit\u00e9&hellip; <a class=\"more-link\" href=\"https:\/\/campus.hesge.ch\/head-animation\/wme20-ing\/\">Continue reading <span class=\"screen-reader-text\">Semaine inaugurale animation<\/span> <span class=\"meta-nav\" aria-hidden=\"true\">&rarr;<\/span><\/a><\/p>\n","protected":false},"author":1,"featured_media":0,"parent":0,"menu_order":0,"comment_status":"closed","ping_status":"closed","template":"fullwidth-page.php","meta":{"footnotes":""},"class_list":["post-6137","page","type-page","status-publish","hentry"],"_links":{"self":[{"href":"https:\/\/campus.hesge.ch\/head-animation\/wp-json\/wp\/v2\/pages\/6137","targetHints":{"allow":["GET"]}}],"collection":[{"href":"https:\/\/campus.hesge.ch\/head-animation\/wp-json\/wp\/v2\/pages"}],"about":[{"href":"https:\/\/campus.hesge.ch\/head-animation\/wp-json\/wp\/v2\/types\/page"}],"author":[{"embeddable":true,"href":"https:\/\/campus.hesge.ch\/head-animation\/wp-json\/wp\/v2\/users\/1"}],"replies":[{"embeddable":true,"href":"https:\/\/campus.hesge.ch\/head-animation\/wp-json\/wp\/v2\/comments?post=6137"}],"version-history":[{"count":39,"href":"https:\/\/campus.hesge.ch\/head-animation\/wp-json\/wp\/v2\/pages\/6137\/revisions"}],"predecessor-version":[{"id":8378,"href":"https:\/\/campus.hesge.ch\/head-animation\/wp-json\/wp\/v2\/pages\/6137\/revisions\/8378"}],"wp:attachment":[{"href":"https:\/\/campus.hesge.ch\/head-animation\/wp-json\/wp\/v2\/media?parent=6137"}],"curies":[{"name":"wp","href":"https:\/\/api.w.org\/{rel}","templated":true}]}}

<p><a href="https://campus.hesge.ch/head-animation/wme/">&lt; Retour</a></p>



<p>Les années académiques de la HEAD –  Genève débutent avec une semaine inaugurale. Lors de celle-ci, l&rsquo;école propose aux nouveaux·x·elles étudiant·e·x·s de participer à un workshop afin de faire connaissance avec leurs camarades et avec l&rsquo;institution. En 2020 &#8211; 2021, le Bachelor Communication visuelle a choisi l&rsquo;animation d&rsquo;objets comme sujet. <br>Nous avons invité Elie Chapuis, réalisateur de films d&rsquo;animation et animateur de poupées, pour conduire ce workshop.<br>Le premier jour était dédié à une présentation de films d&rsquo;animation et à une présentation du travail personnel de l&rsquo;invité. Le deuxième jour s&rsquo;est tenu un exercice nommé « cadavre exquis », où chaque étudiant·e·x·s crée une courte animation sans savoir ce qui la précède ou la suit. Elie Chapuis a ensuite proposé de diviser les étudiant en plusieurs groupes et de créer, pour une moitié, des animations à l&rsquo;extérieur avec des appareils mobiles et pour l&rsquo;autre moitié, des animations à l&rsquo;intérieur avec des sets d&rsquo;animation d&rsquo;objets. Les sujets choisis favorisaient une expérimentation graduelle des possibilités de l&rsquo;animation d&rsquo;objet. Le dernier jour, les étudiant·e·x·s avaient la possibilité d&rsquo;ajouter la dimension sonore en créant une animation avec des sons choisis dans une banque de son.</p>



<p>Invité : <a rel="noreferrer noopener" href="https://www.cineforom.ch/elie-chapuis" target="_blank">Elie Chapuis</a><br>Equipe enseignante : Olivier Riechsteiner, Claudy Iannone et Helge Reumann</p>



<div style="height:40px" aria-hidden="true" class="wp-block-spacer"></div>



<h2 class="wp-block-heading">Jour 2</h2>



<p>Exercice « Cadavre exquis » &#8211; sans son</p>



<div style="padding:56.25% 0 0 0;position:relative;"><iframe src="https://player.vimeo.com/video/572419693?h=d001dbf42a&amp;badge=0&amp;autopause=0&amp;player_id=0&amp;app_id=58479" frameborder="0" allow="autoplay; fullscreen; picture-in-picture" allowfullscreen="" style="position:absolute;top:0;left:0;width:100%;height:100%;" title="20-21 SA SEM INAUG CV J2 (temp)"></iframe></div><script src="https://player.vimeo.com/api/player.js"></script>



<div style="height:80px" aria-hidden="true" class="wp-block-spacer"></div>



<h2 class="wp-block-heading">Jour 3</h2>



<p>Exercices intérieur / extérieur &#8211; sans son</p>



<div style="padding:56.25% 0 0 0;position:relative;"><iframe src="https://player.vimeo.com/video/572419925?h=e1c864912c&amp;badge=0&amp;autopause=0&amp;player_id=0&amp;app_id=58479" frameborder="0" allow="autoplay; fullscreen; picture-in-picture" allowfullscreen="" style="position:absolute;top:0;left:0;width:100%;height:100%;" title="20-21 SA SEM INAUG CV J3"></iframe></div><script src="https://player.vimeo.com/api/player.js"></script>



<div style="height:80px" aria-hidden="true" class="wp-block-spacer"></div>



<h2 class="wp-block-heading">Jour 4</h2>



<p>Exercices intérieur / extérieur &#8211; sans son</p>



<div style="padding:56.25% 0 0 0;position:relative;"><iframe src="https://player.vimeo.com/video/572420317?h=624c442571&amp;badge=0&amp;autopause=0&amp;player_id=0&amp;app_id=58479" frameborder="0" allow="autoplay; fullscreen; picture-in-picture" allowfullscreen="" style="position:absolute;top:0;left:0;width:100%;height:100%;" title="20-21 SA SEM INAUG CV J4"></iframe></div><script src="https://player.vimeo.com/api/player.js"></script>



<div style="height:80px" aria-hidden="true" class="wp-block-spacer"></div>



<h2 class="wp-block-heading">Jour 5</h2>



<p>Exercices avec du son</p>



<div style="padding:56.25% 0 0 0;position:relative;"><iframe src="https://player.vimeo.com/video/572420589?h=14fe2aa405&amp;badge=0&amp;autopause=0&amp;player_id=0&amp;app_id=58479" frameborder="0" allow="autoplay; fullscreen; picture-in-picture" allowfullscreen="" style="position:absolute;top:0;left:0;width:100%;height:100%;" title="20-21 SA SEM INAUG CV J5"></iframe></div><script src="https://player.vimeo.com/api/player.js"></script>



<br>
<a href="#top">^ Haut</a>

<p>&lt; Retour Les années académiques de la HEAD – Genève débutent avec une semaine inaugurale. Lors de celle-ci, l&rsquo;école propose aux nouveaux·x·elles étudiant·e·x·s de participer à un workshop afin de faire connaissance avec leurs camarades et avec l&rsquo;institution. En 2020 &#8211; 2021, le Bachelor Communication visuelle a choisi l&rsquo;animation d&rsquo;objets comme sujet. Nous avons invité&hellip; <a class="more-link" href="https://campus.hesge.ch/head-animation/wme20-ing/">Continue reading <span class="screen-reader-text">Semaine inaugurale animation</span> <span class="meta-nav" aria-hidden="true">&rarr;</span></a></p>
