{"id":978,"date":"2019-07-03T15:33:33","date_gmt":"2019-07-03T15:33:33","guid":{"rendered":"https:\/\/head.hesge.ch\/atelier-animation\/?page_id=978"},"modified":"2026-02-18T17:45:58","modified_gmt":"2026-02-18T17:45:58","slug":"wme13-ess","status":"publish","type":"page","link":"https:\/\/campus.hesge.ch\/head-animation\/wme13-ess\/","title":{"rendered":"Essaim"},"content":{"rendered":"\n<p class=\"has-normal-font-size\"><a href=\"https:\/\/campus.hesge.ch\/head-animation\/wme\/\">&lt; Retour<\/a><\/p>\n\n\n\n<p class=\"has-medium-font-size\">Films d&rsquo;animation \u2013 Pr\u00e9sentation d&rsquo;Essaim, l&rsquo;incubateur de la Chambre de l&rsquo;\u00e9conomie sociale et solidaire, APR\u00c8S-GE \u00e0 travers trois films d&rsquo;animation.<\/p>\n\n\n\n<p>Des \u00e9tudiant-e-s de la &nbsp;fili\u00e8re Communication visuelle de la HEAD, en collaboration avec Essaim, Incubateur d&rsquo;APR\u00c8S-GE, ont r\u00e9alis\u00e9 trois petits films d&rsquo;animation autour de l&rsquo;entrepreneuriat dans l&rsquo;\u00e9conomie sociale et solidaire. Essaim accueille, conseille et accompagne des personnes souhaitant se lancer dans l\u2019entrepreneuriat ainsi que des structures de l&rsquo;\u00e9conomie sociale et solidaire (ESS) souhaitant d\u00e9velopper de nouvelles activit\u00e9s \u00e9conomiques. Les \u00e9tudiant-e-s ont eu carte blanche et proposent trois approches originales du sujet.<\/p>\n\n\n\n<p>Essaim &gt; <a href=\"http:\/\/www.apres-ge.ch\/node\/31752\" target=\"_blank\" rel=\"noreferrer noopener\" aria-label=\"www.essaim.ch (s\u2019ouvre dans un nouvel onglet)\">www.essaim.ch<\/a><\/p>\n\n\n\n<h2 class=\"wp-block-heading\"><br>Coup de main<\/h2>\n\n\n\n<p>Laura Iwaszkiewicz, Philippe Oswald et Nelson Reitz<\/p>\n\n\n\n<figure class=\"wp-block-embed aligncenter is-type-video is-provider-vimeo wp-block-embed-vimeo wp-embed-aspect-16-9 wp-has-aspect-ratio\"><div class=\"wp-block-embed__wrapper\">\n<iframe loading=\"lazy\" title=\"COUP DE MAIN 12-13\" src=\"https:\/\/player.vimeo.com\/video\/58724938?dnt=1&#038;app_id=122963\" width=\"739\" height=\"416\" frameborder=\"0\" allow=\"autoplay; fullscreen\" allowfullscreen><\/iframe>\n<\/div><\/figure>\n\n\n\n<h2 class=\"wp-block-heading\"><br>Mon entreprise sociale et solidaire<\/h2>\n\n\n\n<p>Elisabeth Gaillard, Yvan Mermod et Ajsa Zdravkovic<\/p>\n\n\n\n<figure class=\"wp-block-embed aligncenter is-type-video is-provider-vimeo wp-block-embed-vimeo wp-embed-aspect-16-9 wp-has-aspect-ratio\"><div class=\"wp-block-embed__wrapper\">\n<iframe loading=\"lazy\" title=\"MON ENTREPRISE SOCIALE ET SOLIDAIRE 12-13\" src=\"https:\/\/player.vimeo.com\/video\/58725123?dnt=1&#038;app_id=122963\" width=\"739\" height=\"416\" frameborder=\"0\" allow=\"autoplay; fullscreen\" allowfullscreen><\/iframe>\n<\/div><\/figure>\n\n\n\n<h2 class=\"wp-block-heading\"><br>Nouvel envol<\/h2>\n\n\n\n<p>Elodie Burgy et Ma\u00eblle Husson<\/p>\n\n\n\n<figure class=\"wp-block-embed aligncenter is-type-video is-provider-vimeo wp-block-embed-vimeo wp-embed-aspect-16-9 wp-has-aspect-ratio\"><div class=\"wp-block-embed__wrapper\">\n<iframe loading=\"lazy\" title=\"NOUVEL ENVOL 12-13\" src=\"https:\/\/player.vimeo.com\/video\/58536628?dnt=1&#038;app_id=122963\" width=\"739\" height=\"416\" frameborder=\"0\" allow=\"autoplay; fullscreen\" allowfullscreen><\/iframe>\n<\/div><\/figure>\n","protected":false},"excerpt":{"rendered":"<p>&lt; Retour Films d&rsquo;animation \u2013 Pr\u00e9sentation d&rsquo;Essaim, l&rsquo;incubateur de la Chambre de l&rsquo;\u00e9conomie sociale et solidaire, APR\u00c8S-GE \u00e0 travers trois films d&rsquo;animation. Des \u00e9tudiant-e-s de la &nbsp;fili\u00e8re Communication visuelle de la HEAD, en collaboration avec Essaim, Incubateur d&rsquo;APR\u00c8S-GE, ont r\u00e9alis\u00e9 trois petits films d&rsquo;animation autour de l&rsquo;entrepreneuriat dans l&rsquo;\u00e9conomie sociale et solidaire. Essaim accueille, conseille&hellip; <a class=\"more-link\" href=\"https:\/\/campus.hesge.ch\/head-animation\/wme13-ess\/\">Continue reading <span class=\"screen-reader-text\">Essaim<\/span> <span class=\"meta-nav\" aria-hidden=\"true\">&rarr;<\/span><\/a><\/p>\n","protected":false},"author":1,"featured_media":0,"parent":0,"menu_order":0,"comment_status":"closed","ping_status":"closed","template":"fullwidth-page.php","meta":{"footnotes":""},"class_list":["post-978","page","type-page","status-publish","hentry"],"_links":{"self":[{"href":"https:\/\/campus.hesge.ch\/head-animation\/wp-json\/wp\/v2\/pages\/978","targetHints":{"allow":["GET"]}}],"collection":[{"href":"https:\/\/campus.hesge.ch\/head-animation\/wp-json\/wp\/v2\/pages"}],"about":[{"href":"https:\/\/campus.hesge.ch\/head-animation\/wp-json\/wp\/v2\/types\/page"}],"author":[{"embeddable":true,"href":"https:\/\/campus.hesge.ch\/head-animation\/wp-json\/wp\/v2\/users\/1"}],"replies":[{"embeddable":true,"href":"https:\/\/campus.hesge.ch\/head-animation\/wp-json\/wp\/v2\/comments?post=978"}],"version-history":[{"count":3,"href":"https:\/\/campus.hesge.ch\/head-animation\/wp-json\/wp\/v2\/pages\/978\/revisions"}],"predecessor-version":[{"id":8390,"href":"https:\/\/campus.hesge.ch\/head-animation\/wp-json\/wp\/v2\/pages\/978\/revisions\/8390"}],"wp:attachment":[{"href":"https:\/\/campus.hesge.ch\/head-animation\/wp-json\/wp\/v2\/media?parent=978"}],"curies":[{"name":"wp","href":"https:\/\/api.w.org\/{rel}","templated":true}]}}

<p class="has-normal-font-size"><a href="https://campus.hesge.ch/head-animation/wme/">&lt; Retour</a></p>



<p class="has-medium-font-size">Films d&rsquo;animation – Présentation d&rsquo;Essaim, l&rsquo;incubateur de la Chambre de l&rsquo;économie sociale et solidaire, APRÈS-GE à travers trois films d&rsquo;animation.</p>



<p>Des étudiant-e-s de la &nbsp;filière Communication visuelle de la HEAD, en collaboration avec Essaim, Incubateur d&rsquo;APRÈS-GE, ont réalisé trois petits films d&rsquo;animation autour de l&rsquo;entrepreneuriat dans l&rsquo;économie sociale et solidaire. Essaim accueille, conseille et accompagne des personnes souhaitant se lancer dans l’entrepreneuriat ainsi que des structures de l&rsquo;économie sociale et solidaire (ESS) souhaitant développer de nouvelles activités économiques. Les étudiant-e-s ont eu carte blanche et proposent trois approches originales du sujet.</p>



<p>Essaim &gt; <a href="http://www.apres-ge.ch/node/31752" target="_blank" rel="noreferrer noopener" aria-label="www.essaim.ch (s’ouvre dans un nouvel onglet)">www.essaim.ch</a></p>



<h2 class="wp-block-heading"><br>Coup de main</h2>



<p>Laura Iwaszkiewicz, Philippe Oswald et Nelson Reitz</p>



<figure class="wp-block-embed aligncenter is-type-video is-provider-vimeo wp-block-embed-vimeo wp-embed-aspect-16-9 wp-has-aspect-ratio"><div class="wp-block-embed__wrapper">
<iframe loading="lazy" title="COUP DE MAIN 12-13" src="https://player.vimeo.com/video/58724938?dnt=1&#038;app_id=122963" width="739" height="416" frameborder="0" allow="autoplay; fullscreen" allowfullscreen></iframe>
</div></figure>



<h2 class="wp-block-heading"><br>Mon entreprise sociale et solidaire</h2>



<p>Elisabeth Gaillard, Yvan Mermod et Ajsa Zdravkovic</p>



<figure class="wp-block-embed aligncenter is-type-video is-provider-vimeo wp-block-embed-vimeo wp-embed-aspect-16-9 wp-has-aspect-ratio"><div class="wp-block-embed__wrapper">
<iframe loading="lazy" title="MON ENTREPRISE SOCIALE ET SOLIDAIRE 12-13" src="https://player.vimeo.com/video/58725123?dnt=1&#038;app_id=122963" width="739" height="416" frameborder="0" allow="autoplay; fullscreen" allowfullscreen></iframe>
</div></figure>



<h2 class="wp-block-heading"><br>Nouvel envol</h2>



<p>Elodie Burgy et Maëlle Husson</p>



<figure class="wp-block-embed aligncenter is-type-video is-provider-vimeo wp-block-embed-vimeo wp-embed-aspect-16-9 wp-has-aspect-ratio"><div class="wp-block-embed__wrapper">
<iframe loading="lazy" title="NOUVEL ENVOL 12-13" src="https://player.vimeo.com/video/58536628?dnt=1&#038;app_id=122963" width="739" height="416" frameborder="0" allow="autoplay; fullscreen" allowfullscreen></iframe>
</div></figure>

<p>&lt; Retour Films d&rsquo;animation – Présentation d&rsquo;Essaim, l&rsquo;incubateur de la Chambre de l&rsquo;économie sociale et solidaire, APRÈS-GE à travers trois films d&rsquo;animation. Des étudiant-e-s de la &nbsp;filière Communication visuelle de la HEAD, en collaboration avec Essaim, Incubateur d&rsquo;APRÈS-GE, ont réalisé trois petits films d&rsquo;animation autour de l&rsquo;entrepreneuriat dans l&rsquo;économie sociale et solidaire. Essaim accueille, conseille&hellip; <a class="more-link" href="https://campus.hesge.ch/head-animation/wme13-ess/">Continue reading <span class="screen-reader-text">Essaim</span> <span class="meta-nav" aria-hidden="true">&rarr;</span></a></p>
