{"id":980,"date":"2019-07-03T15:39:41","date_gmt":"2019-07-03T15:39:41","guid":{"rendered":"https:\/\/head.hesge.ch\/atelier-animation\/?page_id=980"},"modified":"2026-08-04T09:17:13","modified_gmt":"2026-08-04T09:17:13","slug":"wme13-rep","status":"publish","type":"page","link":"https:\/\/campus.hesge.ch\/head-animation\/wme13-rep\/","title":{"rendered":"Workshop Repr\u00e9sentation-Animation"},"content":{"rendered":"\n<p class=\"has-normal-font-size wp-block-paragraph\"><a href=\"https:\/\/campus.hesge.ch\/head-animation\/wme\/\">&lt; Retour<\/a><\/p>\n\n\n\n<p class=\"wp-block-paragraph\">Projet propos\u00e9 par l&rsquo;artiste Alexandra Maurer, en collaboration avec l\u2019atelier d\u2019animation et l\u2019Option Repr\u00e9sentation de la fili\u00e8re Arts visuels. Il a \u00e9t\u00e9 r\u00e9alis\u00e9 dans le cadre de la Semaine des tous possibles du semestre d\u2019automne 2012 \u2013 2013.<\/p>\n\n\n\n<p class=\"is-style-default wp-block-paragraph\"><em>\u00ab Le workshop animation veut interroger le dessin ou la peinture qui deviennent espace. Le dessin \u00e9tant souvent d\u00e9fini par la feuille se permet de s\u2019\u00e9tirer et bouge d\u2019une fa\u00e7on impr\u00e9visible et irr\u00e9elle, devient corps, se perd \u00e0 l\u2019infini, ne revient plus, devient gigantesque \u00e0 perte de vue, s\u2019efface compl\u00e8tement, revient \u00e0 l\u2019extr\u00e9mit\u00e9, se prom\u00e8ne dans l\u2019espace. \u00bb<\/em><br><em>Alexandra Maurer<\/em><\/p>\n\n\n\n<p class=\"wp-block-paragraph\">Accompagn\u00e9 par Alexandra, des \u00e9tudiant-e-x-s d&rsquo;Arts-visuels ont r\u00e9alis\u00e9 et sonoris\u00e9 huit films d&rsquo;animation singuliers interrogeant cette discipline du point de vue de l&rsquo;art contemporain.<\/p>\n\n\n\n<p class=\"wp-block-paragraph\">Artiste invit\u00e9e : Alexandra Maurer<br>Option Repr\u00e9sentation<br>Responsables : Caroline Bachmann et Peter Roesch<br>Assistant : Baptiste Gaillard<br>Atelier d&rsquo;animation<br>Enseignant : Olivier Riechsteiner<\/p>\n\n\n\n<h2 class=\"wp-block-heading\"><br>Delirium tremens<\/h2>\n\n\n\n<p class=\"wp-block-paragraph\">De Ksenia Sadilova<br>Illustration sonore : Ksenia Sadilova<br><br><em>\u00ab\u00a0Dans cette animation exp\u00e9rimentale, objets et formes dialogent le cours des choses. L\u2019id\u00e9e na\u00eet suite aux objets sous la main cr\u00e9ant une installaiton qui m\u2019a montr\u00e9 une nouvelle mani\u00e8re de s\u2019exprimer.\u00a0\u00bb<\/em><\/p>\n\n\n\n<div style=\"padding:56.25% 0 0 0;position:relative;\"><iframe src=\"https:\/\/player.vimeo.com\/video\/68198379?h=473ef33a0a&amp;badge=0&amp;autopause=0&amp;player_id=0&amp;app_id=58479\" frameborder=\"0\" allow=\"autoplay; fullscreen; picture-in-picture; clipboard-write\" style=\"position:absolute;top:0;left:0;width:100%;height:100%;\" title=\"22-23 SA SEM HC GIF1\"><\/iframe><\/div><script src=\"https:\/\/player.vimeo.com\/api\/player.js\"><\/script>\n\n\n\n<h2 class=\"wp-block-heading\"><br><br>Depths in movement<\/h2>\n\n\n\n<p class=\"wp-block-paragraph\">De Laura Rivanera<br>Muet<br><br><em>\u00ab\u00a0C\u2019est un va-et-vient entre le fond et la surface, un jeu entre les diff\u00e9rentes couches du papier. La r\u00e9alisation de ce projet fut exp\u00e9rimentale, il m\u2019a fallu changer mes habitudes picturales pour l\u00e2cher prise, tout en prenant go\u00fbt \u00e0 adapter mes prises de vue sur un sujet d\u00e9j\u00e0 en mouvement-les coulures de l\u2019aquarelle.\u00a0\u00bb<\/em><\/p>\n\n\n\n<div style=\"padding:56.25% 0 0 0;position:relative;\"><iframe src=\"https:\/\/player.vimeo.com\/video\/68198796?h=473ef33a0a&amp;badge=0&amp;autopause=0&amp;player_id=0&amp;app_id=68198796\" frameborder=\"0\" allow=\"autoplay; fullscreen; picture-in-picture; clipboard-write\" style=\"position:absolute;top:0;left:0;width:100%;height:100%;\" title=\"22-23 SA SEM HC GIF1\"><\/iframe><\/div><script src=\"https:\/\/player.vimeo.com\/api\/player.js\"><\/script>\n\n\n\n<h2 class=\"wp-block-heading\"><br><br>Fourmi<\/h2>\n\n\n\n<p class=\"wp-block-paragraph\">D&rsquo;Anne-Lise Solanilla et Rafaela Fuchs<br>Illustration sonore : Anne-Lise Solanilla et Rafaela Fuchs<br><br><em>\u00ab\u00a0L\u2019animation tente de rendre poreuse la limite entre 2D et 3D.\u00a0\u00bb<\/em><\/p>\n\n\n\n<div style=\"padding:56.25% 0 0 0;position:relative;\"><iframe src=\"https:\/\/player.vimeo.com\/video\/68199424?h=473ef33a0a&amp;badge=0&amp;autopause=0&amp;player_id=0&amp;app_id=58479\" frameborder=\"0\" allow=\"autoplay; fullscreen; picture-in-picture; clipboard-write\" style=\"position:absolute;top:0;left:0;width:100%;height:100%;\" title=\"22-23 SA SEM HC GIF1\"><\/iframe><\/div><script src=\"https:\/\/player.vimeo.com\/api\/player.js\"><\/script>\n\n\n\n<h2 class=\"wp-block-heading\"><br><br>Les multiples facettes d&rsquo;une femme<\/h2>\n\n\n\n<p class=\"wp-block-paragraph\">De Jenny Corboz<br>Illustration sonore : Jenny Corboz<br><br><em>\u00ab\u00a0A travers l\u2019effacement du dessin se renouvellent les diff\u00e9rents faci\u00e8s du visage, jusqu\u2019au moment o\u00f9 l\u2019effacement se transforme en dessin.\u00a0\u00bb<\/em> (Muet.)<\/p>\n\n\n\n<div style=\"padding:56.25% 0 0 0;position:relative;\"><iframe src=\"https:\/\/player.vimeo.com\/video\/68199635?h=473ef33a0a&amp;badge=0&amp;autopause=0&amp;player_id=0&amp;app_id=58479\" frameborder=\"0\" allow=\"autoplay; fullscreen; picture-in-picture; clipboard-write\" style=\"position:absolute;top:0;left:0;width:100%;height:100%;\" title=\"22-23 SA SEM HC GIF1\"><\/iframe><\/div><script src=\"https:\/\/player.vimeo.com\/api\/player.js\"><\/script>\n\n\n\n<h2 class=\"wp-block-heading\"><br><br>Neurosis<\/h2>\n\n\n\n<p class=\"wp-block-paragraph\">D&rsquo;Andrea Nucamendi<br>Illustration sonore : Andrea Nucamendi<br><br><em>\u00ab\u00a0Un ensemble d\u2019exp\u00e9rimentation + exploration + Flux + Subconscient + image + son.\u00a0\u00bb<\/em><\/p>\n\n\n\n<div style=\"padding:56.25% 0 0 0;position:relative;\"><iframe src=\"https:\/\/player.vimeo.com\/video\/68195888?h=473ef33a0a&amp;badge=0&amp;autopause=0&amp;player_id=0&amp;app_id=58479\" frameborder=\"0\" allow=\"autoplay; fullscreen; picture-in-picture; clipboard-write\" style=\"position:absolute;top:0;left:0;width:100%;height:100%;\" title=\"22-23 SA SEM HC GIF1\"><\/iframe><\/div><script src=\"https:\/\/player.vimeo.com\/api\/player.js\"><\/script>\n\n\n\n<h2 class=\"wp-block-heading\"><br><br>Sans titre<\/h2>\n\n\n\n<p class=\"wp-block-paragraph\">De Fergus Sindall<br>Illustration sonore : Fergus Sindall<br><br><em>\u00ab\u00a0Cette animation est la recherche d\u2019une certaine dynamique entre les formes, les couleurs et la figure humaine. Les mouvements fragiles des figures agonisantes sont mises en opposition \u00e0 la dynamique des formes abstraites. Ce projet est une r\u00e9flexion sur les diff\u00e9rences d\u2019expression qu\u2019ils existent entre la figuration et l\u2019abstraction.\u00a0\u00bb<\/em> (Version muette. Version sonore, avec la musique : \u00ab\u00a0Sister Woo\u00a0\u00bb de Jonny Trunk.)<\/p>\n\n\n\n<div style=\"padding:56.25% 0 0 0;position:relative;\"><iframe src=\"https:\/\/player.vimeo.com\/video\/68195520?h=473ef33a0a&amp;badge=0&amp;autopause=0&amp;player_id=0&amp;app_id=58479\" frameborder=\"0\" allow=\"autoplay; fullscreen; picture-in-picture; clipboard-write\" style=\"position:absolute;top:0;left:0;width:100%;height:100%;\" title=\"22-23 SA SEM HC GIF1\"><\/iframe><\/div><script src=\"https:\/\/player.vimeo.com\/api\/player.js\"><\/script>\n\n\n\n<h2 class=\"wp-block-heading\"><br><br>Sous couche<\/h2>\n\n\n\n<p class=\"wp-block-paragraph\">D&rsquo;Ali\u00e9nor N\u00e4f<br>Illustration sonore : Ali\u00e9nor N\u00e4f<\/p>\n\n\n\n<div style=\"padding:56.25% 0 0 0;position:relative;\"><iframe src=\"https:\/\/player.vimeo.com\/video\/68196530?h=473ef33a0a&amp;badge=0&amp;autopause=0&amp;player_id=0&amp;app_id=58479\" frameborder=\"0\" allow=\"autoplay; fullscreen; picture-in-picture; clipboard-write\" style=\"position:absolute;top:0;left:0;width:100%;height:100%;\" title=\"22-23 SA SEM HC GIF1\"><\/iframe><\/div><script src=\"https:\/\/player.vimeo.com\/api\/player.js\"><\/script>\n\n\n\n<h2 class=\"wp-block-heading\"><br><br>Striptease<\/h2>\n\n\n\n<p class=\"wp-block-paragraph\">De Jeanne Kichenassamy-Rapaille<br>Muet<br><br><em>\u00ab\u00a0Gestes spontan\u00e9s, construction d\u2019images de mani\u00e8re instinctive \u00e0 la peinture. Superposition de feuilles formant les plans et transition d\u2019un plan \u00e0 un autre par ouverture, par d\u00e9chirure de la feuille laissant place \u00e0 la suivante.\u00a0\u00bb<\/em><\/p>\n\n\n\n<div style=\"padding:56.25% 0 0 0;position:relative;\"><iframe src=\"https:\/\/player.vimeo.com\/video\/68197055?h=473ef33a0a&amp;badge=0&amp;autopause=0&amp;player_id=0&amp;app_id=58479\" frameborder=\"0\" allow=\"autoplay; fullscreen; picture-in-picture; clipboard-write\" style=\"position:absolute;top:0;left:0;width:100%;height:100%;\" title=\"22-23 SA SEM HC GIF1\"><\/iframe><\/div><script src=\"https:\/\/player.vimeo.com\/api\/player.js\"><\/script>\n","protected":false},"excerpt":{"rendered":"<p>&lt; Retour Projet propos\u00e9 par l&rsquo;artiste Alexandra Maurer, en collaboration avec l\u2019atelier d\u2019animation et l\u2019Option Repr\u00e9sentation de la fili\u00e8re Arts visuels. Il a \u00e9t\u00e9 r\u00e9alis\u00e9 dans le cadre de la Semaine des tous possibles du semestre d\u2019automne 2012 \u2013 2013. \u00ab Le workshop animation veut interroger le dessin ou la peinture qui deviennent espace. Le&hellip; <a class=\"more-link\" href=\"https:\/\/campus.hesge.ch\/head-animation\/wme13-rep\/\">Continue reading <span class=\"screen-reader-text\">Workshop Repr\u00e9sentation-Animation<\/span> <span class=\"meta-nav\" aria-hidden=\"true\">&rarr;<\/span><\/a><\/p>\n","protected":false},"author":1,"featured_media":0,"parent":0,"menu_order":0,"comment_status":"closed","ping_status":"closed","template":"","meta":{"footnotes":""},"class_list":["post-980","page","type-page","status-publish","hentry"],"_links":{"self":[{"href":"https:\/\/campus.hesge.ch\/head-animation\/wp-json\/wp\/v2\/pages\/980","targetHints":{"allow":["GET"]}}],"collection":[{"href":"https:\/\/campus.hesge.ch\/head-animation\/wp-json\/wp\/v2\/pages"}],"about":[{"href":"https:\/\/campus.hesge.ch\/head-animation\/wp-json\/wp\/v2\/types\/page"}],"author":[{"embeddable":true,"href":"https:\/\/campus.hesge.ch\/head-animation\/wp-json\/wp\/v2\/users\/1"}],"replies":[{"embeddable":true,"href":"https:\/\/campus.hesge.ch\/head-animation\/wp-json\/wp\/v2\/comments?post=980"}],"version-history":[{"count":37,"href":"https:\/\/campus.hesge.ch\/head-animation\/wp-json\/wp\/v2\/pages\/980\/revisions"}],"predecessor-version":[{"id":8914,"href":"https:\/\/campus.hesge.ch\/head-animation\/wp-json\/wp\/v2\/pages\/980\/revisions\/8914"}],"wp:attachment":[{"href":"https:\/\/campus.hesge.ch\/head-animation\/wp-json\/wp\/v2\/media?parent=980"}],"curies":[{"name":"wp","href":"https:\/\/api.w.org\/{rel}","templated":true}]}}

Workshop Représentation-Animation

<p class="has-normal-font-size wp-block-paragraph"><a href="https://campus.hesge.ch/head-animation/wme/">&lt; Retour</a></p>



<p class="wp-block-paragraph">Projet proposé par l&rsquo;artiste Alexandra Maurer, en collaboration avec l’atelier d’animation et l’Option Représentation de la filière Arts visuels. Il a été réalisé dans le cadre de la Semaine des tous possibles du semestre d’automne 2012 – 2013.</p>



<p class="is-style-default wp-block-paragraph"><em>« Le workshop animation veut interroger le dessin ou la peinture qui deviennent espace. Le dessin étant souvent défini par la feuille se permet de s’étirer et bouge d’une façon imprévisible et irréelle, devient corps, se perd à l’infini, ne revient plus, devient gigantesque à perte de vue, s’efface complètement, revient à l’extrémité, se promène dans l’espace. »</em><br><em>Alexandra Maurer</em></p>



<p class="wp-block-paragraph">Accompagné par Alexandra, des étudiant-e-x-s d&rsquo;Arts-visuels ont réalisé et sonorisé huit films d&rsquo;animation singuliers interrogeant cette discipline du point de vue de l&rsquo;art contemporain.</p>



<p class="wp-block-paragraph">Artiste invitée : Alexandra Maurer<br>Option Représentation<br>Responsables : Caroline Bachmann et Peter Roesch<br>Assistant : Baptiste Gaillard<br>Atelier d&rsquo;animation<br>Enseignant : Olivier Riechsteiner</p>



<h2 class="wp-block-heading"><br>Delirium tremens</h2>



<p class="wp-block-paragraph">De Ksenia Sadilova<br>Illustration sonore : Ksenia Sadilova<br><br><em>« Dans cette animation expérimentale, objets et formes dialogent le cours des choses. L’idée naît suite aux objets sous la main créant une installaiton qui m’a montré une nouvelle manière de s’exprimer. »</em></p>



<div style="padding:56.25% 0 0 0;position:relative;"><iframe src="https://player.vimeo.com/video/68198379?h=473ef33a0a&amp;badge=0&amp;autopause=0&amp;player_id=0&amp;app_id=58479" frameborder="0" allow="autoplay; fullscreen; picture-in-picture; clipboard-write" style="position:absolute;top:0;left:0;width:100%;height:100%;" title="22-23 SA SEM HC GIF1"></iframe></div><script src="https://player.vimeo.com/api/player.js"></script>



<h2 class="wp-block-heading"><br><br>Depths in movement</h2>



<p class="wp-block-paragraph">De Laura Rivanera<br>Muet<br><br><em>« C’est un va-et-vient entre le fond et la surface, un jeu entre les différentes couches du papier. La réalisation de ce projet fut expérimentale, il m’a fallu changer mes habitudes picturales pour lâcher prise, tout en prenant goût à adapter mes prises de vue sur un sujet déjà en mouvement-les coulures de l’aquarelle. »</em></p>



<div style="padding:56.25% 0 0 0;position:relative;"><iframe src="https://player.vimeo.com/video/68198796?h=473ef33a0a&amp;badge=0&amp;autopause=0&amp;player_id=0&amp;app_id=68198796" frameborder="0" allow="autoplay; fullscreen; picture-in-picture; clipboard-write" style="position:absolute;top:0;left:0;width:100%;height:100%;" title="22-23 SA SEM HC GIF1"></iframe></div><script src="https://player.vimeo.com/api/player.js"></script>



<h2 class="wp-block-heading"><br><br>Fourmi</h2>



<p class="wp-block-paragraph">D&rsquo;Anne-Lise Solanilla et Rafaela Fuchs<br>Illustration sonore : Anne-Lise Solanilla et Rafaela Fuchs<br><br><em>« L’animation tente de rendre poreuse la limite entre 2D et 3D. »</em></p>



<div style="padding:56.25% 0 0 0;position:relative;"><iframe src="https://player.vimeo.com/video/68199424?h=473ef33a0a&amp;badge=0&amp;autopause=0&amp;player_id=0&amp;app_id=58479" frameborder="0" allow="autoplay; fullscreen; picture-in-picture; clipboard-write" style="position:absolute;top:0;left:0;width:100%;height:100%;" title="22-23 SA SEM HC GIF1"></iframe></div><script src="https://player.vimeo.com/api/player.js"></script>



<h2 class="wp-block-heading"><br><br>Les multiples facettes d&rsquo;une femme</h2>



<p class="wp-block-paragraph">De Jenny Corboz<br>Illustration sonore : Jenny Corboz<br><br><em>« A travers l’effacement du dessin se renouvellent les différents faciès du visage, jusqu’au moment où l’effacement se transforme en dessin. »</em> (Muet.)</p>



<div style="padding:56.25% 0 0 0;position:relative;"><iframe src="https://player.vimeo.com/video/68199635?h=473ef33a0a&amp;badge=0&amp;autopause=0&amp;player_id=0&amp;app_id=58479" frameborder="0" allow="autoplay; fullscreen; picture-in-picture; clipboard-write" style="position:absolute;top:0;left:0;width:100%;height:100%;" title="22-23 SA SEM HC GIF1"></iframe></div><script src="https://player.vimeo.com/api/player.js"></script>



<h2 class="wp-block-heading"><br><br>Neurosis</h2>



<p class="wp-block-paragraph">D&rsquo;Andrea Nucamendi<br>Illustration sonore : Andrea Nucamendi<br><br><em>« Un ensemble d’expérimentation + exploration + Flux + Subconscient + image + son. »</em></p>



<div style="padding:56.25% 0 0 0;position:relative;"><iframe src="https://player.vimeo.com/video/68195888?h=473ef33a0a&amp;badge=0&amp;autopause=0&amp;player_id=0&amp;app_id=58479" frameborder="0" allow="autoplay; fullscreen; picture-in-picture; clipboard-write" style="position:absolute;top:0;left:0;width:100%;height:100%;" title="22-23 SA SEM HC GIF1"></iframe></div><script src="https://player.vimeo.com/api/player.js"></script>



<h2 class="wp-block-heading"><br><br>Sans titre</h2>



<p class="wp-block-paragraph">De Fergus Sindall<br>Illustration sonore : Fergus Sindall<br><br><em>« Cette animation est la recherche d’une certaine dynamique entre les formes, les couleurs et la figure humaine. Les mouvements fragiles des figures agonisantes sont mises en opposition à la dynamique des formes abstraites. Ce projet est une réflexion sur les différences d’expression qu’ils existent entre la figuration et l’abstraction. »</em> (Version muette. Version sonore, avec la musique : « Sister Woo » de Jonny Trunk.)</p>



<div style="padding:56.25% 0 0 0;position:relative;"><iframe src="https://player.vimeo.com/video/68195520?h=473ef33a0a&amp;badge=0&amp;autopause=0&amp;player_id=0&amp;app_id=58479" frameborder="0" allow="autoplay; fullscreen; picture-in-picture; clipboard-write" style="position:absolute;top:0;left:0;width:100%;height:100%;" title="22-23 SA SEM HC GIF1"></iframe></div><script src="https://player.vimeo.com/api/player.js"></script>



<h2 class="wp-block-heading"><br><br>Sous couche</h2>



<p class="wp-block-paragraph">D&rsquo;Aliénor Näf<br>Illustration sonore : Aliénor Näf</p>



<div style="padding:56.25% 0 0 0;position:relative;"><iframe src="https://player.vimeo.com/video/68196530?h=473ef33a0a&amp;badge=0&amp;autopause=0&amp;player_id=0&amp;app_id=58479" frameborder="0" allow="autoplay; fullscreen; picture-in-picture; clipboard-write" style="position:absolute;top:0;left:0;width:100%;height:100%;" title="22-23 SA SEM HC GIF1"></iframe></div><script src="https://player.vimeo.com/api/player.js"></script>



<h2 class="wp-block-heading"><br><br>Striptease</h2>



<p class="wp-block-paragraph">De Jeanne Kichenassamy-Rapaille<br>Muet<br><br><em>« Gestes spontanés, construction d’images de manière instinctive à la peinture. Superposition de feuilles formant les plans et transition d’un plan à un autre par ouverture, par déchirure de la feuille laissant place à la suivante. »</em></p>



<div style="padding:56.25% 0 0 0;position:relative;"><iframe src="https://player.vimeo.com/video/68197055?h=473ef33a0a&amp;badge=0&amp;autopause=0&amp;player_id=0&amp;app_id=58479" frameborder="0" allow="autoplay; fullscreen; picture-in-picture; clipboard-write" style="position:absolute;top:0;left:0;width:100%;height:100%;" title="22-23 SA SEM HC GIF1"></iframe></div><script src="https://player.vimeo.com/api/player.js"></script>

<p>&lt; Retour Projet proposé par l&rsquo;artiste Alexandra Maurer, en collaboration avec l’atelier d’animation et l’Option Représentation de la filière Arts visuels. Il a été réalisé dans le cadre de la Semaine des tous possibles du semestre d’automne 2012 – 2013. « Le workshop animation veut interroger le dessin ou la peinture qui deviennent espace. Le&hellip; <a class="more-link" href="https://campus.hesge.ch/head-animation/wme13-rep/">Continue reading <span class="screen-reader-text">Workshop Représentation-Animation</span> <span class="meta-nav" aria-hidden="true">&rarr;</span></a></p>
