{"id":982,"date":"2019-07-03T15:45:31","date_gmt":"2019-07-03T15:45:31","guid":{"rendered":"https:\/\/head.hesge.ch\/atelier-animation\/?page_id=982"},"modified":"2026-08-04T09:39:23","modified_gmt":"2026-08-04T09:39:23","slug":"wme13-mis","status":"publish","type":"page","link":"https:\/\/campus.hesge.ch\/head-animation\/wme13-mis\/","title":{"rendered":"Mandat Missyiu Missives"},"content":{"rendered":"\n<p class=\"has-normal-font-size wp-block-paragraph\"><a href=\"https:\/\/campus.hesge.ch\/head-animation\/wme\/\">&lt; Retour<\/a><\/p>\n\n\n\n<p class=\"wp-block-paragraph\">\u00ab\u00a0Missyiu Missives &#8211; E-mails anim\u00e9s et musicaux\u00a0\u00bb est un projet propos\u00e9 par Christophe Balleys, alias Jerrycan, performeur et chanteur genevois. Le workshop a eu lieu dans le cadre du cours d&rsquo;animation CV 3\u00e8me ann\u00e9es du semestre d&rsquo;automne 2012 &#8211; 2013.<br><br><em>\u00ab\u00a0Chaque film commence par un gabarit d\u2019e-mail. Il ne s\u2019agit pas de chercher \u00e0 illustrer la musique mais d\u2019ajouter un contre champs, une contradiction ou un approfondissement \u00e0 la musique. Fra\u00eecheur, spontan\u00e9it\u00e9, communication directe et imm\u00e9diate\u00a0\u00bb.<\/em><br><em>Christophe Balleys<\/em><\/p>\n\n\n\n<p class=\"wp-block-paragraph\">Les animations ont \u00e9t\u00e9 r\u00e9alis\u00e9es conjointement \u00e0 la cr\u00e9ation des morceaux de musique. Avec la collaboration de Jerrycan, des \u00e9tudiant-e-x-s de la fili\u00e8re Communication visuelle ont r\u00e9alis\u00e9 cinq animations singuli\u00e8res dont certaines ont \u00e9t\u00e9 s\u00e9lectionn\u00e9es dans des festivals.<\/p>\n\n\n\n<p class=\"wp-block-paragraph\">Artiste invit\u00e9 : Christophe Balley<br><a aria-label=\"jerrycan.ch (s\u2019ouvre dans un nouvel onglet)\" href=\"http:\/\/jerrycan.ch\" target=\"_blank\" rel=\"noreferrer noopener\">jerrycan.ch<\/a><br>Atelier de cin\u00e9ma d&rsquo;animation<br>Enseignant : Olivier Riechsteiner<\/p>\n\n\n\n<h2 class=\"wp-block-heading\"><br>Dancing Sun<\/h2>\n\n\n\n<p class=\"wp-block-paragraph\">S\u00e9lectionn\u00e9 au Holland Animation Film Festival (HAFF) 2014 d&rsquo;Utrecht dans le programme \u00ab\u00a0Competition European student film\u00a0\u00bb.<br><br>D&rsquo;Ainhoa Cayuso et Elise Viladent<br>Musique : Christophe Balleys<\/p>\n\n\n\n<div style=\"padding:56.25% 0 0 0;position:relative;\"><iframe src=\"https:\/\/player.vimeo.com\/video\/59015585?h=473ef33a0a&amp;badge=0&amp;autopause=0&amp;player_id=0&amp;app_id=58479\" frameborder=\"0\" allow=\"autoplay; fullscreen; picture-in-picture; clipboard-write\" style=\"position:absolute;top:0;left:0;width:100%;height:100%;\" title=\"22-23 SA SEM HC GIF1\"><\/iframe><\/div><script src=\"https:\/\/player.vimeo.com\/api\/player.js\"><\/script>\n\n\n\n<h2 class=\"wp-block-heading\"><br><br>Never Let You Go<\/h2>\n\n\n\n<p class=\"wp-block-paragraph\">De Christoffer Ellegaard et Joanne Schmutz<br>Musique : Christophe Balleys<\/p>\n\n\n\n<div style=\"padding:56.25% 0 0 0;position:relative;\"><iframe src=\"https:\/\/player.vimeo.com\/video\/58443634?h=473ef33a0a&amp;badge=0&amp;autopause=0&amp;player_id=0&amp;app_id=58479\" frameborder=\"0\" allow=\"autoplay; fullscreen; picture-in-picture; clipboard-write\" style=\"position:absolute;top:0;left:0;width:100%;height:100%;\" title=\"22-23 SA SEM HC GIF1\"><\/iframe><\/div><script src=\"https:\/\/player.vimeo.com\/api\/player.js\"><\/script>\n\n\n\n<h2 class=\"wp-block-heading\"><br><br>Nostalgie du pass\u00e9 proche<\/h2>\n\n\n\n<p class=\"wp-block-paragraph\">N\u00b0 1 d\u00e9but mai 2013 dans l&rsquo;\u00e9mission JukeBox de la T\u00e9l\u00e9.<br><br>D&rsquo;Aur\u00e9lia Calo et Fanny Giordano<br>Musique : Christophe Balleys<\/p>\n\n\n\n<div style=\"padding:56.25% 0 0 0;position:relative;\"><iframe src=\"https:\/\/player.vimeo.com\/video\/58724171?h=473ef33a0a&amp;badge=0&amp;autopause=0&amp;player_id=0&amp;app_id=58479\" frameborder=\"0\" allow=\"autoplay; fullscreen; picture-in-picture; clipboard-write\" style=\"position:absolute;top:0;left:0;width:100%;height:100%;\" title=\"22-23 SA SEM HC GIF1\"><\/iframe><\/div><script src=\"https:\/\/player.vimeo.com\/api\/player.js\"><\/script>\n\n\n\n<h2 class=\"wp-block-heading\"><br><br>On se voit demain<\/h2>\n\n\n\n<p class=\"wp-block-paragraph\">S\u00e9lectionn\u00e9 au Internationales Tirckfilm Festival Stuttgart (ITFS) 2014 dans le programme \u00ab\u00a0Animated Music Videos\u00a0\u00bb et au Festival international du film d&rsquo;animation FANTOCHE 2014 de Baden en comp\u00e9tition Suisse.<br><br>De Julien Dinkel et Judith Hunziker<br>Musique : Christophe Balleys<\/p>\n\n\n\n<div style=\"padding:56.25% 0 0 0;position:relative;\"><iframe src=\"https:\/\/player.vimeo.com\/video\/58735101?h=473ef33a0a&amp;badge=0&amp;autopause=0&amp;player_id=0&amp;app_id=58479\" frameborder=\"0\" allow=\"autoplay; fullscreen; picture-in-picture; clipboard-write\" style=\"position:absolute;top:0;left:0;width:100%;height:100%;\" title=\"22-23 SA SEM HC GIF1\"><\/iframe><\/div><script src=\"https:\/\/player.vimeo.com\/api\/player.js\"><\/script>\n\n\n\n<h2 class=\"wp-block-heading\"><br><br>Paradis Dancefloor<\/h2>\n\n\n\n<p class=\"wp-block-paragraph\">S\u00e9lectionn\u00e9 au Festival international du film d&rsquo;animation ANIMATOU 2013 de Gen\u00e8ve dans le programme \u00ab\u00a0Musicanim&rsquo;s\u00a0\u00bb.<br><br>De Sylvain Joly, Min-Su Kim et Sophie Ros<br>Musique : Christophe Balleys<\/p>\n\n\n\n<div style=\"padding:56.25% 0 0 0;position:relative;\"><iframe src=\"https:\/\/player.vimeo.com\/video\/58445073?h=473ef33a0a&amp;badge=0&amp;autopause=0&amp;player_id=0&amp;app_id=58479\" frameborder=\"0\" allow=\"autoplay; fullscreen; picture-in-picture; clipboard-write\" style=\"position:absolute;top:0;left:0;width:100%;height:100%;\" title=\"22-23 SA SEM HC GIF1\"><\/iframe><\/div><script src=\"https:\/\/player.vimeo.com\/api\/player.js\"><\/script>\n\n\n\n<p class=\"wp-block-paragraph\"><\/p>\n","protected":false},"excerpt":{"rendered":"<p>&lt; Retour \u00ab\u00a0Missyiu Missives &#8211; E-mails anim\u00e9s et musicaux\u00a0\u00bb est un projet propos\u00e9 par Christophe Balleys, alias Jerrycan, performeur et chanteur genevois. Le workshop a eu lieu dans le cadre du cours d&rsquo;animation CV 3\u00e8me ann\u00e9es du semestre d&rsquo;automne 2012 &#8211; 2013. \u00ab\u00a0Chaque film commence par un gabarit d\u2019e-mail. Il ne s\u2019agit pas de chercher&hellip; <a class=\"more-link\" href=\"https:\/\/campus.hesge.ch\/head-animation\/wme13-mis\/\">Continue reading <span class=\"screen-reader-text\">Mandat Missyiu Missives<\/span> <span class=\"meta-nav\" aria-hidden=\"true\">&rarr;<\/span><\/a><\/p>\n","protected":false},"author":1,"featured_media":0,"parent":0,"menu_order":0,"comment_status":"closed","ping_status":"closed","template":"","meta":{"footnotes":""},"class_list":["post-982","page","type-page","status-publish","hentry"],"_links":{"self":[{"href":"https:\/\/campus.hesge.ch\/head-animation\/wp-json\/wp\/v2\/pages\/982","targetHints":{"allow":["GET"]}}],"collection":[{"href":"https:\/\/campus.hesge.ch\/head-animation\/wp-json\/wp\/v2\/pages"}],"about":[{"href":"https:\/\/campus.hesge.ch\/head-animation\/wp-json\/wp\/v2\/types\/page"}],"author":[{"embeddable":true,"href":"https:\/\/campus.hesge.ch\/head-animation\/wp-json\/wp\/v2\/users\/1"}],"replies":[{"embeddable":true,"href":"https:\/\/campus.hesge.ch\/head-animation\/wp-json\/wp\/v2\/comments?post=982"}],"version-history":[{"count":26,"href":"https:\/\/campus.hesge.ch\/head-animation\/wp-json\/wp\/v2\/pages\/982\/revisions"}],"predecessor-version":[{"id":8920,"href":"https:\/\/campus.hesge.ch\/head-animation\/wp-json\/wp\/v2\/pages\/982\/revisions\/8920"}],"wp:attachment":[{"href":"https:\/\/campus.hesge.ch\/head-animation\/wp-json\/wp\/v2\/media?parent=982"}],"curies":[{"name":"wp","href":"https:\/\/api.w.org\/{rel}","templated":true}]}}

<p class="has-normal-font-size wp-block-paragraph"><a href="https://campus.hesge.ch/head-animation/wme/">&lt; Retour</a></p>



<p class="wp-block-paragraph">« Missyiu Missives &#8211; E-mails animés et musicaux » est un projet proposé par Christophe Balleys, alias Jerrycan, performeur et chanteur genevois. Le workshop a eu lieu dans le cadre du cours d&rsquo;animation CV 3ème années du semestre d&rsquo;automne 2012 &#8211; 2013.<br><br><em>« Chaque film commence par un gabarit d’e-mail. Il ne s’agit pas de chercher à illustrer la musique mais d’ajouter un contre champs, une contradiction ou un approfondissement à la musique. Fraîcheur, spontanéité, communication directe et immédiate ».</em><br><em>Christophe Balleys</em></p>



<p class="wp-block-paragraph">Les animations ont été réalisées conjointement à la création des morceaux de musique. Avec la collaboration de Jerrycan, des étudiant-e-x-s de la filière Communication visuelle ont réalisé cinq animations singulières dont certaines ont été sélectionnées dans des festivals.</p>



<p class="wp-block-paragraph">Artiste invité : Christophe Balley<br><a aria-label="jerrycan.ch (s’ouvre dans un nouvel onglet)" href="http://jerrycan.ch" target="_blank" rel="noreferrer noopener">jerrycan.ch</a><br>Atelier de cinéma d&rsquo;animation<br>Enseignant : Olivier Riechsteiner</p>



<h2 class="wp-block-heading"><br>Dancing Sun</h2>



<p class="wp-block-paragraph">Sélectionné au Holland Animation Film Festival (HAFF) 2014 d&rsquo;Utrecht dans le programme « Competition European student film ».<br><br>D&rsquo;Ainhoa Cayuso et Elise Viladent<br>Musique : Christophe Balleys</p>



<div style="padding:56.25% 0 0 0;position:relative;"><iframe src="https://player.vimeo.com/video/59015585?h=473ef33a0a&amp;badge=0&amp;autopause=0&amp;player_id=0&amp;app_id=58479" frameborder="0" allow="autoplay; fullscreen; picture-in-picture; clipboard-write" style="position:absolute;top:0;left:0;width:100%;height:100%;" title="22-23 SA SEM HC GIF1"></iframe></div><script src="https://player.vimeo.com/api/player.js"></script>



<h2 class="wp-block-heading"><br><br>Never Let You Go</h2>



<p class="wp-block-paragraph">De Christoffer Ellegaard et Joanne Schmutz<br>Musique : Christophe Balleys</p>



<div style="padding:56.25% 0 0 0;position:relative;"><iframe src="https://player.vimeo.com/video/58443634?h=473ef33a0a&amp;badge=0&amp;autopause=0&amp;player_id=0&amp;app_id=58479" frameborder="0" allow="autoplay; fullscreen; picture-in-picture; clipboard-write" style="position:absolute;top:0;left:0;width:100%;height:100%;" title="22-23 SA SEM HC GIF1"></iframe></div><script src="https://player.vimeo.com/api/player.js"></script>



<h2 class="wp-block-heading"><br><br>Nostalgie du passé proche</h2>



<p class="wp-block-paragraph">N° 1 début mai 2013 dans l&rsquo;émission JukeBox de la Télé.<br><br>D&rsquo;Aurélia Calo et Fanny Giordano<br>Musique : Christophe Balleys</p>



<div style="padding:56.25% 0 0 0;position:relative;"><iframe src="https://player.vimeo.com/video/58724171?h=473ef33a0a&amp;badge=0&amp;autopause=0&amp;player_id=0&amp;app_id=58479" frameborder="0" allow="autoplay; fullscreen; picture-in-picture; clipboard-write" style="position:absolute;top:0;left:0;width:100%;height:100%;" title="22-23 SA SEM HC GIF1"></iframe></div><script src="https://player.vimeo.com/api/player.js"></script>



<h2 class="wp-block-heading"><br><br>On se voit demain</h2>



<p class="wp-block-paragraph">Sélectionné au Internationales Tirckfilm Festival Stuttgart (ITFS) 2014 dans le programme « Animated Music Videos » et au Festival international du film d&rsquo;animation FANTOCHE 2014 de Baden en compétition Suisse.<br><br>De Julien Dinkel et Judith Hunziker<br>Musique : Christophe Balleys</p>



<div style="padding:56.25% 0 0 0;position:relative;"><iframe src="https://player.vimeo.com/video/58735101?h=473ef33a0a&amp;badge=0&amp;autopause=0&amp;player_id=0&amp;app_id=58479" frameborder="0" allow="autoplay; fullscreen; picture-in-picture; clipboard-write" style="position:absolute;top:0;left:0;width:100%;height:100%;" title="22-23 SA SEM HC GIF1"></iframe></div><script src="https://player.vimeo.com/api/player.js"></script>



<h2 class="wp-block-heading"><br><br>Paradis Dancefloor</h2>



<p class="wp-block-paragraph">Sélectionné au Festival international du film d&rsquo;animation ANIMATOU 2013 de Genève dans le programme « Musicanim&rsquo;s ».<br><br>De Sylvain Joly, Min-Su Kim et Sophie Ros<br>Musique : Christophe Balleys</p>



<div style="padding:56.25% 0 0 0;position:relative;"><iframe src="https://player.vimeo.com/video/58445073?h=473ef33a0a&amp;badge=0&amp;autopause=0&amp;player_id=0&amp;app_id=58479" frameborder="0" allow="autoplay; fullscreen; picture-in-picture; clipboard-write" style="position:absolute;top:0;left:0;width:100%;height:100%;" title="22-23 SA SEM HC GIF1"></iframe></div><script src="https://player.vimeo.com/api/player.js"></script>



<p class="wp-block-paragraph"></p>

<p>&lt; Retour « Missyiu Missives &#8211; E-mails animés et musicaux » est un projet proposé par Christophe Balleys, alias Jerrycan, performeur et chanteur genevois. Le workshop a eu lieu dans le cadre du cours d&rsquo;animation CV 3ème années du semestre d&rsquo;automne 2012 &#8211; 2013. « Chaque film commence par un gabarit d’e-mail. Il ne s’agit pas de chercher&hellip; <a class="more-link" href="https://campus.hesge.ch/head-animation/wme13-mis/">Continue reading <span class="screen-reader-text">Mandat Missyiu Missives</span> <span class="meta-nav" aria-hidden="true">&rarr;</span></a></p>
