{"id":1924,"date":"2025-01-21T14:14:31","date_gmt":"2025-01-21T13:14:31","guid":{"rendered":"https:\/\/campus.hesge.ch\/head-pool-photographie\/?page_id=1924"},"modified":"2026-03-03T23:05:43","modified_gmt":"2026-03-03T22:05:43","slug":"a-propos","status":"publish","type":"page","link":"https:\/\/campus.hesge.ch\/head-pool-photographie\/a-propos\/","title":{"rendered":"\u00c0 propos et \u00e9quipe"},"content":{"rendered":"<p><a href=\"https:\/\/campus.hesge.ch\/head-pool-photographie\/wp-content\/uploads\/2025\/01\/POOL-PHOTO_HEAD_MichelGiesbrecht_03-scaled.jpg\"><img loading=\"lazy\" decoding=\"async\" class=\"alignnone wp-image-1928 size-full\" src=\"https:\/\/campus.hesge.ch\/head-pool-photographie\/wp-content\/uploads\/2025\/01\/POOL-PHOTO_HEAD_MichelGiesbrecht_03-scaled.jpg\" alt=\"\" width=\"2560\" height=\"1709\" srcset=\"https:\/\/campus.hesge.ch\/head-pool-photographie\/wp-content\/uploads\/2025\/01\/POOL-PHOTO_HEAD_MichelGiesbrecht_03-scaled.jpg 2560w, https:\/\/campus.hesge.ch\/head-pool-photographie\/wp-content\/uploads\/2025\/01\/POOL-PHOTO_HEAD_MichelGiesbrecht_03-300x200.jpg 300w, https:\/\/campus.hesge.ch\/head-pool-photographie\/wp-content\/uploads\/2025\/01\/POOL-PHOTO_HEAD_MichelGiesbrecht_03-1024x683.jpg 1024w, https:\/\/campus.hesge.ch\/head-pool-photographie\/wp-content\/uploads\/2025\/01\/POOL-PHOTO_HEAD_MichelGiesbrecht_03-768x513.jpg 768w, https:\/\/campus.hesge.ch\/head-pool-photographie\/wp-content\/uploads\/2025\/01\/POOL-PHOTO_HEAD_MichelGiesbrecht_03-1536x1025.jpg 1536w, https:\/\/campus.hesge.ch\/head-pool-photographie\/wp-content\/uploads\/2025\/01\/POOL-PHOTO_HEAD_MichelGiesbrecht_03-2048x1367.jpg 2048w, https:\/\/campus.hesge.ch\/head-pool-photographie\/wp-content\/uploads\/2025\/01\/POOL-PHOTO_HEAD_MichelGiesbrecht_03-1200x801.jpg 1200w, https:\/\/campus.hesge.ch\/head-pool-photographie\/wp-content\/uploads\/2025\/01\/POOL-PHOTO_HEAD_MichelGiesbrecht_03-1860x1241.jpg 1860w\" sizes=\"auto, (max-width: 2560px) 100vw, 2560px\" \/><\/a><\/p>\n<p>&nbsp;<\/p>\n<div class=\"region region-content\">\n<div id=\"block-system-main\" class=\"block block-system\">\n<div class=\"content\">\n<div id=\"colL\">\n<div id=\"node-70\" class=\"node-search node node-page clearfix\">\n<div class=\"content\">\n<div class=\"field field-name-body field-type-text-with-summary field-label-hidden\">\n<div class=\"field-items\">\n<div class=\"field-item even\">\n<p><strong>Responsable<br \/>\n<\/strong>Aur\u00e9lie P\u00e9trel<\/p>\n<p><strong>Adjoint scientifique<br \/>\n<\/strong>Yvan Alvarez<\/p>\n<p><strong>Studio manager<br \/>\n<\/strong>Sara Brito de Faustino<\/p>\n<p><strong>Equipe enseignante\u00a0<\/strong><br \/>\nSt\u00e9phanie Gygax,<br \/>\nVirginie Otth,<br \/>\nAur\u00e9lie P\u00e9trel,<br \/>\nYvan Alvarez<\/p>\n<p>Et ponctuellement, L\u00e9onard Gr\u00e9maud, Philom\u00e8ne Lacroix et Neige Sanchez.<\/p>\n<p><strong>\u00c9tudiante-e-x-s moniteur-rice-x-s<\/strong><br \/>\nAlix Buhagar<br \/>\nLouisa Azzouz<\/p>\n<p>&nbsp;<\/p>\n<p>Le<strong> Pool Photographie<\/strong> occupe un r\u00f4le transversal, s\u2019inscrivant dans l\u2019utilisation de la photographie \u00e0 travers toutes les pratiques de l\u2019art et du design. Compos\u00e9 d\u2019une \u00e9quipe p\u00e9dagogique, il propose des enseignements techniques et conceptuels et accompagne les \u00e9tudiant\u00b7e\u00b7x\u00b7s tout au long de leur apprentissage.<\/p>\n<p>\u00c0 travers des rendez-vous individuels et diff\u00e9rents formats de cours le Pool assiste les \u00e9tudiant\u00b7e\u00b7x\u00b7s \u00e0 chaque \u00e9tape de leur processus photographique, depuis la prise de vue jusqu\u2019\u00e0 l\u2019accrochage. Au-del\u00e0 de son r\u00f4le p\u00e9dagogique et technique, le Pool Photographie se positionne \u00e9galement comme un espace de recherche et de r\u00e9flexion sur les pratiques contemporaines de l\u2019image, en dialogue avec des artistes, des photographes et d\u2019autres expert\u00b7e\u00b7x\u00b7s visuels, mais aussi avec d\u2019autres Pools comme le Pool \u00c9dition et Impression.<\/p>\n<p><span style=\"text-decoration: underline;\">Il a pour ro\u0302le de :<\/span><br \/>\n\u2013 transmettre les bases de compe\u0301tences (programme de cours tutoriels), \u2013 e\u0301tendre le champ des connaissances par une approche professionnelle, \u2013 suivre les projets impliquant l\u2019usage de la photographie,<br \/>\n\u2013 penser la documentation du travail,<br \/>\n\u2013 accompagner les candidat\u00b7e\u00b7x\u00b7s aux concours,<\/p>\n<p><span style=\"text-decoration: underline;\">L\u2019\u00e9quipe :<\/span><br \/>\n\u2013 re\u0301pond a\u0300 la demande des e\u0301tudiant\u00b7e\u00b7x\u00b7s qui souhaitent pratiquer la photographie, \u2013 offre un programme d\u2019enseignement notamment dans le domaine technique,<br \/>\n\u2013 accompagne les re\u0301flexions the\u0301oriques concernant la production d\u2019images.<\/p>\n<p>Infrastructure et mate\u0301riel<br \/>\n\u2013 2 studios de prise de vue entie\u0300rement e\u0301quipe\u0301s,<br \/>\n\u2013 1 laboratoire noir-blanc,<br \/>\n\u2013 1 salle de travail comprenant des e\u0301crans calibre\u0301s et ordinateurs en libre service.<\/p>\n<p>&nbsp;<\/p>\n<\/div>\n<\/div>\n<\/div>\n<\/div>\n<div class=\"footer_content\"><\/div>\n<\/div>\n<\/div>\n<\/div>\n<\/div>\n<\/div>\n<p><!--more--><\/p>\n<p><!--more--><\/p>\n<div id=\"colR\">\n<div class=\"region region-right\">\n<div id=\"block-block-39\" class=\"block block-block\">\n<div class=\"content\">\n<p>&nbsp;<\/p>\n<\/div>\n<\/div>\n<\/div>\n<\/div>\n<p style=\"font-weight: 400;\">\n","protected":false},"excerpt":{"rendered":"<p>&nbsp; Responsable Aur\u00e9lie P\u00e9trel Adjoint scientifique Yvan Alvarez Studio manager Sara Brito de Faustino Equipe enseignante\u00a0 St\u00e9phanie Gygax, Virginie Otth, Aur\u00e9lie P\u00e9trel, Yvan Alvarez Et ponctuellement, L\u00e9onard Gr\u00e9maud, Philom\u00e8ne Lacroix et Neige Sanchez. \u00c9tudiante-e-x-s moniteur-rice-x-s Alix Buhagar Louisa Azzouz &nbsp; Le Pool Photographie occupe un r\u00f4le transversal, s\u2019inscrivant dans l\u2019utilisation de la photographie \u00e0 travers [&hellip;]<\/p>\n","protected":false},"author":3,"featured_media":0,"parent":0,"menu_order":0,"comment_status":"closed","ping_status":"closed","template":"","meta":{"footnotes":""},"class_list":["post-1924","page","type-page","status-publish","hentry","missing-thumbnail"],"_links":{"self":[{"href":"https:\/\/campus.hesge.ch\/head-pool-photographie\/wp-json\/wp\/v2\/pages\/1924","targetHints":{"allow":["GET"]}}],"collection":[{"href":"https:\/\/campus.hesge.ch\/head-pool-photographie\/wp-json\/wp\/v2\/pages"}],"about":[{"href":"https:\/\/campus.hesge.ch\/head-pool-photographie\/wp-json\/wp\/v2\/types\/page"}],"author":[{"embeddable":true,"href":"https:\/\/campus.hesge.ch\/head-pool-photographie\/wp-json\/wp\/v2\/users\/3"}],"replies":[{"embeddable":true,"href":"https:\/\/campus.hesge.ch\/head-pool-photographie\/wp-json\/wp\/v2\/comments?post=1924"}],"version-history":[{"count":13,"href":"https:\/\/campus.hesge.ch\/head-pool-photographie\/wp-json\/wp\/v2\/pages\/1924\/revisions"}],"predecessor-version":[{"id":2173,"href":"https:\/\/campus.hesge.ch\/head-pool-photographie\/wp-json\/wp\/v2\/pages\/1924\/revisions\/2173"}],"wp:attachment":[{"href":"https:\/\/campus.hesge.ch\/head-pool-photographie\/wp-json\/wp\/v2\/media?parent=1924"}],"curies":[{"name":"wp","href":"https:\/\/api.w.org\/{rel}","templated":true}]}}