{"id":2179,"date":"2026-03-10T15:32:11","date_gmt":"2026-03-10T14:32:11","guid":{"rendered":"https:\/\/campus.hesge.ch\/head-pool-photographie\/?page_id=2179"},"modified":"2026-03-11T14:00:55","modified_gmt":"2026-03-11T13:00:55","slug":"permanence-et-presences","status":"publish","type":"page","link":"https:\/\/campus.hesge.ch\/head-pool-photographie\/permanence-et-presences\/","title":{"rendered":"Permanence et horaires"},"content":{"rendered":"<h2 data-section-id=\"190uxnx\" data-start=\"344\" data-end=\"357\">Permanences<\/h2>\n<p><span style=\"color: #ff0000;\"><strong>Les permanences n&rsquo;ont lieu que durant les semaines de cours.\u00a0<\/strong><\/span><\/p>\n<p data-start=\"359\" data-end=\"397\"><strong data-start=\"359\" data-end=\"397\">STUDIO MANAGER<br \/>\n<\/strong><a href=\"mailto:sara.de-brito-faustino@hesge.ch\">sara.de-brito-faustino@hesge.ch<\/a><strong data-start=\"359\" data-end=\"397\"><br \/>\n<\/strong><\/p>\n<p data-start=\"399\" data-end=\"437\"><span style=\"text-decoration: underline;\"><strong>Mercredi et vendredi<\/strong><\/span><br data-start=\"419\" data-end=\"422\" \/><span style=\"text-decoration: underline;\"><strong>10h00 \u2013 12h00<br \/>\n<\/strong><\/span><\/p>\n<hr \/>\n<p data-start=\"359\" data-end=\"397\"><strong data-start=\"359\" data-end=\"397\">\u00c9TUDIANT-E-X-S MONITEUR-RICE-X-S<br \/>\n<\/strong><a href=\"mailto:headpoolphoto@hesge.ch\">headpoolphoto@hesge.ch\u00a0<\/a><\/p>\n<p data-start=\"399\" data-end=\"437\"><span style=\"text-decoration: underline;\"><strong>Lundi, mercredi, jeudi<\/strong><\/span><br data-start=\"419\" data-end=\"422\" \/><span style=\"text-decoration: underline;\"><strong>17h30-20h00<\/strong><\/span><\/p>\n<hr data-start=\"557\" data-end=\"560\" \/>\n<h2 data-section-id=\"1fzx04n\" data-start=\"562\" data-end=\"595\">Horaires<\/h2>\n<p><em>(lors des semaines de cours)<\/em><\/p>\n<p><span style=\"font-size: 1.6em;\">Lundi<\/span><\/p>\n<p data-start=\"609\" data-end=\"659\">17h30 \u2013 20h00<\/p>\n<hr \/>\n<p data-start=\"609\" data-end=\"659\"><span style=\"font-size: 1.6em;\">Mardi<\/span><\/p>\n<p data-start=\"673\" data-end=\"704\">9h00-17h00<\/p>\n<hr \/>\n<p data-start=\"673\" data-end=\"704\"><span style=\"font-size: 1.6em;\">Mercredi<\/span><\/p>\n<p data-start=\"775\" data-end=\"825\">9h00-17h00<br \/>\n17h30-20h00<\/p>\n<hr \/>\n<p data-start=\"775\" data-end=\"825\"><span style=\"font-size: 1.6em;\">Jeudi<\/span><\/p>\n<p data-start=\"839\" data-end=\"889\">9h00-17h00<br \/>\n17h30-20h00<\/p>\n<hr \/>\n<p data-start=\"839\" data-end=\"889\"><span style=\"font-size: 1.6em;\">Vendredi<\/span><\/p>\n<p data-start=\"960\" data-end=\"991\">9h00-17h00<\/p>\n<hr \/>\n<p data-start=\"960\" data-end=\"991\"><span style=\"font-size: 1.6em;\">Samedi<\/span><\/p>\n<p data-start=\"1006\" data-end=\"1055\">9h00 \u2013 17h00<\/p>\n<hr data-start=\"1057\" data-end=\"1060\" \/>\n<h2 data-section-id=\"tnqsus\" data-start=\"1062\" data-end=\"1071\">Pr\u00e9sences de l&rsquo;\u00e9quipe<\/h2>\n<p data-start=\"1073\" data-end=\"1172\"><strong data-start=\"1073\" data-end=\"1091\">Aur\u00e9lie P\u00e9trel<\/strong><br data-start=\"1091\" data-end=\"1094\" \/><em>Responsable du Pool Photographie<\/em><br data-start=\"1126\" data-end=\"1129\" \/>Sur rendez-vous<br data-start=\"1144\" data-end=\"1147\" \/><a class=\"decorated-link cursor-pointer\" rel=\"noopener\" data-start=\"1147\" data-end=\"1170\">aurelie.petrel@hesge.ch<\/a><\/p>\n<p data-start=\"1174\" data-end=\"1311\"><strong data-start=\"1174\" data-end=\"1190\">Yvan Alvarez<\/strong><br data-start=\"1190\" data-end=\"1193\" \/><em>Adjoint scientifique<\/em><br data-start=\"1213\" data-end=\"1216\" \/>Pr\u00e9sence le mardi <em data-start=\"1234\" data-end=\"1264\">(lors des semaines de cours)<\/em><br data-start=\"1264\" data-end=\"1267\" \/>et sur rendez-vous<br data-start=\"1285\" data-end=\"1288\" \/><a class=\"decorated-link cursor-pointer\" rel=\"noopener\" data-start=\"1288\" data-end=\"1309\">yvan.alvarez@hesge.ch<\/a><\/p>\n<p data-start=\"1313\" data-end=\"1398\"><strong data-start=\"1313\" data-end=\"1339\">Sara Brito de Faustino<\/strong><br data-start=\"1339\" data-end=\"1342\" \/><em>Studio manager<\/em><br data-start=\"1356\" data-end=\"1359\" \/>Pr\u00e9sence du mardi au vendredi <em>(lors des semaines de cours)\u00a0<\/em><\/p>\n<p data-start=\"1400\" data-end=\"1500\"><strong data-start=\"1400\" data-end=\"1436\">\u00c9tudiant\u00b7e\u00b7x\u00b7s moniteur\u00b7rice\u00b7x\u00b7s<\/strong><br data-start=\"1436\" data-end=\"1439\" \/>Pr\u00e9sence le soir et le samedi pendant les semaines de cours<\/p>\n","protected":false},"excerpt":{"rendered":"<p>Permanences Les permanences n&rsquo;ont lieu que durant les semaines de cours.\u00a0 STUDIO MANAGER sara.de-brito-faustino@hesge.ch Mercredi et vendredi10h00 \u2013 12h00 \u00c9TUDIANT-E-X-S MONITEUR-RICE-X-S headpoolphoto@hesge.ch\u00a0 Lundi, mercredi, jeudi17h30-20h00 Horaires (lors des semaines de cours) Lundi 17h30 \u2013 20h00 Mardi 9h00-17h00 Mercredi 9h00-17h00 17h30-20h00 Jeudi 9h00-17h00 17h30-20h00 Vendredi 9h00-17h00 Samedi 9h00 \u2013 17h00 Pr\u00e9sences de l&rsquo;\u00e9quipe Aur\u00e9lie P\u00e9trelResponsable du [&hellip;]<\/p>\n","protected":false},"author":3,"featured_media":0,"parent":0,"menu_order":0,"comment_status":"closed","ping_status":"closed","template":"resume-page-template.php","meta":{"footnotes":""},"class_list":["post-2179","page","type-page","status-publish","hentry","missing-thumbnail"],"_links":{"self":[{"href":"https:\/\/campus.hesge.ch\/head-pool-photographie\/wp-json\/wp\/v2\/pages\/2179","targetHints":{"allow":["GET"]}}],"collection":[{"href":"https:\/\/campus.hesge.ch\/head-pool-photographie\/wp-json\/wp\/v2\/pages"}],"about":[{"href":"https:\/\/campus.hesge.ch\/head-pool-photographie\/wp-json\/wp\/v2\/types\/page"}],"author":[{"embeddable":true,"href":"https:\/\/campus.hesge.ch\/head-pool-photographie\/wp-json\/wp\/v2\/users\/3"}],"replies":[{"embeddable":true,"href":"https:\/\/campus.hesge.ch\/head-pool-photographie\/wp-json\/wp\/v2\/comments?post=2179"}],"version-history":[{"count":13,"href":"https:\/\/campus.hesge.ch\/head-pool-photographie\/wp-json\/wp\/v2\/pages\/2179\/revisions"}],"predecessor-version":[{"id":2196,"href":"https:\/\/campus.hesge.ch\/head-pool-photographie\/wp-json\/wp\/v2\/pages\/2179\/revisions\/2196"}],"wp:attachment":[{"href":"https:\/\/campus.hesge.ch\/head-pool-photographie\/wp-json\/wp\/v2\/media?parent=2179"}],"curies":[{"name":"wp","href":"https:\/\/api.w.org\/{rel}","templated":true}]}}