{"id":2741,"date":"2021-01-05T15:31:21","date_gmt":"2021-01-05T15:31:21","guid":{"rendered":"https:\/\/campus.hesge.ch\/headbiblio\/?page_id=2741"},"modified":"2025-04-24T13:35:56","modified_gmt":"2025-04-24T13:35:56","slug":"conditions-dutilisation-swisscovery","status":"publish","type":"page","link":"https:\/\/campus.hesge.ch\/headbiblio\/conditions-dutilisation-swisscovery\/","title":{"rendered":"Conditions d&rsquo;utilisation"},"content":{"rendered":"\n<p>L&rsquo;utilisation des services de la plateforme Swisscovery est soumise \u00e0 des r\u00e8gles g\u00e9n\u00e9rales concernant l&rsquo;inscription, le pr\u00eat et la gestion des retards. <\/p>\n\n\n\n<p>Les clientes et clients des biblioth\u00e8ques doivent poss\u00e9der un compte SWITCH edu-ID pour pouvoir s\u2019enregistrer sur SLSP.<br><a href=\"https:\/\/registration.slsp.ch\">S\u2019enregistrer avec un compte SWITCH edu-ID<\/a><\/p>\n\n\n\n<p>Vous avez le droit d&#8217;emprunter jusqu&rsquo;\u00e0 100 documents dans toutes les biblioth\u00e8ques du r\u00e9seau. Attention toutefois \u00e0 <strong>consulter vos mails<\/strong> pour \u00e9viter les <strong>frais de retard<\/strong> qui se montent \u00e0 5.- chf la premi\u00e8re et deuxi\u00e8me semaine, puis 10.- la troisi\u00e8me semaine. Ensuite votre compte est bloqu\u00e9. (voir les d\u00e9tails sur <a href=\"https:\/\/campus.hesge.ch\/headbiblio\/swisscovery-retards-et-amendes\/\" target=\"_blank\" rel=\"noreferrer noopener\">cette page<\/a>)<\/p>\n\n\n\n<p>Vous trouvez ci dessous la directive relative \u00e0 l&rsquo;utilisation des prestations propos\u00e9es par les Services d\u2019information et de documentation (SID) de la HES-SO Gen\u00e8ve. Elle pr\u00e9cise les droits et devoirs des usag\u00e8r-e-x-s en mati\u00e8re de consultation et d\u2019emprunt des ressources mises \u00e0 disposition en vigueur au 1er janvier 2023.<\/p>\n\n\n\n<p><a href=\"https:\/\/www.hesge.ch\/heds\/sites\/heds\/files\/inline-files\/20221115_directive_utilisationsid.pdf\">https:\/\/www.hesge.ch\/heds\/sites\/heds\/files\/inline-files\/20221115_directive_utilisationsid.pdf<\/a><\/p>\n\n\n\n<h2 class=\"wp-block-heading\">Conditions d&rsquo;utilisation des ressources \u00e9lectroniques<\/h2>\n\n\n\n<p>Les <a href=\"https:\/\/www.hes-so.ch\/recherche-innovation\/information-scientifique\/ressources-electroniques\" target=\"_blank\" rel=\"noreferrer noopener\">revues \u00e9lectroniques, livres et bases de donn\u00e9es<\/a> auxquels les biblioth\u00e8ques de la HES-SO sont abonn\u00e9es ont des conditions d&rsquo;utilisation d\u00e9finies dans des contrats de licence que la HES-SO signe avec chaque fournisseur\/\u00e9diteur. <strong>Il incombe \u00e0 chaque utilisateur de s&rsquo;assurer que son utilisation des ressources \u00e9lectroniques n&rsquo;enfreint pas le <a href=\"https:\/\/www.hes-so.ch\/recherche-innovation\/information-scientifique\/ressources-electroniques\/conditions-utilisation-ressources-electroniques#c51969\">droit d&rsquo;auteur<\/a> et les conditions sp\u00e9cifi\u00e9es dans ces <a href=\"https:\/\/www.hes-so.ch\/recherche-innovation\/information-scientifique\/ressources-electroniques\/conditions-utilisation-ressources-electroniques#c51957\">contrats de licence<\/a>.<\/strong><\/p>\n\n\n\n<p><a href=\"https:\/\/www.hes-so.ch\/recherche-innovation\/information-scientifique\/ressources-electroniques\/conditions-utilisation-ressources-electroniques\">Conditions d&rsquo;utilisation en fran\u00e7ais <\/a><\/p>\n\n\n\n<p><a href=\"https:\/\/www.hes-so.ch\/en\/la-hes-so\/bibliotheques\/online-resources\/conditions-use-electronic-resources\">Conditions of use in english<\/a><\/p>\n","protected":false},"excerpt":{"rendered":"<p>L&rsquo;utilisation des services de la plateforme Swisscovery est soumise \u00e0 des r\u00e8gles g\u00e9n\u00e9rales concernant l&rsquo;inscription, le pr\u00eat et la gestion des retards. Les clientes et clients des biblioth\u00e8ques doivent poss\u00e9der un compte SWITCH edu-ID pour pouvoir s\u2019enregistrer sur SLSP.S\u2019enregistrer avec un compte SWITCH edu-ID Vous avez le droit d&#8217;emprunter jusqu&rsquo;\u00e0 100 documents dans toutes les&hellip;&nbsp;<a href=\"https:\/\/campus.hesge.ch\/headbiblio\/conditions-dutilisation-swisscovery\/\" rel=\"bookmark\">Lire la suite &raquo;<span class=\"screen-reader-text\">Conditions d&rsquo;utilisation<\/span><\/a><\/p>\n","protected":false},"author":1,"featured_media":0,"parent":0,"menu_order":2,"comment_status":"closed","ping_status":"closed","template":"","meta":{"neve_meta_sidebar":"full-width","neve_meta_container":"","neve_meta_enable_content_width":"on","neve_meta_content_width":100,"neve_meta_title_alignment":"","neve_meta_author_avatar":"","neve_post_elements_order":"","neve_meta_disable_header":"","neve_meta_disable_footer":"","neve_meta_disable_title":"","footnotes":""},"class_list":["post-2741","page","type-page","status-publish","hentry"],"jetpack_sharing_enabled":true,"_links":{"self":[{"href":"https:\/\/campus.hesge.ch\/headbiblio\/wp-json\/wp\/v2\/pages\/2741","targetHints":{"allow":["GET"]}}],"collection":[{"href":"https:\/\/campus.hesge.ch\/headbiblio\/wp-json\/wp\/v2\/pages"}],"about":[{"href":"https:\/\/campus.hesge.ch\/headbiblio\/wp-json\/wp\/v2\/types\/page"}],"author":[{"embeddable":true,"href":"https:\/\/campus.hesge.ch\/headbiblio\/wp-json\/wp\/v2\/users\/1"}],"replies":[{"embeddable":true,"href":"https:\/\/campus.hesge.ch\/headbiblio\/wp-json\/wp\/v2\/comments?post=2741"}],"version-history":[{"count":10,"href":"https:\/\/campus.hesge.ch\/headbiblio\/wp-json\/wp\/v2\/pages\/2741\/revisions"}],"predecessor-version":[{"id":3749,"href":"https:\/\/campus.hesge.ch\/headbiblio\/wp-json\/wp\/v2\/pages\/2741\/revisions\/3749"}],"wp:attachment":[{"href":"https:\/\/campus.hesge.ch\/headbiblio\/wp-json\/wp\/v2\/media?parent=2741"}],"curies":[{"name":"wp","href":"https:\/\/api.w.org\/{rel}","templated":true}]}}