{"id":2769,"date":"2021-02-25T11:13:36","date_gmt":"2021-02-25T11:13:36","guid":{"rendered":"https:\/\/campus.hesge.ch\/headbiblio\/?page_id=2769"},"modified":"2025-04-24T13:36:27","modified_gmt":"2025-04-24T13:36:27","slug":"swisscovery-retards-et-amendes","status":"publish","type":"page","link":"https:\/\/campus.hesge.ch\/headbiblio\/swisscovery-retards-et-amendes\/","title":{"rendered":"Retards et amendes"},"content":{"rendered":"\n<p><strong>INFORMATIONS CONCERNANT LA FACTURATION DES SERVICES PAYANTS SUR SWISSCOVERY<\/strong><\/p>\n\n\n\n<p>Les frais d&rsquo;envois et les amendes ne sont plus encaiss\u00e9s par les biblioth\u00e8ques mais sont g\u00e9r\u00e9es par SLSP, l\u2019exploitant de Swisscovery.<br>Vous recevez tout <strong>par e-mail<\/strong> sous forme de <strong>facture avec QR code<\/strong>. Les factures sont g\u00e9n\u00e9r\u00e9es mensuellement.<\/p>\n\n\n\n<p>Dans <strong><a href=\"https:\/\/hesso.swisscovery.slsp.ch\/\">swisscovery<\/a><\/strong>, vous pouvez visualiser directement les amendes et frais associ\u00e9s \u00e0 votre compte sous : <strong>Mon compte &gt; Amende + Frais<\/strong><\/p>\n\n\n\n<p><strong>Attention \u00e0 vos e-mails<\/strong>, car les retards sont factur\u00e9s 5.- par document la premi\u00e8re et deuxi\u00e8me semaine, puis 10.- la deuxi\u00e8me et troisi\u00e8me semaine. Apr\u00e8s cela le compte est bloqu\u00e9. En cas d&#8217;emp\u00eachement <strong><a href=\"mailto:biblio.head@hesge.ch\" data-type=\"mailto\" data-id=\"mailto:biblio.head@hesge.ch\">contactez nous<\/a> avant la derni\u00e8re \u00e9ch\u00e9ance<\/strong> afin d&rsquo;\u00e9viter des frais excessifs. <\/p>\n\n\n\n<p><strong>CONDITIONS DE PR\u00caT<\/strong><\/p>\n\n\n\n<p>100 documents sur tout le r\u00e9seau dont maximum 5 DVD \u00e0 la biblioth\u00e8que de la HEAD.<\/p>\n\n\n\n<p>&#8211;&nbsp;&nbsp;&nbsp;&nbsp;&nbsp;&nbsp;&nbsp;&nbsp;&nbsp;&nbsp; Livre, 28 jours, prolong\u00e9 automatiquement 5 fois (env. 6 mois)<\/p>\n\n\n\n<p>&#8211;&nbsp;&nbsp;&nbsp;&nbsp;&nbsp;&nbsp;&nbsp;&nbsp;&nbsp;&nbsp; Revue, 15 jours, prolong\u00e9 automatiquement 5 fois (env. 3 mois)<\/p>\n\n\n\n<p>&#8211;&nbsp;&nbsp;&nbsp;&nbsp;&nbsp;&nbsp;&nbsp;&nbsp;&nbsp;&nbsp; DVD, 7 jours, prolong\u00e9 automatiquement 5 fois (env. 6 semaines)<\/p>\n\n\n\n<p><strong>AMENDES<\/strong><\/p>\n\n\n\n<p>&#8211;&nbsp;&nbsp;&nbsp;&nbsp;&nbsp;&nbsp;&nbsp;&nbsp;&nbsp;&nbsp; 1er e-mail de rappel, gratuit, 1 semaine de d\u00e9lais<\/p>\n\n\n\n<p>&#8211;\u00a0\u00a0\u00a0\u00a0\u00a0\u00a0\u00a0\u00a0\u00a0\u00a0 2e e-mail de rappel,<strong> 5.- par ouvrage<\/strong>, 1 semaine de d\u00e9lai<\/p>\n\n\n\n<p>&#8211;\u00a0\u00a0\u00a0\u00a0\u00a0\u00a0\u00a0\u00a0\u00a0\u00a0 3e e-mail de rappel,<strong> 5.- par ouvrage<\/strong>, 1 semaine de d\u00e9lai<\/p>\n\n\n\n<p>&#8211;\u00a0\u00a0\u00a0\u00a0\u00a0\u00a0\u00a0\u00a0\u00a0\u00a0 4e e-mail de rappel, <strong>10.-<\/strong> <strong>par ouvrage<\/strong>, compte <strong>bloqu\u00e9<\/strong><\/p>\n\n\n\n<p class=\"has-nv-c-2-color has-text-color\"><strong>Attention : Les frais sont cumulatifs !!!!<\/strong><\/p>\n\n\n\n<p>En cas de perte ou de d\u00e9t\u00e9rioration d&rsquo;ouvrage, il vous sera demand\u00e9 de racheter un exemplaire \u00e9quivalent \u00e0 l&rsquo;\u00e9dition perdue. <br>Des frais suppl\u00e9mentaires peuvent \u00eatre r\u00e9clam\u00e9s si la biblioth\u00e8que doit se charger du rachat. <\/p>\n\n\n\n<p><strong>SERVICES PAYANTS<\/strong><\/p>\n\n\n\n<p>Nous vous rappelons que les nouveaux <a href=\"https:\/\/campus.hesge.ch\/headbiblio\/?page_id=2656\" data-type=\"page\" data-id=\"2656\">services de navette \u00ab courier \u00bb et de pr\u00eat-inter biblioth\u00e8que \u00ab PEB \u00bb<\/a> sont offerts aux \u00e9tudiants et enseignants de la HEAD uniquement lorsque la biblioth\u00e8que de retrait est <strong>HEAD (Gen\u00e8ve)<\/strong>, dans le cas contraire ainsi que pour les livraisons \u00e0 domicile, les frais de 8.- de la navette courrier ou 12.- du PEB sont appliqu\u00e9s.<\/p>\n","protected":false},"excerpt":{"rendered":"<p>INFORMATIONS CONCERNANT LA FACTURATION DES SERVICES PAYANTS SUR SWISSCOVERY Les frais d&rsquo;envois et les amendes ne sont plus encaiss\u00e9s par les biblioth\u00e8ques mais sont g\u00e9r\u00e9es par SLSP, l\u2019exploitant de Swisscovery.Vous recevez tout par e-mail sous forme de facture avec QR code. Les factures sont g\u00e9n\u00e9r\u00e9es mensuellement. Dans swisscovery, vous pouvez visualiser directement les amendes et&hellip;&nbsp;<a href=\"https:\/\/campus.hesge.ch\/headbiblio\/swisscovery-retards-et-amendes\/\" rel=\"bookmark\">Lire la suite &raquo;<span class=\"screen-reader-text\">Retards et amendes<\/span><\/a><\/p>\n","protected":false},"author":1,"featured_media":0,"parent":0,"menu_order":8,"comment_status":"closed","ping_status":"closed","template":"","meta":{"neve_meta_sidebar":"full-width","neve_meta_container":"","neve_meta_enable_content_width":"on","neve_meta_content_width":100,"neve_meta_title_alignment":"","neve_meta_author_avatar":"","neve_post_elements_order":"","neve_meta_disable_header":"","neve_meta_disable_footer":"","neve_meta_disable_title":"","footnotes":""},"class_list":["post-2769","page","type-page","status-publish","hentry"],"jetpack_sharing_enabled":true,"_links":{"self":[{"href":"https:\/\/campus.hesge.ch\/headbiblio\/wp-json\/wp\/v2\/pages\/2769","targetHints":{"allow":["GET"]}}],"collection":[{"href":"https:\/\/campus.hesge.ch\/headbiblio\/wp-json\/wp\/v2\/pages"}],"about":[{"href":"https:\/\/campus.hesge.ch\/headbiblio\/wp-json\/wp\/v2\/types\/page"}],"author":[{"embeddable":true,"href":"https:\/\/campus.hesge.ch\/headbiblio\/wp-json\/wp\/v2\/users\/1"}],"replies":[{"embeddable":true,"href":"https:\/\/campus.hesge.ch\/headbiblio\/wp-json\/wp\/v2\/comments?post=2769"}],"version-history":[{"count":9,"href":"https:\/\/campus.hesge.ch\/headbiblio\/wp-json\/wp\/v2\/pages\/2769\/revisions"}],"predecessor-version":[{"id":3754,"href":"https:\/\/campus.hesge.ch\/headbiblio\/wp-json\/wp\/v2\/pages\/2769\/revisions\/3754"}],"wp:attachment":[{"href":"https:\/\/campus.hesge.ch\/headbiblio\/wp-json\/wp\/v2\/media?parent=2769"}],"curies":[{"name":"wp","href":"https:\/\/api.w.org\/{rel}","templated":true}]}}